89.161.206.59 - - [07/Feb/2025:13:03:25 +0100] "GET /Jurek/pagmil/feeds/pagmil_skroutz.xml HTTP/1.0" 200 1705652 "-" "-"
89.161.206.59 - - [07/Feb/2025:13:03:28 +0100] "GET /Jurek/kambukka/feeds/kambukka_skroutz.xml HTTP/1.0" 200 973336 "-" "-"
89.161.206.59 - - [07/Feb/2025:13:03:29 +0100] "GET /Jurek/benetech/feeds/benetech_skroutz.xml HTTP/1.0" 200 4451834 "-" "-"
89.136.90.93 - - [07/Feb/2025:13:03:34 +0100] "GET /Jurek/eurofirany/images/339339/2.jpg HTTP/2.0" 200 29480 "https://www.emag.ro/perdea-ready-perla-140x250-cm-alba-eurofirany-339339/pd/D1N68LMBM/" "Mozilla/5.0 (Windows NT 10.0; Win64; x64) AppleWebKit/537.36 (KHTML, like Gecko) Chrome/132.0.0.0 Safari/537.36"
89.136.90.93 - - [07/Feb/2025:13:03:34 +0100] "GET /Jurek/eurofirany/images/339339/1.jpg HTTP/2.0" 200 66952 "https://www.emag.ro/perdea-ready-perla-140x250-cm-alba-eurofirany-339339/pd/D1N68LMBM/" "Mozilla/5.0 (Windows NT 10.0; Win64; x64) AppleWebKit/537.36 (KHTML, like Gecko) Chrome/132.0.0.0 Safari/537.36"
89.136.90.93 - - [07/Feb/2025:13:03:34 +0100] "GET /Jurek/eurofirany/images/339339/5.jpg HTTP/2.0" 200 107317 "https://www.emag.ro/perdea-ready-perla-140x250-cm-alba-eurofirany-339339/pd/D1N68LMBM/" "Mozilla/5.0 (Windows NT 10.0; Win64; x64) AppleWebKit/537.36 (KHTML, like Gecko) Chrome/132.0.0.0 Safari/537.36"
89.136.90.93 - - [07/Feb/2025:13:03:34 +0100] "GET /Jurek/eurofirany/images/339339/3.jpg HTTP/2.0" 200 91288 "https://www.emag.ro/perdea-ready-perla-140x250-cm-alba-eurofirany-339339/pd/D1N68LMBM/" "Mozilla/5.0 (Windows NT 10.0; Win64; x64) AppleWebKit/537.36 (KHTML, like Gecko) Chrome/132.0.0.0 Safari/537.36"
89.136.90.93 - - [07/Feb/2025:13:03:34 +0100] "GET /Jurek/eurofirany/images/339339/6.jpg HTTP/2.0" 200 92801 "https://www.emag.ro/perdea-ready-perla-140x250-cm-alba-eurofirany-339339/pd/D1N68LMBM/" "Mozilla/5.0 (Windows NT 10.0; Win64; x64) AppleWebKit/537.36 (KHTML, like Gecko) Chrome/132.0.0.0 Safari/537.36"
89.136.90.93 - - [07/Feb/2025:13:03:35 +0100] "GET /Jurek/eurofirany/images/339339/4.jpg HTTP/2.0" 200 148131 "https://www.emag.ro/perdea-ready-perla-140x250-cm-alba-eurofirany-339339/pd/D1N68LMBM/" "Mozilla/5.0 (Windows NT 10.0; Win64; x64) AppleWebKit/537.36 (KHTML, like Gecko) Chrome/132.0.0.0 Safari/537.36"
89.161.206.59 - - [07/Feb/2025:13:03:38 +0100] "GET /Jurek/sempler/feeds/sempler_skroutz.xml HTTP/1.0" 200 6553237 "-" "-"
89.161.206.59 - - [07/Feb/2025:13:03:39 +0100] "GET /Jurek/eroplace/feeds/eroplace_skroutz.xml HTTP/1.0" 200 30849434 "-" "-"
89.161.206.59 - - [07/Feb/2025:13:03:41 +0100] "GET /Jurek/targethome/feeds/targethome_skroutz.xml HTTP/1.0" 200 683587 "-" "-"
85.14.86.141 - - [07/Feb/2025:13:05:28 +0100] "GET /Jurek/eurofirany/feeds/eurofirany_morele.xml HTTP/2.0" 200 18979081 "-" "MarketplaceAPI curl/7.64.0 PHP/8"
77.79.248.229 - - [07/Feb/2025:13:05:32 +0100] "GET /Jurek/madrex/feeds/madrex_cdon_dk.xml HTTP/1.1" 200 466736 "-" "Python-urllib/3.11"
85.14.86.141 - - [07/Feb/2025:13:05:43 +0100] "GET /Jurek/vivaldi/feeds/vivaldi_Morele-PL.xml HTTP/2.0" 200 344674 "-" "MarketplaceAPI curl/7.64.0 PHP/8"
89.161.206.59 - - [07/Feb/2025:13:06:19 +0100] "GET /Jurek/pawonik/feeds/pawonik_skroutz.xml HTTP/1.0" 200 2534494 "-" "-"
89.161.206.59 - - [07/Feb/2025:13:06:20 +0100] "GET /Jurek/mosti/feeds/mosti_skroutz.xml HTTP/1.0" 200 9255560 "-" "-"
89.161.206.59 - - [07/Feb/2025:13:06:25 +0100] "GET /Jurek/swiatecznygoliat/feeds/swiatecznygoliat_skroutz.xml HTTP/1.0" 200 7195869 "-" "-"
89.161.206.59 - - [07/Feb/2025:13:06:26 +0100] "GET /Jurek/artdog/feeds/artdog_skroutz.xml HTTP/1.0" 200 15930033 "-" "-"
77.79.248.229 - - [07/Feb/2025:13:06:37 +0100] "GET /Jurek/madrex/feeds/madrex_cdon_fi.xml HTTP/1.1" 200 466723 "-" "Python-urllib/3.11"
85.14.86.141 - - [07/Feb/2025:13:07:02 +0100] "GET /Jurek/aw/feeds/awnarzedzia_morele.xml HTTP/2.0" 200 90601700 "-" "MarketplaceAPI curl/7.64.0 PHP/8"
85.14.86.141 - - [07/Feb/2025:13:07:14 +0100] "GET /Jurek/vida_morele/feeds/VidaPL_morele.xml HTTP/2.0" 200 694235482 "-" "MarketplaceAPI curl/7.64.0 PHP/8"
85.14.86.141 - - [07/Feb/2025:13:07:34 +0100] "GET /Jurek/miloohome/feeds/miloohome_morele.xml HTTP/2.0" 200 1421250 "-" "MarketplaceAPI curl/7.64.0 PHP/8"
85.14.86.141 - - [07/Feb/2025:13:07:50 +0100] "GET /Jurek/beliani/feeds/beliani_morele.xml HTTP/2.0" 200 31863900 "-" "MarketplaceAPI curl/7.64.0 PHP/8"
89.161.206.59 - - [07/Feb/2025:13:09:15 +0100] "GET /Jurek/galopi/feeds/galopi_skroutz.xml HTTP/1.0" 200 1884714 "-" "-"
89.161.206.59 - - [07/Feb/2025:13:09:20 +0100] "GET /Jurek/velinda/feeds/velinda_skroutz.xml HTTP/1.0" 200 4295427 "-" "-"
193.33.8.61 - - [07/Feb/2025:13:09:27 +0100] "GET /Jurek/domzapachy/feeds/domzapachy_cdon_se.xml HTTP/2.0" 200 179698 "https://konsola.dkkapusta1997.usermd.net/" "Mozilla/5.0 (Windows NT 10.0; Win64; x64) AppleWebKit/537.36 (KHTML, like Gecko) Chrome/132.0.0.0 Safari/537.36"
193.33.8.61 - - [07/Feb/2025:13:09:29 +0100] "GET /Jurek/domzapachy/feeds/domzapachy_cdon_dk.xml HTTP/2.0" 200 179698 "https://konsola.dkkapusta1997.usermd.net/" "Mozilla/5.0 (Windows NT 10.0; Win64; x64) AppleWebKit/537.36 (KHTML, like Gecko) Chrome/132.0.0.0 Safari/537.36"
193.33.8.61 - - [07/Feb/2025:13:09:30 +0100] "GET /Jurek/domzapachy/feeds/domzapachy_cdon_fi.xml HTTP/2.0" 200 179608 "https://konsola.dkkapusta1997.usermd.net/" "Mozilla/5.0 (Windows NT 10.0; Win64; x64) AppleWebKit/537.36 (KHTML, like Gecko) Chrome/132.0.0.0 Safari/537.36"
77.79.248.229 - - [07/Feb/2025:13:10:51 +0100] "GET /Jurek/domzapachy/feeds/domzapachy_cdon_se.xml HTTP/1.1" 200 179698 "-" "Python-urllib/3.11"
46.101.116.244 - - [07/Feb/2025:13:10:57 +0100] "GET /Jurek/kinghoff/feeds/kinghoff_allegro.xml HTTP/1.0" 200 14283425 "-" "-"
193.33.8.61 - - [07/Feb/2025:13:11:05 +0100] "GET /Jurek/drewdon/feeds/drewdon_pigu.xml HTTP/2.0" 200 504471 "https://konsola.dkkapusta1997.usermd.net/" "Mozilla/5.0 (Windows NT 10.0; Win64; x64) AppleWebKit/537.36 (KHTML, like Gecko) Chrome/132.0.0.0 Safari/537.36"
77.79.248.229 - - [07/Feb/2025:13:11:11 +0100] "GET /Jurek/drewdon/feeds/drewdon_pigu.xml HTTP/1.1" 200 504471 "-" "Python-urllib/3.11"
89.161.206.59 - - [07/Feb/2025:13:11:45 +0100] "GET /Jurek/ekuchcikowo/feeds/ekuchcikowo_skroutz.xml HTTP/1.0" 200 12888127 "-" "-"
185.6.76.18 - - [07/Feb/2025:13:12:17 +0100] "GET /marketplaces/skroutz/feeds/shumee.xml HTTP/1.1" 200 349764495 "-" "SkroutzBot v1.0"
193.33.8.61 - - [07/Feb/2025:13:14:15 +0100] "GET /Jurek/zepnij/feeds/zepnij_zero.xml HTTP/2.0" 200 19522244 "https://konsola.dkkapusta1997.usermd.net/" "Mozilla/5.0 (Windows NT 10.0; Win64; x64) AppleWebKit/537.36 (KHTML, like Gecko) Chrome/132.0.0.0 Safari/537.36"
77.79.248.229 - - [07/Feb/2025:13:14:17 +0100] "GET /Jurek/zepnij/feeds/zepnij_zero.xml HTTP/1.1" 200 19522244 "-" "Python-urllib/3.11"
89.161.206.59 - - [07/Feb/2025:13:14:24 +0100] "GET /Jurek/fertone/feeds/fertone_skroutz.xml HTTP/1.0" 200 626240 "-" "-"
89.161.206.59 - - [07/Feb/2025:13:16:07 +0100] "GET /Jurek/bass/feeds/bass_amazonfr.xml HTTP/1.0" 200 3983991 "-" "-"
89.161.206.59 - - [07/Feb/2025:13:16:22 +0100] "GET /Jurek/kambukka/feeds/kambukka_amazonfr.xml HTTP/1.0" 200 973331 "-" "-"
89.161.206.59 - - [07/Feb/2025:13:16:23 +0100] "GET /Jurek/kambukka/feeds/kambukka_amazonit.xml HTTP/1.0" 200 973315 "-" "-"
89.161.206.59 - - [07/Feb/2025:13:16:23 +0100] "GET /Jurek/kambukka/feeds/kambukka_amazonnl.xml HTTP/1.0" 200 973320 "-" "-"
89.161.206.59 - - [07/Feb/2025:13:16:23 +0100] "GET /Jurek/kambukka/feeds/kambukka_amazonse.xml HTTP/1.0" 200 973585 "-" "-"
89.161.206.59 - - [07/Feb/2025:13:16:24 +0100] "GET /Jurek/waks/feeds/waks_amazonit.xml HTTP/1.0" 200 6333022 "-" "-"
89.161.206.59 - - [07/Feb/2025:13:16:24 +0100] "GET /Jurek/waks/feeds/waks_amazones.xml HTTP/1.0" 200 6333063 "-" "-"
89.161.206.59 - - [07/Feb/2025:13:16:25 +0100] "GET /Jurek/hdwr/feeds/hdwr_amazonse.xml HTTP/1.0" 200 778084 "-" "-"
89.161.206.59 - - [07/Feb/2025:13:16:25 +0100] "GET /Jurek/targethome/feeds/targethome_amazonde.xml HTTP/1.0" 200 683573 "-" "-"
89.161.206.59 - - [07/Feb/2025:13:16:26 +0100] "GET /Jurek/sempler/feeds/sempler_amazonde.xml HTTP/1.0" 200 6553280 "-" "-"
89.161.206.59 - - [07/Feb/2025:13:16:27 +0100] "GET /Jurek/b3/feeds/b3_amazonde.xml HTTP/1.0" 200 7199571 "-" "-"
89.161.206.59 - - [07/Feb/2025:13:16:29 +0100] "GET /Jurek/sempler/feeds/sempler_amazonfr.xml HTTP/1.0" 200 6553301 "-" "-"
89.161.206.59 - - [07/Feb/2025:13:16:29 +0100] "GET /Jurek/sempler/feeds/sempler_amazonit.xml HTTP/1.0" 200 6553318 "-" "-"
89.161.206.59 - - [07/Feb/2025:13:16:30 +0100] "GET /Jurek/sempler/feeds/sempler_amazonnl.xml HTTP/1.0" 200 6553284 "-" "-"
89.161.206.59 - - [07/Feb/2025:13:16:31 +0100] "GET /Jurek/eroplace/feeds/eroplace_amazonfr.xml HTTP/1.0" 200 30849527 "-" "-"
89.161.206.59 - - [07/Feb/2025:13:16:34 +0100] "GET /Jurek/eroplace/feeds/eroplace_amazones.xml HTTP/1.0" 200 30850025 "-" "-"
89.161.206.59 - - [07/Feb/2025:13:16:37 +0100] "GET /Jurek/b3/feeds/b3_amazonnl.xml HTTP/1.0" 200 7199523 "-" "-"
89.161.206.59 - - [07/Feb/2025:13:16:38 +0100] "GET /Jurek/ralmetal/feeds/ralmetal_amazonde.xml HTTP/1.0" 200 1786754 "-" "-"
89.161.206.59 - - [07/Feb/2025:13:16:38 +0100] "GET /Jurek/oromed/feeds/oromed_amazonde.xml HTTP/1.0" 200 975751 "-" "-"
89.161.206.59 - - [07/Feb/2025:13:16:39 +0100] "GET /Jurek/ralmetal/feeds/ralmetal_amazonfr.xml HTTP/1.0" 200 1786810 "-" "-"
46.101.116.244 - - [07/Feb/2025:13:17:04 +0100] "GET /Jurek/intsell/feeds/intsell_amazonde.xml HTTP/1.0" 200 338789263 "-" "-"
89.161.206.59 - - [07/Feb/2025:13:17:04 +0100] "GET /Jurek/unimet/feeds/unimet_cdisFI.xml HTTP/1.0" 200 61057741 "-" "-"
89.161.206.59 - - [07/Feb/2025:13:17:06 +0100] "GET /Jurek/ralmetal/feeds/ralmetal_amazonit.xml HTTP/1.0" 200 1786776 "-" "-"
89.161.206.59 - - [07/Feb/2025:13:17:06 +0100] "GET /Jurek/ralmetal/feeds/ralmetal_amazonnl.xml HTTP/1.0" 200 1786774 "-" "-"
89.161.206.59 - - [07/Feb/2025:13:17:06 +0100] "GET /Jurek/ralmetal/feeds/ralmetal_amazones.xml HTTP/1.0" 200 1786864 "-" "-"
193.33.8.61 - - [07/Feb/2025:13:17:31 +0100] "GET /Jurek/primohurt/feeds/primohurt_zero.xml HTTP/2.0" 200 17187337 "https://konsola.dkkapusta1997.usermd.net/" "Mozilla/5.0 (Windows NT 10.0; Win64; x64) AppleWebKit/537.36 (KHTML, like Gecko) Chrome/132.0.0.0 Safari/537.36"
77.79.248.229 - - [07/Feb/2025:13:17:48 +0100] "GET /Jurek/primohurt/feeds/primohurt_zero.xml HTTP/1.1" 200 17187337 "-" "Python-urllib/3.11"
66.249.69.70 - - [07/Feb/2025:13:20:46 +0100] "GET /subskrypcje/ HTTP/1.1" 200 936 "-" "Mozilla/5.0 (Linux; Android 6.0.1; Nexus 5X Build/MMB29P) AppleWebKit/537.36 (KHTML, like Gecko) Chrome/132.0.6834.159 Mobile Safari/537.36 (compatible; GoogleOther)"
89.161.206.59 - - [07/Feb/2025:13:21:01 +0100] "GET /Jurek/artdog/feeds/artdog_allegro.xml HTTP/1.0" 200 15933267 "-" "-"
89.161.206.59 - - [07/Feb/2025:13:21:02 +0100] "GET /Jurek/drops/feeds/dropsofficecolection_allegro.xml HTTP/1.0" 200 788191 "-" "-"
193.33.8.61 - - [07/Feb/2025:13:21:31 +0100] "GET /Jurek/dekoele/feeds/dekoele_zero.xml HTTP/2.0" 200 733937 "https://konsola.dkkapusta1997.usermd.net/" "Mozilla/5.0 (Windows NT 10.0; Win64; x64) AppleWebKit/537.36 (KHTML, like Gecko) Chrome/132.0.0.0 Safari/537.36"
77.79.248.229 - - [07/Feb/2025:13:21:41 +0100] "GET /Jurek/dekoele/feeds/dekoele_zero.xml HTTP/1.1" 200 733937 "-" "Python-urllib/3.11"
85.232.241.194 - - [07/Feb/2025:13:22:03 +0100] "GET /Jurek/aw/feeds/aw_rue.xml HTTP/1.1" 200 90594436 "-" "Python-urllib/3.11"
85.232.241.194 - - [07/Feb/2025:13:22:04 +0100] "GET /Jurek/hurtownia_przemyslowa/feeds/hp_rue.xml HTTP/1.1" 200 49871316 "-" "Python-urllib/3.11"
85.232.241.194 - - [07/Feb/2025:13:22:05 +0100] "GET /Jurek/action/feeds/action_rue.xml HTTP/1.1" 200 55046422 "-" "Python-urllib/3.11"
85.232.241.194 - - [07/Feb/2025:13:22:23 +0100] "GET /Jurek/unimet/feeds/unimet_rue.xml HTTP/1.1" 200 61055548 "-" "Python-urllib/3.11"
85.232.241.194 - - [07/Feb/2025:13:22:24 +0100] "GET /Jurek/ikonka/feeds/ikonka_rue.xml HTTP/1.1" 200 22190659 "-" "Python-urllib/3.11"
85.232.241.194 - - [07/Feb/2025:13:22:24 +0100] "GET /Jurek/kinghome/feeds/kinghome_rue.xml HTTP/1.1" 200 5734774 "-" "Python-urllib/3.11"
85.232.241.194 - - [07/Feb/2025:13:22:25 +0100] "GET /Jurek/fernity/feeds/fernity_rue.xml HTTP/1.1" 200 5125324 "-" "Python-urllib/3.11"
85.232.241.194 - - [07/Feb/2025:13:22:25 +0100] "GET /Jurek/topeshop/feeds/topeshop_rue.xml HTTP/1.1" 200 2403317 "-" "Python-urllib/3.11"
85.232.241.194 - - [07/Feb/2025:13:22:28 +0100] "GET /Jurek/kinghoff/feeds/kinghoff_rue.xml HTTP/1.1" 200 14281840 "-" "Python-urllib/3.11"
85.232.241.194 - - [07/Feb/2025:13:22:28 +0100] "GET /Jurek/emibig/feeds/emibig_rue.xml HTTP/1.1" 200 2522484 "-" "Python-urllib/3.11"
85.232.241.194 - - [07/Feb/2025:13:22:28 +0100] "GET /Jurek/eurofirany/feeds/eurofirany_rue.xml HTTP/1.1" 200 18977558 "-" "Python-urllib/3.11"
85.232.241.194 - - [07/Feb/2025:13:22:29 +0100] "GET /Jurek/amzteam/feeds/amzteam_rue.xml HTTP/1.1" 200 97880 "-" "Python-urllib/3.11"
85.232.241.194 - - [07/Feb/2025:13:22:29 +0100] "GET /Jurek/kambukka/feeds/kambukka_rue.xml HTTP/1.1" 200 973339 "-" "Python-urllib/3.11"
85.232.241.194 - - [07/Feb/2025:13:22:30 +0100] "GET /Jurek/benetech/feeds/benetech_RUE.xml HTTP/1.1" 200 4451825 "-" "Python-urllib/3.11"
85.232.241.194 - - [07/Feb/2025:13:22:30 +0100] "GET /Jurek/swiatecznygoliat/feeds/swiatecznygoliat_RUE.xml HTTP/1.1" 200 7195830 "-" "Python-urllib/3.11"
85.232.241.194 - - [07/Feb/2025:13:22:30 +0100] "GET /Jurek/artdog/feeds/artdog_RUE.xml HTTP/1.1" 200 15929697 "-" "Python-urllib/3.11"
85.232.241.194 - - [07/Feb/2025:13:22:30 +0100] "GET /Jurek/hdwr/feeds/hdwr_RUE.xml HTTP/1.1" 200 777800 "-" "Python-urllib/3.11"
85.232.241.194 - - [07/Feb/2025:13:22:30 +0100] "GET /Jurek/sempler/feeds/sempler_rue.xml HTTP/1.1" 200 6553266 "-" "Python-urllib/3.11"
85.232.241.194 - - [07/Feb/2025:13:22:31 +0100] "GET /Jurek/waks/feeds/waks_RUE.xml HTTP/1.1" 200 6332889 "-" "Python-urllib/3.11"
85.232.241.194 - - [07/Feb/2025:13:22:31 +0100] "GET /Jurek/oromed/feeds/oromed_rue.xml HTTP/1.1" 200 975761 "-" "Python-urllib/3.11"
85.232.241.194 - - [07/Feb/2025:13:22:31 +0100] "GET /Jurek/ekuchcikowo/feeds/ekuchcikowo_rue.xml HTTP/1.1" 200 12888025 "-" "Python-urllib/3.11"
85.232.241.194 - - [07/Feb/2025:13:22:31 +0100] "GET /Jurek/ekolight/feeds/ekolight_rue.xml HTTP/1.1" 200 9051694 "-" "Python-urllib/3.11"
85.232.241.194 - - [07/Feb/2025:13:22:32 +0100] "GET /Jurek/eroplace/feeds/eroplace_RUE.xml HTTP/1.1" 200 30849422 "-" "Python-urllib/3.11"
85.232.241.194 - - [07/Feb/2025:13:22:32 +0100] "GET /Jurek/coppotech/feeds/coppotech_rue.xml HTTP/1.1" 200 38986183 "-" "Python-urllib/3.11"
85.232.241.194 - - [07/Feb/2025:13:22:33 +0100] "GET /Jurek/euroshop/feeds/euroshop_rue.xml HTTP/1.1" 200 17927547 "-" "Python-urllib/3.11"
85.232.241.194 - - [07/Feb/2025:13:22:33 +0100] "GET /Jurek/galopi/feeds/galopi_rue.xml HTTP/1.1" 200 1884702 "-" "Python-urllib/3.11"
85.232.241.194 - - [07/Feb/2025:13:22:33 +0100] "GET /Jurek/szpaklampy/feeds/szpaklampy_rue.xml HTTP/1.1" 200 416451 "-" "Python-urllib/3.11"
85.232.241.194 - - [07/Feb/2025:13:22:34 +0100] "GET /Jurek/intsell/feeds/intsell_rue.xml HTTP/1.1" 200 338788462 "-" "Python-urllib/3.11"
85.232.241.194 - - [07/Feb/2025:13:22:34 +0100] "GET /Jurek/spali/feeds/spali_rue.xml HTTP/1.1" 200 101947 "-" "Python-urllib/3.11"
85.232.241.194 - - [07/Feb/2025:13:22:34 +0100] "GET /Jurek/najtanszysport/feeds/najtanszysport_rue.xml HTTP/1.1" 200 3982881 "-" "Python-urllib/3.11"
85.232.241.194 - - [07/Feb/2025:13:22:34 +0100] "GET /Jurek/maksik/feeds/maksik_rue.xml HTTP/1.1" 200 4084781 "-" "Python-urllib/3.11"
85.232.241.194 - - [07/Feb/2025:13:22:35 +0100] "GET /Jurek/urwiskowo/feeds/urwiskowo_rue.xml HTTP/1.1" 200 9114889 "-" "Python-urllib/3.11"
193.33.8.61 - - [07/Feb/2025:13:24:34 +0100] "GET /Jurek/naszedzieci/feeds/naszedzieci_pigu.xml HTTP/2.0" 200 14303232 "https://konsola.dkkapusta1997.usermd.net/" "Mozilla/5.0 (Windows NT 10.0; Win64; x64) AppleWebKit/537.36 (KHTML, like Gecko) Chrome/132.0.0.0 Safari/537.36"
77.79.248.229 - - [07/Feb/2025:13:24:49 +0100] "GET /Jurek/naszedzieci/feeds/naszedzieci_pigu.xml HTTP/1.1" 200 833926295 "-" "Python-urllib/3.11"
66.249.69.69 - - [07/Feb/2025:13:25:39 +0100] "GET /Jurek/eurofirany/images/387144/1.jpg HTTP/1.1" 200 101923 "-" "Googlebot-Image/1.0"
193.33.8.61 - - [07/Feb/2025:13:25:45 +0100] "GET /Jurek/rider/feeds/rider_zero.xml HTTP/2.0" 200 8164695 "https://konsola.dkkapusta1997.usermd.net/" "Mozilla/5.0 (Windows NT 10.0; Win64; x64) AppleWebKit/537.36 (KHTML, like Gecko) Chrome/132.0.0.0 Safari/537.36"
77.79.248.229 - - [07/Feb/2025:13:25:52 +0100] "GET /Jurek/rider/feeds/rider_zero.xml HTTP/1.1" 200 8164695 "-" "Python-urllib/3.11"
89.161.206.59 - - [07/Feb/2025:13:25:56 +0100] "GET /Jurek/waks/feeds/waks_amazonnl.xml HTTP/1.0" 200 6333013 "-" "-"
77.79.248.229 - - [07/Feb/2025:13:27:29 +0100] "GET /Jurek/domzapachy/feeds/domzapachy_cdon_dk.xml HTTP/1.1" 200 179698 "-" "Python-urllib/3.11"
46.101.116.244 - - [07/Feb/2025:13:27:30 +0100] "GET /Jurek/eurofirany/feeds/eurofirany_empik.xml HTTP/1.0" 200 18978953 "-" "-"
85.232.241.194 - - [07/Feb/2025:13:28:03 +0100] "GET /Jurek/beliani/feeds/beliani_pl_zero.xml HTTP/1.1" 200 31850179 "-" "python-requests/2.32.3"
85.232.241.194 - - [07/Feb/2025:13:28:03 +0100] "GET /Jurek/beliani/feeds/beliani_cz_zero.xml HTTP/1.1" 200 22379683 "-" "python-requests/2.32.3"
85.232.241.194 - - [07/Feb/2025:13:28:03 +0100] "GET /Jurek/beliani/feeds/beliani_sk_zero.xml HTTP/1.1" 200 22452329 "-" "python-requests/2.32.3"
85.232.241.194 - - [07/Feb/2025:13:28:04 +0100] "GET /Jurek/beliani/feeds/beliani_hu.xml HTTP/1.1" 200 41252899 "-" "python-requests/2.32.3"
85.232.241.194 - - [07/Feb/2025:13:28:04 +0100] "GET /Jurek/fernity/feeds/fernity_zero.xml HTTP/1.1" 200 5125698 "-" "python-requests/2.32.3"
85.232.241.194 - - [07/Feb/2025:13:28:04 +0100] "GET /Jurek/kinghome/feeds/kinghome_mallcz.xml HTTP/1.1" 200 5719932 "-" "python-requests/2.32.3"
85.232.241.194 - - [07/Feb/2025:13:28:05 +0100] "GET /Jurek/octopia/feeds/octopia_zero.xml HTTP/1.1" 200 10449954 "-" "python-requests/2.32.3"
85.232.241.194 - - [07/Feb/2025:13:28:06 +0100] "GET /Jurek/aw/feeds/awnarzedzia_zero.xml HTTP/1.1" 200 90567907 "-" "python-requests/2.32.3"
85.232.241.194 - - [07/Feb/2025:13:28:06 +0100] "GET /Jurek/chemex/feeds/chemex_zero.xml HTTP/1.1" 200 47819491 "-" "python-requests/2.32.3"
85.232.241.194 - - [07/Feb/2025:13:28:07 +0100] "GET /Jurek/stema/feeds/stema_zero.xml HTTP/1.1" 200 860528 "-" "python-requests/2.32.3"
85.232.241.194 - - [07/Feb/2025:13:28:12 +0100] "GET /Jurek/kokiskaCZ/download/kokiskaCZ.xml HTTP/1.1" 200 29435200 "-" "python-requests/2.32.3"
85.232.241.194 - - [07/Feb/2025:13:28:14 +0100] "GET /Jurek/kinghoff/feeds/kinghoff_zero.xml HTTP/1.1" 200 14282366 "-" "python-requests/2.32.3"
85.232.241.194 - - [07/Feb/2025:13:28:14 +0100] "GET /Jurek/bass/feeds/bass_zero.xml HTTP/1.1" 200 3982821 "-" "python-requests/2.32.3"
85.232.241.194 - - [07/Feb/2025:13:28:14 +0100] "GET /Jurek/mosti/feeds/mosti_zero.xml HTTP/1.1" 200 9249876 "-" "python-requests/2.32.3"
77.79.248.229 - - [07/Feb/2025:13:28:37 +0100] "GET /Jurek/domzapachy/feeds/domzapachy_cdon_fi.xml HTTP/1.1" 200 179608 "-" "Python-urllib/3.11"
66.249.69.68 - - [07/Feb/2025:13:32:47 +0100] "GET /others/new_vida_mall/ HTTP/1.1" 200 874 "-" "Mozilla/5.0 (Linux; Android 6.0.1; Nexus 5X Build/MMB29P) AppleWebKit/537.36 (KHTML, like Gecko) Chrome/132.0.6834.159 Mobile Safari/537.36 (compatible; GoogleOther)"
46.101.116.244 - - [07/Feb/2025:13:32:51 +0100] "GET /Jurek/activeshop/feeds/activeshop_mallhu.xml HTTP/2.0" 200 10395615 "-" "-"
89.161.206.59 - - [07/Feb/2025:13:33:59 +0100] "GET /Jurek/erohurtownia/feeds/erohurtownia_bol.xml HTTP/1.0" 200 23304088 "-" "-"
46.101.116.244 - - [07/Feb/2025:13:34:46 +0100] "GET /Jurek/action/feeds/action_mallhugs.xml HTTP/2.0" 200 55121406 "-" "-"
46.101.116.244 - - [07/Feb/2025:13:35:07 +0100] "GET /Jurek/b3/feeds/b3_mallhugs.xml HTTP/2.0" 200 7206905 "-" "-"
46.101.116.244 - - [07/Feb/2025:13:35:19 +0100] "GET /Jurek/benbaby/feeds/benbaby_mallhugs.xml HTTP/2.0" 200 3701549 "-" "-"
46.101.116.244 - - [07/Feb/2025:13:35:30 +0100] "GET /Jurek/emibig/feeds/emibig_mallhugs.xml HTTP/2.0" 200 2530932 "-" "-"
52.209.168.113 - - [07/Feb/2025:13:35:32 +0100] "GET /marketplaces/worten2/results/worten.csv HTTP/1.1" 200 147218 "-" "Mirakl HttpClient"
46.101.116.244 - - [07/Feb/2025:13:35:44 +0100] "GET /Jurek/hurtownia_przemyslowa/feeds/hp_mallhugs.xml HTTP/2.0" 200 49908142 "-" "-"
77.79.248.229 - - [07/Feb/2025:13:36:19 +0100] "GET /Jurek/eurofirany/feeds/eurofirany_cdon_se.xml HTTP/1.1" 200 18995165 "-" "python-requests/2.32.3"
77.79.248.229 - - [07/Feb/2025:13:36:19 +0100] "GET /Jurek/eurofirany/feeds/eurofirany_cdon_dk.xml HTTP/1.1" 200 18994611 "-" "python-requests/2.32.3"
77.79.248.229 - - [07/Feb/2025:13:36:19 +0100] "GET /Jurek/eurofirany/feeds/eurofirany_cdon_fi.xml HTTP/1.1" 200 18977748 "-" "python-requests/2.32.3"
77.79.248.229 - - [07/Feb/2025:13:36:20 +0100] "GET /Jurek/stema/feeds/stema_cdon_se.xml HTTP/1.1" 200 860863 "-" "python-requests/2.32.3"
77.79.248.229 - - [07/Feb/2025:13:36:20 +0100] "GET /Jurek/stema/feeds/stema_cdon_dk.xml HTTP/1.1" 200 860716 "-" "python-requests/2.32.3"
77.79.248.229 - - [07/Feb/2025:13:36:20 +0100] "GET /Jurek/stema/feeds/stema_cdon_fi.xml HTTP/1.1" 200 860429 "-" "python-requests/2.32.3"
77.79.248.229 - - [07/Feb/2025:13:36:21 +0100] "GET /Jurek/aw/feeds/awnarzedzia_cdon_se.xml HTTP/1.1" 200 90680288 "-" "python-requests/2.32.3"
77.79.248.229 - - [07/Feb/2025:13:36:23 +0100] "GET /Jurek/aw/feeds/awnarzedzia_cdon_dk.xml HTTP/1.1" 200 90674401 "-" "python-requests/2.32.3"
77.79.248.229 - - [07/Feb/2025:13:36:24 +0100] "GET /Jurek/aw/feeds/awnarzedzia_cdon_fi.xml HTTP/1.1" 200 90591161 "-" "python-requests/2.32.3"
77.79.248.229 - - [07/Feb/2025:13:36:25 +0100] "GET /Jurek/hurtownia_przemyslowa/feeds/hp_cdon_se.xml HTTP/1.1" 200 49886878 "-" "python-requests/2.32.3"
77.79.248.229 - - [07/Feb/2025:13:36:26 +0100] "GET /Jurek/hurtownia_przemyslowa/feeds/hp_cdon_dk.xml HTTP/1.1" 200 49885097 "-" "python-requests/2.32.3"
77.79.248.229 - - [07/Feb/2025:13:36:27 +0100] "GET /Jurek/hurtownia_przemyslowa/feeds/hp_cdon_fi.xml HTTP/1.1" 200 49871855 "-" "python-requests/2.32.3"
77.79.248.229 - - [07/Feb/2025:13:36:30 +0100] "GET /Jurek/ikonka/feeds/ikonka_cdon_se.xml HTTP/1.1" 200 22192920 "-" "python-requests/2.32.3"
77.79.248.229 - - [07/Feb/2025:13:36:30 +0100] "GET /Jurek/ikonka/feeds/ikonka_cdon_dk.xml HTTP/1.1" 200 22192789 "-" "python-requests/2.32.3"
77.79.248.229 - - [07/Feb/2025:13:36:30 +0100] "GET /Jurek/ikonka/feeds/ikonka_cdon_fi.xml HTTP/1.1" 200 22190642 "-" "python-requests/2.32.3"
77.79.248.229 - - [07/Feb/2025:13:36:31 +0100] "GET /Jurek/fernity/feeds/fernity_cdon_fi.xml HTTP/1.1" 200 5125064 "-" "python-requests/2.32.3"
77.79.248.229 - - [07/Feb/2025:13:36:31 +0100] "GET /Jurek/fernity/feeds/fernity_cdon_se.xml HTTP/1.1" 200 5128432 "-" "python-requests/2.32.3"
77.79.248.229 - - [07/Feb/2025:13:36:31 +0100] "GET /Jurek/fernity/feeds/fernity_cdon_dk.xml HTTP/1.1" 200 5127939 "-" "python-requests/2.32.3"
77.79.248.229 - - [07/Feb/2025:13:36:32 +0100] "GET /Jurek/activeshop/feeds/activeshop_cdon_se.xml HTTP/1.1" 200 10399582 "-" "python-requests/2.32.3"
77.79.248.229 - - [07/Feb/2025:13:36:32 +0100] "GET /Jurek/activeshop/feeds/activeshop_cdon_dk.xml HTTP/1.1" 200 10399636 "-" "python-requests/2.32.3"
77.79.248.229 - - [07/Feb/2025:13:36:32 +0100] "GET /Jurek/activeshop/feeds/activeshop_cdon_fi.xml HTTP/1.1" 200 10396153 "-" "python-requests/2.32.3"
77.79.248.229 - - [07/Feb/2025:13:36:40 +0100] "GET /Jurek/barbecook/feeds/barbecook_cdon_se.xml HTTP/1.1" 200 87591 "-" "python-requests/2.32.3"
77.79.248.229 - - [07/Feb/2025:13:36:40 +0100] "GET /Jurek/barbecook/feeds/barbecook_cdon_dk.xml HTTP/1.1" 200 87589 "-" "python-requests/2.32.3"
77.79.248.229 - - [07/Feb/2025:13:36:40 +0100] "GET /Jurek/barbecook/feeds/barbecook_cdon_fi.xml HTTP/1.1" 200 87532 "-" "python-requests/2.32.3"
77.79.248.229 - - [07/Feb/2025:13:36:41 +0100] "GET /Jurek/action/feeds/action_cdon_se.xml HTTP/1.1" 200 55078938 "-" "python-requests/2.32.3"
77.79.248.229 - - [07/Feb/2025:13:36:42 +0100] "GET /Jurek/action/feeds/action_cdon_dk.xml HTTP/1.1" 200 55073225 "-" "python-requests/2.32.3"
77.79.248.229 - - [07/Feb/2025:13:36:42 +0100] "GET /Jurek/action/feeds/action_cdon_fi.xml HTTP/1.1" 200 55048415 "-" "python-requests/2.32.3"
77.79.248.229 - - [07/Feb/2025:13:36:43 +0100] "GET /Jurek/kinghoff/feeds/kinghoff_cdon_se.xml HTTP/1.1" 200 14284446 "-" "python-requests/2.32.3"
77.79.248.229 - - [07/Feb/2025:13:36:43 +0100] "GET /Jurek/kinghoff/feeds/kinghoff_cdon_dk.xml HTTP/1.1" 200 14284169 "-" "python-requests/2.32.3"
77.79.248.229 - - [07/Feb/2025:13:36:43 +0100] "GET /Jurek/kinghoff/feeds/kinghoff_cdon_fi.xml HTTP/1.1" 200 14282078 "-" "python-requests/2.32.3"
46.101.116.244 - - [07/Feb/2025:13:36:50 +0100] "GET /Jurek/kinghoff/feeds/kinghoff_mallhu.xml HTTP/2.0" 200 14287934 "-" "-"
66.249.69.68 - - [07/Feb/2025:13:36:51 +0100] "GET /Jurek/eurofirany/images/367111/5.jpg HTTP/1.1" 200 112085 "-" "Googlebot-Image/1.0"
46.101.116.244 - - [07/Feb/2025:13:37:04 +0100] "GET /Jurek/fernity/feeds/fernity_mallhu.xml HTTP/2.0" 200 5134183 "-" "-"
46.101.116.244 - - [07/Feb/2025:13:37:24 +0100] "GET /Jurek/beliani/feeds/beliani_hu.xml HTTP/2.0" 200 41252899 "-" "-"
193.33.8.61 - - [07/Feb/2025:13:37:29 +0100] "GET /Jurek/emaja24/feeds/emaja24_cdon_se.xml HTTP/2.0" 200 5115155 "https://konsola.dkkapusta1997.usermd.net/" "Mozilla/5.0 (Windows NT 10.0; Win64; x64) AppleWebKit/537.36 (KHTML, like Gecko) Chrome/132.0.0.0 Safari/537.36"
193.33.8.61 - - [07/Feb/2025:13:37:31 +0100] "GET /Jurek/emaja24/feeds/emaja24_cdon_dk.xml HTTP/2.0" 200 5115197 "https://konsola.dkkapusta1997.usermd.net/" "Mozilla/5.0 (Windows NT 10.0; Win64; x64) AppleWebKit/537.36 (KHTML, like Gecko) Chrome/132.0.0.0 Safari/537.36"
193.33.8.61 - - [07/Feb/2025:13:37:33 +0100] "GET /Jurek/emaja24/feeds/emaja24_cdon_fi.xml HTTP/2.0" 200 5110301 "https://konsola.dkkapusta1997.usermd.net/" "Mozilla/5.0 (Windows NT 10.0; Win64; x64) AppleWebKit/537.36 (KHTML, like Gecko) Chrome/132.0.0.0 Safari/537.36"
77.79.248.229 - - [07/Feb/2025:13:37:33 +0100] "GET /Jurek/emaja24/feeds/emaja24_cdon_se.xml HTTP/1.1" 200 5115155 "-" "Python-urllib/3.11"
46.101.116.244 - - [07/Feb/2025:13:37:46 +0100] "GET /Jurek/detian/feeds/detian_mallhu.xml HTTP/2.0" 404 3551 "-" "-"
46.101.116.244 - - [07/Feb/2025:13:37:57 +0100] "GET /Jurek/flhf/feeds/flhf_mallsi.xml HTTP/2.0" 404 3551 "-" "-"
77.79.248.229 - - [07/Feb/2025:13:38:09 +0100] "GET /Jurek/vidaSI/feeds/vidaSI_bigbang.xml HTTP/1.1" 200 620037977 "-" "Python-urllib/3.11"
77.79.248.229 - - [07/Feb/2025:13:38:10 +0100] "GET /Jurek/aw/feeds/awnarzedzia_bigbang.xml HTTP/1.1" 200 90587309 "-" "Python-urllib/3.11"
77.79.248.229 - - [07/Feb/2025:13:38:10 +0100] "GET /Jurek/hurtownia_przemyslowa/feeds/hp_bigbang.xml HTTP/1.1" 200 49870681 "-" "Python-urllib/3.11"
77.79.248.229 - - [07/Feb/2025:13:38:12 +0100] "GET /Jurek/action/feeds/action_bigbang.xml HTTP/1.1" 200 55044411 "-" "Python-urllib/3.11"
77.79.248.229 - - [07/Feb/2025:13:38:14 +0100] "GET /Jurek/unimet/feeds/unimet_bigbang.xml HTTP/1.1" 200 61054147 "-" "Python-urllib/3.11"
77.79.248.229 - - [07/Feb/2025:13:38:15 +0100] "GET /Jurek/ikonka/feeds/ikonka_bigbang.xml HTTP/1.1" 200 22190631 "-" "Python-urllib/3.11"
77.79.248.229 - - [07/Feb/2025:13:38:15 +0100] "GET /Jurek/bass/feeds/bass_bigbang.xml HTTP/1.1" 200 3983770 "-" "Python-urllib/3.11"
77.79.248.229 - - [07/Feb/2025:13:38:16 +0100] "GET /Jurek/kinghoff/feeds/kinghoff_bigbang.xml HTTP/1.1" 200 14281788 "-" "Python-urllib/3.11"
77.79.248.229 - - [07/Feb/2025:13:38:17 +0100] "GET /Jurek/activeshop/feeds/activeshop_bigbang.xml HTTP/1.1" 200 10396065 "-" "Python-urllib/3.11"
77.79.248.229 - - [07/Feb/2025:13:38:18 +0100] "GET /Jurek/octopia/feeds/octopia_bigbang.xml HTTP/1.1" 200 6224568 "-" "Python-urllib/3.11"
77.79.248.229 - - [07/Feb/2025:13:38:18 +0100] "GET /Jurek/topeshop/feeds/topeshop_bigbang.xml HTTP/1.1" 200 2403274 "-" "Python-urllib/3.11"
77.79.248.229 - - [07/Feb/2025:13:38:18 +0100] "GET /Jurek/b3/feeds/b3_bigbang.xml HTTP/1.1" 200 7199468 "-" "Python-urllib/3.11"
77.79.248.229 - - [07/Feb/2025:13:38:18 +0100] "GET /Jurek/asortymenteu/feeds/asortymenteu_bigbang.xml HTTP/1.1" 200 2499600 "-" "Python-urllib/3.11"
77.79.248.229 - - [07/Feb/2025:13:38:19 +0100] "GET /Jurek/eroplace/feeds/eroplace_bigbang.xml HTTP/1.1" 200 30849241 "-" "Python-urllib/3.11"
77.79.248.229 - - [07/Feb/2025:13:38:24 +0100] "GET /Jurek/intsell/feeds/intsell_bigbang.xml HTTP/1.1" 200 338788280 "-" "Python-urllib/3.11"
77.79.248.229 - - [07/Feb/2025:13:38:24 +0100] "GET /Jurek/coppotech/feeds/coppotech_bigbang.xml HTTP/1.1" 200 38986228 "-" "Python-urllib/3.11"
77.79.248.229 - - [07/Feb/2025:13:38:24 +0100] "GET /Jurek/stema/feeds/stema_bigbang.xml HTTP/1.1" 200 860351 "-" "Python-urllib/3.11"
77.79.248.229 - - [07/Feb/2025:13:38:25 +0100] "GET /Jurek/sempler/feeds/sempler_bigbang.xml HTTP/1.1" 200 6553268 "-" "Python-urllib/3.11"
77.79.248.229 - - [07/Feb/2025:13:38:25 +0100] "GET /Jurek/benetech/feeds/benetech_bigbang.xml HTTP/1.1" 200 4451829 "-" "Python-urllib/3.11"
77.79.248.229 - - [07/Feb/2025:13:38:26 +0100] "GET /Jurek/ekuchcikowo/feeds/ekuchcikowo_bigbang.xml HTTP/1.1" 200 12887957 "-" "Python-urllib/3.11"
178.21.154.6 - - [07/Feb/2025:13:38:32 +0100] "GET /Jurek/eurofirany/images/416182/0.jpg HTTP/1.1" 200 91672 "-" "-"
178.21.154.6 - - [07/Feb/2025:13:38:32 +0100] "GET /Jurek/eurofirany/images/349805/0.jpg HTTP/1.1" 200 79031 "-" "-"
178.21.154.6 - - [07/Feb/2025:13:38:32 +0100] "GET /Jurek/eurofirany/images/416215/0.jpg HTTP/1.1" 200 98837 "-" "-"
178.21.154.6 - - [07/Feb/2025:13:38:32 +0100] "GET /Jurek/eurofirany/images/415639/0.jpg HTTP/1.1" 200 119203 "-" "-"
178.21.154.6 - - [07/Feb/2025:13:38:32 +0100] "GET /Jurek/eurofirany/images/410003/0.jpg HTTP/1.1" 200 182574 "-" "-"
178.21.154.6 - - [07/Feb/2025:13:38:32 +0100] "GET /Jurek/eurofirany/images/371974/0.jpg HTTP/1.1" 200 152177 "-" "-"
178.21.154.6 - - [07/Feb/2025:13:38:32 +0100] "GET /Jurek/eurofirany/images/431623/0.jpg HTTP/1.1" 200 93057 "-" "-"
77.79.248.229 - - [07/Feb/2025:13:40:21 +0100] "GET /Jurek/kinghoff/feeds/kinghoff_SkroutzGR.xml HTTP/1.1" 200 14281975 "-" "Python-urllib/3.11"
77.79.248.229 - - [07/Feb/2025:13:40:22 +0100] "GET /Jurek/aw/feeds/awnarzedzia_skroutz.xml HTTP/1.1" 200 90590994 "-" "Python-urllib/3.11"
77.79.248.229 - - [07/Feb/2025:13:40:23 +0100] "GET /Jurek/eurofirany/feeds/eurofirany_skroutz.xml HTTP/1.1" 200 18975496 "-" "Python-urllib/3.11"
77.79.248.229 - - [07/Feb/2025:13:40:23 +0100] "GET /Jurek/fernity/feeds/fernity_skroutz.xml HTTP/1.1" 200 5125669 "-" "Python-urllib/3.11"
77.79.248.229 - - [07/Feb/2025:13:41:08 +0100] "GET /Jurek/rider/feeds/rider_zero.xml HTTP/1.1" 200 8164695 "-" "Python-urllib/3.11"
193.33.8.61 - - [07/Feb/2025:13:41:35 +0100] "GET /Jurek/eany/data.csv HTTP/2.0" 200 26288819 "https://dkkapusta1997.usermd.net/Jurek/eany/" "Mozilla/5.0 (Windows NT 10.0; Win64; x64) AppleWebKit/537.36 (KHTML, like Gecko) Chrome/132.0.0.0 Safari/537.36"
5.134.208.158 - - [07/Feb/2025:13:41:56 +0100] "GET /Jurek/eurofirany/images/449333/0.jpg HTTP/1.1" 200 35724 "-" "-"
66.249.69.69 - - [07/Feb/2025:13:42:40 +0100] "GET /Jurek/eurofirany/images/402429/6.jpg HTTP/1.1" 200 261656 "-" "Googlebot-Image/1.0"
193.33.8.61 - - [07/Feb/2025:13:42:55 +0100] "GET /Jurek/expertauto/feeds/expertauto_zero.xml HTTP/2.0" 200 1159283 "https://konsola.dkkapusta1997.usermd.net/" "Mozilla/5.0 (Windows NT 10.0; Win64; x64) AppleWebKit/537.36 (KHTML, like Gecko) Chrome/132.0.0.0 Safari/537.36"
5.134.208.158 - - [07/Feb/2025:13:43:06 +0100] "GET /Jurek/eurofirany/images/383470/0.jpg HTTP/1.1" 200 86852 "-" "-"
5.134.208.158 - - [07/Feb/2025:13:43:06 +0100] "GET /Jurek/eurofirany/images/419878/0.jpg HTTP/1.1" 200 99909 "-" "-"
5.134.208.158 - - [07/Feb/2025:13:43:06 +0100] "GET /Jurek/eurofirany/images/417810/0.jpg HTTP/1.1" 200 6595 "-" "-"
5.134.208.158 - - [07/Feb/2025:13:43:06 +0100] "GET /Jurek/eurofirany/images/417810/0.jpg HTTP/1.1" 200 6595 "-" "-"
77.79.248.229 - - [07/Feb/2025:13:43:09 +0100] "GET /Jurek/expertauto/feeds/expertauto_zero.xml HTTP/1.1" 200 1159283 "-" "Python-urllib/3.11"
46.101.116.244 - - [07/Feb/2025:13:43:44 +0100] "GET /Jurek/fernity/feeds/fernity_manomano.xml HTTP/1.0" 200 5125082 "-" "-"
5.134.208.158 - - [07/Feb/2025:13:44:07 +0100] "GET /Jurek/eurofirany/images/409414/0.jpg HTTP/1.1" 200 33 "-" "-"
5.134.208.158 - - [07/Feb/2025:13:44:07 +0100] "GET /Jurek/eurofirany/images/409414/0.jpg HTTP/1.1" 200 33 "-" "-"
5.134.208.158 - - [07/Feb/2025:13:44:08 +0100] "GET /Jurek/eurofirany/images/409417/0.jpg HTTP/1.1" 200 33 "-" "-"
5.134.208.158 - - [07/Feb/2025:13:44:08 +0100] "GET /Jurek/eurofirany/images/409417/0.jpg HTTP/1.1" 200 33 "-" "-"
77.79.248.229 - - [07/Feb/2025:13:44:10 +0100] "GET /Jurek/kinghoff/feeds/kinghoff_rakuten.xml HTTP/1.1" 200 14281648 "-" "Python-urllib/3.11"
89.161.206.59 - - [07/Feb/2025:13:45:39 +0100] "GET /Jurek/eroplace/feeds/eroplace_amazonde.xml HTTP/1.0" 200 30849177 "-" "-"
89.161.206.59 - - [07/Feb/2025:13:45:51 +0100] "GET /Jurek/artdog/feeds/artdog_amazonde.xml HTTP/1.0" 200 15929060 "-" "-"
89.161.206.59 - - [07/Feb/2025:13:45:52 +0100] "GET /Jurek/pawonik/feeds/pawonik_amazonde.xml HTTP/1.0" 200 2534440 "-" "-"
66.249.69.68 - - [07/Feb/2025:13:48:27 +0100] "GET /matikrol/texas/5908297524054_2.jpg.jpg HTTP/1.1" 404 3551 "-" "Googlebot-Image/1.0"
89.161.206.59 - - [07/Feb/2025:13:50:21 +0100] "GET /Jurek/slayo/feeds/slayo_skroutz.xml HTTP/1.0" 200 195531 "-" "-"
89.161.206.59 - - [07/Feb/2025:13:50:59 +0100] "GET /Jurek/swiatecznygoliat/feeds/swiatecznygoliat_allegro.xml HTTP/1.0" 200 7196363 "-" "-"
89.161.206.59 - - [07/Feb/2025:13:51:00 +0100] "GET /Jurek/velinda/feeds/velinda_allegro.xml HTTP/1.0" 200 4283152 "-" "-"
89.161.206.59 - - [07/Feb/2025:13:51:01 +0100] "GET /Jurek/hurtmeblowy/feeds/hurtmeblowy_allegro.xml HTTP/1.0" 200 8040418 "-" "-"
89.37.121.170 - - [07/Feb/2025:13:53:29 +0100] "GET /Jurek/eurofirany/images/333886/2.jpg HTTP/2.0" 200 26359 "https://www.emag.ro/perdea-ready-esim-140x250-cm-alba-eurofirany-333886/pd/DVN68LMBM/?ref=fav_pd-title" "Mozilla/5.0 (Windows NT 10.0; Win64; x64) AppleWebKit/537.36 (KHTML, like Gecko) Chrome/132.0.0.0 Safari/537.36"
89.37.121.170 - - [07/Feb/2025:13:53:29 +0100] "GET /Jurek/eurofirany/images/333886/3.jpg HTTP/2.0" 200 50905 "https://www.emag.ro/perdea-ready-esim-140x250-cm-alba-eurofirany-333886/pd/DVN68LMBM/?ref=fav_pd-title" "Mozilla/5.0 (Windows NT 10.0; Win64; x64) AppleWebKit/537.36 (KHTML, like Gecko) Chrome/132.0.0.0 Safari/537.36"
89.37.121.170 - - [07/Feb/2025:13:53:29 +0100] "GET /Jurek/eurofirany/images/333886/1.jpg HTTP/2.0" 200 55732 "https://www.emag.ro/perdea-ready-esim-140x250-cm-alba-eurofirany-333886/pd/DVN68LMBM/?ref=fav_pd-title" "Mozilla/5.0 (Windows NT 10.0; Win64; x64) AppleWebKit/537.36 (KHTML, like Gecko) Chrome/132.0.0.0 Safari/537.36"
89.37.121.170 - - [07/Feb/2025:13:53:29 +0100] "GET /Jurek/eurofirany/images/333886/4.jpg HTTP/2.0" 200 139282 "https://www.emag.ro/perdea-ready-esim-140x250-cm-alba-eurofirany-333886/pd/DVN68LMBM/?ref=fav_pd-title" "Mozilla/5.0 (Windows NT 10.0; Win64; x64) AppleWebKit/537.36 (KHTML, like Gecko) Chrome/132.0.0.0 Safari/537.36"
89.37.121.170 - - [07/Feb/2025:13:53:30 +0100] "GET /Jurek/eurofirany/images/333886/5.jpg HTTP/2.0" 200 44556 "https://www.emag.ro/perdea-ready-esim-140x250-cm-alba-eurofirany-333886/pd/DVN68LMBM/?ref=fav_pd-title" "Mozilla/5.0 (Windows NT 10.0; Win64; x64) AppleWebKit/537.36 (KHTML, like Gecko) Chrome/132.0.0.0 Safari/537.36"
89.37.121.170 - - [07/Feb/2025:13:53:30 +0100] "GET /Jurek/eurofirany/images/333886/6.jpg HTTP/2.0" 200 89803 "https://www.emag.ro/perdea-ready-esim-140x250-cm-alba-eurofirany-333886/pd/DVN68LMBM/?ref=fav_pd-title" "Mozilla/5.0 (Windows NT 10.0; Win64; x64) AppleWebKit/537.36 (KHTML, like Gecko) Chrome/132.0.0.0 Safari/537.36"
77.79.248.229 - - [07/Feb/2025:13:55:09 +0100] "GET /Jurek/emaja24/feeds/emaja24_cdon_dk.xml HTTP/1.1" 200 5115197 "-" "Python-urllib/3.11"
77.79.248.229 - - [07/Feb/2025:13:56:12 +0100] "GET /Jurek/emaja24/feeds/emaja24_cdon_fi.xml HTTP/1.1" 200 5110301 "-" "Python-urllib/3.11"
85.232.241.194 - - [07/Feb/2025:13:56:14 +0100] "GET /Jurek/amzteam/feeds/amzteam_cdon_se.xml HTTP/1.1" 200 97930 "-" "python-requests/2.32.3"
85.232.241.194 - - [07/Feb/2025:13:56:14 +0100] "GET /Jurek/amzteam/feeds/amzteam_cdon_dk.xml HTTP/1.1" 200 97921 "-" "python-requests/2.32.3"
85.232.241.194 - - [07/Feb/2025:13:56:14 +0100] "GET /Jurek/amzteam/feeds/amzteam_cdon_fi.xml HTTP/1.1" 200 97880 "-" "python-requests/2.32.3"
85.232.241.194 - - [07/Feb/2025:13:56:14 +0100] "GET /Jurek/b3/feeds/b3_cdon_se.xml HTTP/1.1" 200 7227550 "-" "python-requests/2.32.3"
85.232.241.194 - - [07/Feb/2025:13:56:14 +0100] "GET /Jurek/b3/feeds/b3_cdon_dk.xml HTTP/1.1" 200 7227217 "-" "python-requests/2.32.3"
85.232.241.194 - - [07/Feb/2025:13:56:14 +0100] "GET /Jurek/b3/feeds/b3_cdon_fi.xml HTTP/1.1" 200 7224491 "-" "python-requests/2.32.3"
85.232.241.194 - - [07/Feb/2025:13:56:14 +0100] "GET /Jurek/oromed/feeds/oromed_cdon_se.xml HTTP/1.1" 200 975925 "-" "python-requests/2.32.3"
85.232.241.194 - - [07/Feb/2025:13:56:14 +0100] "GET /Jurek/oromed/feeds/oromed_cdon_dk.xml HTTP/1.1" 200 975909 "-" "python-requests/2.32.3"
85.232.241.194 - - [07/Feb/2025:13:56:14 +0100] "GET /Jurek/oromed/feeds/oromed_cdon_fi.xml HTTP/1.1" 200 975764 "-" "python-requests/2.32.3"
85.232.241.194 - - [07/Feb/2025:13:56:14 +0100] "GET /Jurek/ralmetal/feeds/ralmetal_cdon_se.xml HTTP/1.1" 200 1787588 "-" "python-requests/2.32.3"
85.232.241.194 - - [07/Feb/2025:13:56:14 +0100] "GET /Jurek/ralmetal/feeds/ralmetal_cdon_dk.xml HTTP/1.1" 200 1787481 "-" "python-requests/2.32.3"
85.232.241.194 - - [07/Feb/2025:13:56:14 +0100] "GET /Jurek/ralmetal/feeds/ralmetal_cdon_fi.xml HTTP/1.1" 200 1786816 "-" "python-requests/2.32.3"
85.232.241.194 - - [07/Feb/2025:13:56:14 +0100] "GET /Jurek/drops/feeds/dropsofficecolection_cdon_se.xml HTTP/1.1" 200 788401 "-" "python-requests/2.32.3"
85.232.241.194 - - [07/Feb/2025:13:56:14 +0100] "GET /Jurek/drops/feeds/dropsofficecolection_cdon_dk.xml HTTP/1.1" 200 788423 "-" "python-requests/2.32.3"
85.232.241.194 - - [07/Feb/2025:13:56:14 +0100] "GET /Jurek/drops/feeds/dropsofficecolection_cdon_fi.xml HTTP/1.1" 200 787909 "-" "python-requests/2.32.3"
85.232.241.194 - - [07/Feb/2025:13:56:14 +0100] "GET /Jurek/narzbud/feeds/narzbud_cdon_se.xml HTTP/1.1" 200 1612497 "-" "python-requests/2.32.3"
85.232.241.194 - - [07/Feb/2025:13:56:15 +0100] "GET /Jurek/narzbud/feeds/narzbud_cdon_dk.xml HTTP/1.1" 200 1612508 "-" "python-requests/2.32.3"
85.232.241.194 - - [07/Feb/2025:13:56:15 +0100] "GET /Jurek/narzbud/feeds/narzbud_cdon_fi.xml HTTP/1.1" 200 1611781 "-" "python-requests/2.32.3"
85.232.241.194 - - [07/Feb/2025:13:56:15 +0100] "GET /Jurek/szpaklampy/feeds/szpaklampy_cdon_se.xml HTTP/1.1" 200 416631 "-" "python-requests/2.32.3"
85.232.241.194 - - [07/Feb/2025:13:56:15 +0100] "GET /Jurek/szpaklampy/feeds/szpaklampy_cdon_dk.xml HTTP/1.1" 200 416577 "-" "python-requests/2.32.3"
85.232.241.194 - - [07/Feb/2025:13:56:15 +0100] "GET /Jurek/szpaklampy/feeds/szpaklampy_cdon_fi.xml HTTP/1.1" 200 416462 "-" "python-requests/2.32.3"
85.232.241.194 - - [07/Feb/2025:13:56:15 +0100] "GET /Jurek/fertone/feeds/fertone_cdon_se.xml HTTP/1.1" 200 626594 "-" "python-requests/2.32.3"
85.232.241.194 - - [07/Feb/2025:13:56:15 +0100] "GET /Jurek/fertone/feeds/fertone_cdon_dk.xml HTTP/1.1" 200 626568 "-" "python-requests/2.32.3"
85.232.241.194 - - [07/Feb/2025:13:56:15 +0100] "GET /Jurek/fertone/feeds/fertone_cdon_fi.xml HTTP/1.1" 200 626232 "-" "python-requests/2.32.3"
85.232.241.194 - - [07/Feb/2025:13:56:15 +0100] "GET /Jurek/ekuchcikowo/feeds/ekuchcikowo_cdon_se.xml HTTP/1.1" 200 12890578 "-" "python-requests/2.32.3"
85.232.241.194 - - [07/Feb/2025:13:56:15 +0100] "GET /Jurek/ekuchcikowo/feeds/ekuchcikowo_cdon_dk.xml HTTP/1.1" 200 12890308 "-" "python-requests/2.32.3"
85.232.241.194 - - [07/Feb/2025:13:56:15 +0100] "GET /Jurek/ekuchcikowo/feeds/ekuchcikowo_cdon_fi.xml HTTP/1.1" 200 12887982 "-" "python-requests/2.32.3"
85.232.241.194 - - [07/Feb/2025:13:56:15 +0100] "GET /Jurek/galopi/feeds/galopi_cdon_se.xml HTTP/1.1" 200 1885160 "-" "python-requests/2.32.3"
85.232.241.194 - - [07/Feb/2025:13:56:15 +0100] "GET /Jurek/galopi/feeds/galopi_cdon_dk.xml HTTP/1.1" 200 1885145 "-" "python-requests/2.32.3"
85.232.241.194 - - [07/Feb/2025:13:56:15 +0100] "GET /Jurek/galopi/feeds/galopi_cdon_fi.xml HTTP/1.1" 200 1884682 "-" "python-requests/2.32.3"
85.232.241.194 - - [07/Feb/2025:13:56:15 +0100] "GET /Jurek/spali/feeds/spali_cdon_se.xml HTTP/1.1" 200 101980 "-" "python-requests/2.32.3"
85.232.241.194 - - [07/Feb/2025:13:56:15 +0100] "GET /Jurek/spali/feeds/spali_cdon_dk.xml HTTP/1.1" 200 101977 "-" "python-requests/2.32.3"
85.232.241.194 - - [07/Feb/2025:13:56:15 +0100] "GET /Jurek/spali/feeds/spali_cdon_fi.xml HTTP/1.1" 200 101950 "-" "python-requests/2.32.3"
85.232.241.194 - - [07/Feb/2025:13:56:15 +0100] "GET /Jurek/combine/feeds/combine_cdon_se.xml HTTP/1.1" 200 210579 "-" "python-requests/2.32.3"
85.232.241.194 - - [07/Feb/2025:13:56:15 +0100] "GET /Jurek/combine/feeds/combine_cdon_dk.xml HTTP/1.1" 200 210578 "-" "python-requests/2.32.3"
85.232.241.194 - - [07/Feb/2025:13:56:15 +0100] "GET /Jurek/combine/feeds/combine_cdon_fi.xml HTTP/1.1" 200 210553 "-" "python-requests/2.32.3"
85.232.241.194 - - [07/Feb/2025:13:56:15 +0100] "GET /Jurek/targethome/feeds/targethome_cdon_se.xml HTTP/1.1" 200 683708 "-" "python-requests/2.32.3"
85.232.241.194 - - [07/Feb/2025:13:56:15 +0100] "GET /Jurek/targethome/feeds/targethome_cdon_dk.xml HTTP/1.1" 200 683688 "-" "python-requests/2.32.3"
85.232.241.194 - - [07/Feb/2025:13:56:15 +0100] "GET /Jurek/targethome/feeds/targethome_cdon_fi.xml HTTP/1.1" 200 683584 "-" "python-requests/2.32.3"
85.232.241.194 - - [07/Feb/2025:13:56:15 +0100] "GET /Jurek/ekolight/feeds/ekolioght_cdon_se.xml HTTP/1.1" 200 9055566 "-" "python-requests/2.32.3"
85.232.241.194 - - [07/Feb/2025:13:56:15 +0100] "GET /Jurek/ekolight/feeds/ekolioght_cdon_dk.xml HTTP/1.1" 200 9054878 "-" "python-requests/2.32.3"
85.232.241.194 - - [07/Feb/2025:13:56:15 +0100] "GET /Jurek/ekolight/feeds/ekolioght_cdon_fi.xml HTTP/1.1" 200 9051645 "-" "python-requests/2.32.3"
85.232.241.194 - - [07/Feb/2025:13:56:15 +0100] "GET /Jurek/eroplace/feeds/eroplace_cdon_se.xml HTTP/1.1" 200 30863138 "-" "python-requests/2.32.3"
85.232.241.194 - - [07/Feb/2025:13:56:15 +0100] "GET /Jurek/eroplace/feeds/eroplace_cdon_dk.xml HTTP/1.1" 200 30862329 "-" "python-requests/2.32.3"
85.232.241.194 - - [07/Feb/2025:13:56:16 +0100] "GET /Jurek/eroplace/feeds/eroplace_cdon_fi.xml HTTP/1.1" 200 30849673 "-" "python-requests/2.32.3"
85.232.241.194 - - [07/Feb/2025:13:56:16 +0100] "GET /Jurek/velinda/feeds/velinda_cdon_se.xml HTTP/1.1" 200 4297165 "-" "python-requests/2.32.3"
85.232.241.194 - - [07/Feb/2025:13:56:16 +0100] "GET /Jurek/velinda/feeds/velinda_cdon_dk.xml HTTP/1.1" 200 4283570 "-" "python-requests/2.32.3"
85.232.241.194 - - [07/Feb/2025:13:56:16 +0100] "GET /Jurek/velinda/feeds/velinda_cdon_fi.xml HTTP/1.1" 200 4282507 "-" "python-requests/2.32.3"
85.232.241.194 - - [07/Feb/2025:13:56:16 +0100] "GET /Jurek/bass_new/feeds/bass_cdon_se.xml HTTP/1.1" 200 7043228 "-" "python-requests/2.32.3"
85.232.241.194 - - [07/Feb/2025:13:56:16 +0100] "GET /Jurek/bass_new/feeds/bass_cdon_dk.xml HTTP/1.1" 200 7042950 "-" "python-requests/2.32.3"
85.232.241.194 - - [07/Feb/2025:13:56:16 +0100] "GET /Jurek/bass_new/feeds/bass_cdon_fi.xml HTTP/1.1" 200 7041013 "-" "python-requests/2.32.3"
66.249.69.69 - - [07/Feb/2025:13:57:10 +0100] "GET /Jurek/eurofirany/images/398409/4.jpg HTTP/1.1" 200 210952 "-" "Googlebot-Image/1.0"
89.161.206.59 - - [07/Feb/2025:13:57:35 +0100] "GET /Jurek/eldar/feeds/eldar_emagro.xml HTTP/1.0" 404 3551 "-" "-"
77.79.248.229 - - [07/Feb/2025:13:58:04 +0100] "GET /Filip/zalando/zalando-logo.jpg HTTP/1.1" 200 5121 "-" "-"
77.79.248.229 - - [07/Feb/2025:13:58:04 +0100] "GET /Filip/zalando/zalando-logo.jpg HTTP/1.1" 200 5121 "-" "-"
77.79.248.229 - - [07/Feb/2025:13:58:11 +0100] "GET /Filip/zalando/zalando-logo.jpg HTTP/1.1" 200 5121 "-" "-"
77.79.248.229 - - [07/Feb/2025:13:58:11 +0100] "GET /Filip/zalando/zalando-logo.jpg HTTP/1.1" 200 5121 "-" "-"
77.79.248.229 - - [07/Feb/2025:13:58:16 +0100] "GET /Filip/zalando/zalando-logo.jpg HTTP/1.1" 200 5121 "-" "-"
77.79.248.229 - - [07/Feb/2025:13:58:16 +0100] "GET /Filip/zalando/zalando-logo.jpg HTTP/1.1" 200 5121 "-" "-"
193.33.8.61 - - [07/Feb/2025:13:58:17 +0100] "GET /Jurek/winoszarnia/feeds/winoszarnia_zero.xml HTTP/2.0" 200 6128947 "https://konsola.dkkapusta1997.usermd.net/" "Mozilla/5.0 (Windows NT 10.0; Win64; x64) AppleWebKit/537.36 (KHTML, like Gecko) Chrome/132.0.0.0 Safari/537.36"
77.79.248.229 - - [07/Feb/2025:13:58:22 +0100] "GET /Jurek/winoszarnia/feeds/winoszarnia_zero.xml HTTP/1.1" 200 6128947 "-" "Python-urllib/3.11"
77.79.248.229 - - [07/Feb/2025:13:58:23 +0100] "GET /Filip/zalando/zalando-logo.jpg HTTP/1.1" 200 5121 "-" "-"
77.79.248.229 - - [07/Feb/2025:13:58:23 +0100] "GET /Filip/zalando/zalando-logo.jpg HTTP/1.1" 200 5121 "-" "-"
193.33.8.61 - - [07/Feb/2025:13:58:44 +0100] "GET /Jurek/drewdon/feeds/drewdon_cdon_se.xml HTTP/2.0" 200 504557 "https://konsola.dkkapusta1997.usermd.net/" "Mozilla/5.0 (Windows NT 10.0; Win64; x64) AppleWebKit/537.36 (KHTML, like Gecko) Chrome/132.0.0.0 Safari/537.36"
193.33.8.61 - - [07/Feb/2025:13:58:45 +0100] "GET /Jurek/drewdon/feeds/drewdon_cdon_dk.xml HTTP/2.0" 200 504554 "https://konsola.dkkapusta1997.usermd.net/" "Mozilla/5.0 (Windows NT 10.0; Win64; x64) AppleWebKit/537.36 (KHTML, like Gecko) Chrome/132.0.0.0 Safari/537.36"
193.33.8.61 - - [07/Feb/2025:13:58:45 +0100] "GET /Jurek/drewdon/feeds/drewdon_cdon_fi.xml HTTP/2.0" 200 504476 "https://konsola.dkkapusta1997.usermd.net/" "Mozilla/5.0 (Windows NT 10.0; Win64; x64) AppleWebKit/537.36 (KHTML, like Gecko) Chrome/132.0.0.0 Safari/537.36"
77.79.248.229 - - [07/Feb/2025:13:58:55 +0100] "GET /Jurek/drewdon/feeds/drewdon_cdon_se.xml HTTP/1.1" 200 504557 "-" "Python-urllib/3.11"
66.249.69.68 - - [07/Feb/2025:14:00:05 +0100] "GET /Jurek/eurofirany/images/388723/2.jpg HTTP/1.1" 200 36676 "-" "Googlebot-Image/1.0"
85.14.86.141 - - [07/Feb/2025:14:00:44 +0100] "GET /Jurek/vida_morele/feeds/VidaPL_all.xml HTTP/2.0" 200 694234281 "-" "MarketplaceAPI curl/7.64.0 PHP/8"
52.209.168.113 - - [07/Feb/2025:14:00:45 +0100] "GET /marketplaces/ubaldi/results/ubaldi.csv HTTP/1.1" 200 147219 "-" "Mirakl HttpClient"
89.161.206.59 - - [07/Feb/2025:14:01:33 +0100] "GET /Jurek/eroplace/feeds/eroplace_amazonit.xml HTTP/1.0" 200 30850024 "-" "-"
193.33.8.61 - - [07/Feb/2025:14:01:37 +0100] "GET /Jurek/eldar/feeds/eldar_zero.xml HTTP/2.0" 200 7322193 "https://konsola.dkkapusta1997.usermd.net/" "Mozilla/5.0 (Windows NT 10.0; Win64; x64) AppleWebKit/537.36 (KHTML, like Gecko) Chrome/132.0.0.0 Safari/537.36"
77.79.248.229 - - [07/Feb/2025:14:01:40 +0100] "GET /Jurek/eldar/feeds/eldar_zero.xml HTTP/1.1" 200 7322193 "-" "Python-urllib/3.11"
193.33.8.61 - - [07/Feb/2025:14:01:53 +0100] "GET /Jurek/eany/data.csv HTTP/2.0" 200 26288819 "https://dkkapusta1997.usermd.net/Jurek/eany/" "Mozilla/5.0 (Windows NT 10.0; Win64; x64) AppleWebKit/537.36 (KHTML, like Gecko) Chrome/132.0.0.0 Safari/537.36"
52.17.80.36 - - [07/Feb/2025:14:02:17 +0100] "GET /marketplaces/rue/results/rue.csv HTTP/1.1" 200 6792864 "-" "Mirakl HttpClient"
85.14.86.141 - - [07/Feb/2025:14:03:08 +0100] "GET /Jurek/kinghoff/feeds/kinghoff_morele.xml HTTP/2.0" 200 14282517 "-" "MarketplaceAPI curl/7.64.0 PHP/8"
193.33.8.61 - - [07/Feb/2025:14:04:11 +0100] "GET /Jurek/reman/feeds/reman_zero.xml HTTP/2.0" 200 1394831 "https://konsola.dkkapusta1997.usermd.net/" "Mozilla/5.0 (Windows NT 10.0; Win64; x64) AppleWebKit/537.36 (KHTML, like Gecko) Chrome/132.0.0.0 Safari/537.36"
77.79.248.229 - - [07/Feb/2025:14:04:14 +0100] "GET /Jurek/reman/feeds/reman_zero.xml HTTP/1.1" 200 1394831 "-" "Python-urllib/3.11"
89.161.206.59 - - [07/Feb/2025:14:04:28 +0100] "GET /Jurek/ikonka/feeds/ikonka_allegro_cz.xml HTTP/1.0" 200 22178166 "-" "-"
85.14.86.141 - - [07/Feb/2025:14:05:28 +0100] "GET /Jurek/eurofirany/feeds/eurofirany_morele.xml HTTP/2.0" 200 18976979 "-" "MarketplaceAPI curl/7.64.0 PHP/8"
85.14.86.141 - - [07/Feb/2025:14:05:48 +0100] "GET /Jurek/vivaldi/feeds/vivaldi_Morele-PL.xml HTTP/2.0" 200 344674 "-" "MarketplaceAPI curl/7.64.0 PHP/8"
85.14.86.141 - - [07/Feb/2025:14:06:52 +0100] "GET /Jurek/aw/feeds/awnarzedzia_morele.xml HTTP/2.0" 200 90601700 "-" "MarketplaceAPI curl/7.64.0 PHP/8"
85.14.86.141 - - [07/Feb/2025:14:07:17 +0100] "GET /Jurek/vida_morele/feeds/VidaPL_morele.xml HTTP/2.0" 200 694235482 "-" "MarketplaceAPI curl/7.64.0 PHP/8"
85.14.86.141 - - [07/Feb/2025:14:07:43 +0100] "GET /Jurek/miloohome/feeds/miloohome_morele.xml HTTP/2.0" 200 1421250 "-" "MarketplaceAPI curl/7.64.0 PHP/8"
89.161.206.59 - - [07/Feb/2025:14:07:46 +0100] "GET /Jurek/oromed/feeds/oromed_skroutz.xml HTTP/1.0" 200 975738 "-" "-"
89.161.206.59 - - [07/Feb/2025:14:07:47 +0100] "GET /Jurek/ralmetal/feeds/ralmetal_skroutz.xml HTTP/1.0" 200 1786744 "-" "-"
77.79.248.229 - - [07/Feb/2025:14:07:57 +0100] "GET /Jurek/zepnij/feeds/zepnij_zero.xml HTTP/1.1" 200 19522244 "-" "Python-urllib/3.11"
85.14.86.141 - - [07/Feb/2025:14:08:00 +0100] "GET /Jurek/beliani/feeds/beliani_morele.xml HTTP/2.0" 200 31863900 "-" "MarketplaceAPI curl/7.64.0 PHP/8"
193.33.8.61 - - [07/Feb/2025:14:08:00 +0100] "GET /Jurek/zepnij/feeds/zepnij_zero.xml HTTP/2.0" 200 19522244 "https://konsola.dkkapusta1997.usermd.net/" "Mozilla/5.0 (Windows NT 10.0; Win64; x64) AppleWebKit/537.36 (KHTML, like Gecko) Chrome/132.0.0.0 Safari/537.36"
