77.79.248.229 - - [07/Feb/2025:11:27:54 +0100] "GET /Jurek/primohurt/feeds/primohurt_piguFI.xml HTTP/1.1" 200 17187297 "-" "Python-urllib/3.11"
77.79.248.229 - - [07/Feb/2025:11:27:54 +0100] "GET /Jurek/dekoele/feeds/dekoele_pigu.xml HTTP/1.1" 200 733942 "-" "Python-urllib/3.11"
77.79.248.229 - - [07/Feb/2025:11:27:54 +0100] "GET /Jurek/dekoele/feeds/dekoele_piguFI.xml HTTP/1.1" 200 733933 "-" "Python-urllib/3.11"
77.79.248.229 - - [07/Feb/2025:11:27:54 +0100] "GET /Jurek/rider/feeds/rider_pigu.xml HTTP/1.1" 200 8165167 "-" "Python-urllib/3.11"
77.79.248.229 - - [07/Feb/2025:11:27:54 +0100] "GET /Jurek/rider/feeds/rider_piguFI.xml HTTP/1.1" 200 8165198 "-" "Python-urllib/3.11"
77.79.248.229 - - [07/Feb/2025:11:27:54 +0100] "GET /Jurek/expertauto/feeds/expertauto_pigu.xml HTTP/1.1" 200 1158929 "-" "Python-urllib/3.11"
77.79.248.229 - - [07/Feb/2025:11:27:54 +0100] "GET /Jurek/expertauto/feeds/expertauto_piguFI.xml HTTP/1.1" 200 1158927 "-" "Python-urllib/3.11"
77.79.248.229 - - [07/Feb/2025:11:27:56 +0100] "GET /Jurek/awparts/feeds/awparts_pigu.xml HTTP/1.1" 200 142300124 "-" "Python-urllib/3.11"
77.79.248.229 - - [07/Feb/2025:11:27:58 +0100] "GET /Jurek/awparts/feeds/awparts_piguFI.xml HTTP/1.1" 200 142302463 "-" "Python-urllib/3.11"
77.79.248.229 - - [07/Feb/2025:11:28:00 +0100] "GET /Jurek/hurtownia_przemyslowa/feeds/hp_piguex.xml HTTP/1.1" 200 49871305 "-" "Python-urllib/3.11"
77.79.248.229 - - [07/Feb/2025:11:28:02 +0100] "GET /Jurek/hurtownia_przemyslowa/feeds/hp_piguexFI.xml HTTP/1.1" 200 49871540 "-" "Python-urllib/3.11"
77.79.248.229 - - [07/Feb/2025:11:28:03 +0100] "GET /Jurek/hurtownia_przemyslowa/feeds/hp_piguex.xml HTTP/1.1" 200 49871305 "-" "Python-urllib/3.11"
77.79.248.229 - - [07/Feb/2025:11:28:04 +0100] "GET /Jurek/hurtownia_przemyslowa/feeds/hp_piguex.xml HTTP/1.1" 200 49871305 "-" "Python-urllib/3.11"
77.79.248.229 - - [07/Feb/2025:11:28:04 +0100] "GET /Jurek/topeshop/feeds/topeshop_piguEX.xml HTTP/1.1" 200 2403358 "-" "Python-urllib/3.11"
77.79.248.229 - - [07/Feb/2025:11:28:05 +0100] "GET /Jurek/topeshop/feeds/topeshop_piguFIEX.xml HTTP/1.1" 200 2403428 "-" "Python-urllib/3.11"
77.79.248.229 - - [07/Feb/2025:11:28:05 +0100] "GET /Jurek/topeshop/feeds/topeshop_piguEX.xml HTTP/1.1" 200 2403358 "-" "Python-urllib/3.11"
77.79.248.229 - - [07/Feb/2025:11:28:05 +0100] "GET /Jurek/topeshop/feeds/topeshop_piguEX.xml HTTP/1.1" 200 2403358 "-" "Python-urllib/3.11"
89.161.206.59 - - [07/Feb/2025:11:28:34 +0100] "GET /Jurek/rider/feeds/rider_skroutz.xml HTTP/1.0" 200 8165202 "-" "-"
193.33.8.61 - - [07/Feb/2025:11:29:19 +0100] "GET /Jurek/drewdon/output.txt HTTP/2.0" 200 3064 "https://konsola.dkkapusta1997.usermd.net/" "Mozilla/5.0 (Windows NT 10.0; Win64; x64) AppleWebKit/537.36 (KHTML, like Gecko) Chrome/132.0.0.0 Safari/537.36"
193.33.8.61 - - [07/Feb/2025:11:29:41 +0100] "GET /Jurek/rider/feeds/rider_zero.xml HTTP/2.0" 200 8164695 "https://konsola.dkkapusta1997.usermd.net/" "Mozilla/5.0 (Windows NT 10.0; Win64; x64) AppleWebKit/537.36 (KHTML, like Gecko) Chrome/132.0.0.0 Safari/537.36"
77.79.248.229 - - [07/Feb/2025:11:29:46 +0100] "GET /Jurek/rider/feeds/rider_zero.xml HTTP/1.1" 200 8164695 "-" "Python-urllib/3.11"
89.161.206.59 - - [07/Feb/2025:11:29:54 +0100] "GET /Jurek/ikonka/feeds/ikonka_skroutz.xml HTTP/1.0" 200 22190609 "-" "-"
89.161.206.59 - - [07/Feb/2025:11:31:11 +0100] "GET /Jurek/fertone/feeds/fertone_allegro.xml HTTP/1.0" 200 626348 "-" "-"
193.33.8.61 - - [07/Feb/2025:11:32:17 +0100] "GET /Jurek/motofan/feeds/motofan_zero.xml HTTP/2.0" 200 2392300 "https://konsola.dkkapusta1997.usermd.net/" "Mozilla/5.0 (Windows NT 10.0; Win64; x64) AppleWebKit/537.36 (KHTML, like Gecko) Chrome/132.0.0.0 Safari/537.36"
77.79.248.229 - - [07/Feb/2025:11:32:22 +0100] "GET /Jurek/motofan/feeds/motofan_zero.xml HTTP/1.1" 200 2392300 "-" "Python-urllib/3.11"
52.209.168.113 - - [07/Feb/2025:11:33:22 +0100] "GET /marketplaces/worten2/results/worten.csv HTTP/1.1" 200 16254316 "-" "Mirakl HttpClient"
46.101.116.244 - - [07/Feb/2025:11:35:23 +0100] "GET /Jurek/aw/feeds/awnarzedzia_skroutz.xml HTTP/1.0" 200 90590994 "-" "-"
193.33.8.61 - - [07/Feb/2025:11:35:53 +0100] "GET /Jurek/zepnij/output.txt HTTP/2.0" 200 6136 "https://konsola.dkkapusta1997.usermd.net/" "Mozilla/5.0 (Windows NT 10.0; Win64; x64) AppleWebKit/537.36 (KHTML, like Gecko) Chrome/132.0.0.0 Safari/537.36"
89.161.206.59 - - [07/Feb/2025:11:37:55 +0100] "GET /Jurek/eurofirany/feeds/eurofirany_skroutz.xml HTTP/1.0" 200 18977597 "-" "-"
193.33.8.61 - - [07/Feb/2025:11:39:10 +0100] "GET /Jurek/primohurt/output.txt HTTP/2.0" 200 4195 "https://konsola.dkkapusta1997.usermd.net/" "Mozilla/5.0 (Windows NT 10.0; Win64; x64) AppleWebKit/537.36 (KHTML, like Gecko) Chrome/132.0.0.0 Safari/537.36"
193.33.8.61 - - [07/Feb/2025:11:39:25 +0100] "GET /Jurek/zepnij/output.txt HTTP/2.0" 200 6136 "https://konsola.dkkapusta1997.usermd.net/" "Mozilla/5.0 (Windows NT 10.0; Win64; x64) AppleWebKit/537.36 (KHTML, like Gecko) Chrome/132.0.0.0 Safari/537.36"
193.33.8.61 - - [07/Feb/2025:11:39:50 +0100] "GET /Jurek/ekotex/feeds/ekotex_pigu.xml HTTP/2.0" 304 0 "https://konsola.dkkapusta1997.usermd.net/" "Mozilla/5.0 (Windows NT 10.0; Win64; x64) AppleWebKit/537.36 (KHTML, like Gecko) Chrome/132.0.0.0 Safari/537.36"
77.79.248.229 - - [07/Feb/2025:11:40:54 +0100] "GET /Jurek/ekotex/feeds/ekotex_pigu.xml HTTP/1.1" 200 197810 "-" "Python-urllib/3.11"
46.101.116.244 - - [07/Feb/2025:11:40:56 +0100] "GET /Jurek/topeshop/feeds/topeshop_skr.xml HTTP/1.0" 200 2403408 "-" "-"
46.101.116.244 - - [07/Feb/2025:11:41:22 +0100] "GET /Jurek/eurofirany/feeds/eurofirany_amazaon_de.xml HTTP/1.0" 200 18977568 "-" "-"
89.161.206.59 - - [07/Feb/2025:11:41:24 +0100] "GET /Jurek/topeshop/feeds/topeshop_amazonFR.xml HTTP/1.0" 200 2403333 "-" "-"
89.161.206.59 - - [07/Feb/2025:11:41:25 +0100] "GET /Jurek/topeshop/feeds/topeshop_amazonIT.xml HTTP/1.0" 200 2403317 "-" "-"
89.161.206.59 - - [07/Feb/2025:11:41:27 +0100] "GET /Jurek/topeshop/feeds/topeshop_amazonDE.xml HTTP/1.0" 200 2403195 "-" "-"
89.161.206.59 - - [07/Feb/2025:11:41:28 +0100] "GET /Jurek/topeshop/feeds/topeshop_amazonSE.xml HTTP/1.0" 200 2404110 "-" "-"
89.161.206.59 - - [07/Feb/2025:11:41:29 +0100] "GET /Jurek/topeshop/feeds/topeshop_amazonES.xml HTTP/1.0" 200 2403315 "-" "-"
89.161.206.59 - - [07/Feb/2025:11:41:31 +0100] "GET /Jurek/topeshop/feeds/topeshop_amazonNL.xml HTTP/1.0" 200 2403392 "-" "-"
89.161.206.59 - - [07/Feb/2025:11:41:32 +0100] "GET /Jurek/topeshop/feeds/topeshop_amazonBE.xml HTTP/1.0" 200 2403387 "-" "-"
89.161.206.59 - - [07/Feb/2025:11:41:36 +0100] "GET /Jurek/ikonka/feeds/ikonka_amazonES.xml HTTP/1.0" 200 22190667 "-" "-"
89.161.206.59 - - [07/Feb/2025:11:41:39 +0100] "GET /Jurek/hurtownia_przemyslowa/feeds/hp_amazonDE.xml HTTP/1.0" 200 49871809 "-" "-"
89.161.206.59 - - [07/Feb/2025:11:41:40 +0100] "GET /Jurek/ikonka/feeds/ikonka_amazonNL.xml HTTP/1.0" 200 22190606 "-" "-"
89.161.206.59 - - [07/Feb/2025:11:41:40 +0100] "GET /Jurek/asortymenteu/feeds/asortymenteu_skroutz_great.xml HTTP/1.0" 200 2510241 "-" "-"
89.161.206.59 - - [07/Feb/2025:11:41:43 +0100] "GET /Jurek/kinghoff/feeds/kinghoff_amazon_de.xml HTTP/1.0" 200 14281911 "-" "-"
89.161.206.59 - - [07/Feb/2025:11:41:44 +0100] "GET /Jurek/bass/feeds/bass_amazonde.xml HTTP/1.0" 200 3983850 "-" "-"
89.161.206.59 - - [07/Feb/2025:11:41:44 +0100] "GET /Jurek/bass/feeds/bass_amazonit.xml HTTP/1.0" 200 3984023 "-" "-"
89.161.206.59 - - [07/Feb/2025:11:41:45 +0100] "GET /Jurek/bass/feeds/bass_amazonit.xml HTTP/1.0" 200 3984023 "-" "-"
89.161.206.59 - - [07/Feb/2025:11:41:45 +0100] "GET /Jurek/bass/feeds/bass_amazonnl.xml HTTP/1.0" 200 3983928 "-" "-"
89.161.206.59 - - [07/Feb/2025:11:41:45 +0100] "GET /Jurek/bass/feeds/bass_amazonnl.xml HTTP/1.0" 200 3983928 "-" "-"
89.161.206.59 - - [07/Feb/2025:11:41:45 +0100] "GET /Jurek/bass/feeds/bass_amazones.xml HTTP/1.0" 200 3984032 "-" "-"
89.161.206.59 - - [07/Feb/2025:11:41:45 +0100] "GET /Jurek/bass/feeds/bass_amazonse.xml HTTP/1.0" 200 3985707 "-" "-"
89.161.206.59 - - [07/Feb/2025:11:41:58 +0100] "GET /Jurek/kambukka/feeds/kambukka_amazones.xml HTTP/1.0" 200 973312 "-" "-"
89.161.206.59 - - [07/Feb/2025:11:41:58 +0100] "GET /Jurek/waks/feeds/waks_amazonde.xml HTTP/1.0" 200 6332943 "-" "-"
89.161.206.59 - - [07/Feb/2025:11:41:58 +0100] "GET /Jurek/waks/feeds/waks_amazonfr.xml HTTP/1.0" 200 6332991 "-" "-"
89.161.206.59 - - [07/Feb/2025:11:41:59 +0100] "GET /Jurek/waks/feeds/waks_amazonfr.xml HTTP/1.0" 200 6332991 "-" "-"
89.161.206.59 - - [07/Feb/2025:11:41:59 +0100] "GET /Jurek/waks/feeds/waks_amazonse.xml HTTP/1.0" 200 6335480 "-" "-"
89.161.206.59 - - [07/Feb/2025:11:42:01 +0100] "GET /Jurek/eroplace/feeds/eroplace_amazonnl.xml HTTP/1.0" 200 30849332 "-" "-"
89.161.206.59 - - [07/Feb/2025:11:42:06 +0100] "GET /Jurek/oromed/feeds/oromed_amazonbe.xml HTTP/1.0" 200 970153 "-" "-"
77.79.248.229 - - [07/Feb/2025:11:42:23 +0100] "GET /Jurek/wenom/feeds/wenom_cdon_dk.xml HTTP/1.1" 200 583277 "-" "Python-urllib/3.11"
5.134.208.158 - - [07/Feb/2025:11:43:06 +0100] "GET /Jurek/eurofirany/images/459831/0.jpg HTTP/1.1" 206 256 "https://www.ceneo.pl" "Mozilla/5.0 (Windows NT 10.0; Win64; x64) AppleWebKit/537.36 (KHTML, like Gecko) Chrome/87.0.4280.141 Safari/537.36"
89.161.206.59 - - [07/Feb/2025:11:43:08 +0100] "GET /Jurek/eurofirany/feeds/eurofirany_manomanofr.xml HTTP/1.0" 200 18977713 "-" "-"
77.79.248.229 - - [07/Feb/2025:11:43:25 +0100] "GET /Jurek/wenom/feeds/wenom_cdon_fi.xml HTTP/1.1" 200 583211 "-" "Python-urllib/3.11"
46.101.116.244 - - [07/Feb/2025:11:43:30 +0100] "GET /Jurek/ekuchcikowo/feeds/ekuchcikowo_mallsi.xml HTTP/2.0" 200 12888007 "-" "-"
46.101.116.244 - - [07/Feb/2025:11:43:42 +0100] "GET /Jurek/sempler/feeds/sempler_mallsi.xml HTTP/2.0" 200 6553281 "-" "-"
46.101.116.244 - - [07/Feb/2025:11:43:53 +0100] "GET /Jurek/bass/feeds/bass_mallsi.xml HTTP/2.0" 200 3983906 "-" "-"
77.79.248.229 - - [07/Feb/2025:11:44:03 +0100] "GET /Jurek/aw/feeds/awnarzedzia_leroy.xml HTTP/1.1" 200 90589535 "-" "Python-urllib/3.11"
77.79.248.229 - - [07/Feb/2025:11:44:04 +0100] "GET /Jurek/hurtownia_przemyslowa/feeds/hp_leroy.xml HTTP/1.1" 200 49871200 "-" "Python-urllib/3.11"
77.79.248.229 - - [07/Feb/2025:11:44:05 +0100] "GET /Jurek/unimet/feeds/unimet_leroy.xml HTTP/1.1" 200 61056317 "-" "Python-urllib/3.11"
77.79.248.229 - - [07/Feb/2025:11:44:06 +0100] "GET /Jurek/action/feeds/action_leroy.xml HTTP/1.1" 200 55047336 "-" "Python-urllib/3.11"
77.79.248.229 - - [07/Feb/2025:11:44:09 +0100] "GET /Jurek/b3/feeds/b3_leroy.xml HTTP/1.1" 200 7199598 "-" "Python-urllib/3.11"
77.79.248.229 - - [07/Feb/2025:11:44:10 +0100] "GET /Jurek/topeshop/feeds/topeshop_leroy.xml HTTP/1.1" 200 2403320 "-" "Python-urllib/3.11"
77.79.248.229 - - [07/Feb/2025:11:44:12 +0100] "GET /Jurek/eurofirany/feeds/eurofirany_leroy.xml HTTP/1.1" 200 18977750 "-" "Python-urllib/3.11"
77.79.248.229 - - [07/Feb/2025:11:44:12 +0100] "GET /Jurek/fernity/feeds/fernity_leroy.xml HTTP/1.1" 200 5125446 "-" "Python-urllib/3.11"
77.79.248.229 - - [07/Feb/2025:11:44:13 +0100] "GET /Jurek/kambukka/feeds/kambukka_leroy.xml HTTP/1.1" 200 973316 "-" "Python-urllib/3.11"
77.79.248.229 - - [07/Feb/2025:11:44:13 +0100] "GET /Jurek/ikonka/feeds/ikonka_leroy.xml HTTP/1.1" 200 22190654 "-" "Python-urllib/3.11"
77.79.248.229 - - [07/Feb/2025:11:44:13 +0100] "GET /Jurek/oromed/feeds/oromed_leroy.xml HTTP/1.1" 200 970150 "-" "Python-urllib/3.11"
77.79.248.229 - - [07/Feb/2025:11:44:14 +0100] "GET /Jurek/benetech/feeds/benetech_leroy.xml HTTP/1.1" 200 4451840 "-" "Python-urllib/3.11"
77.79.248.229 - - [07/Feb/2025:11:44:14 +0100] "GET /Jurek/octopia/feeds/octopia_leroy.xml HTTP/1.1" 200 10452432 "-" "Python-urllib/3.11"
77.79.248.229 - - [07/Feb/2025:11:44:15 +0100] "GET /Jurek/waks/feeds/waks_leroy.xml HTTP/1.1" 200 6333048 "-" "Python-urllib/3.11"
77.79.248.229 - - [07/Feb/2025:11:44:16 +0100] "GET /Jurek/kinghoff/feeds/kinghoff_leroy.xml HTTP/1.1" 200 14281861 "-" "Python-urllib/3.11"
77.79.248.229 - - [07/Feb/2025:11:44:16 +0100] "GET /Jurek/hdwr/feeds/hdwr_leroy.xml HTTP/1.1" 200 777987 "-" "Python-urllib/3.11"
46.101.116.244 - - [07/Feb/2025:11:44:18 +0100] "GET /Jurek/slayo/feeds/slayo_mallsi.xml HTTP/2.0" 200 195532 "-" "-"
77.79.248.229 - - [07/Feb/2025:11:44:18 +0100] "GET /Jurek/barbecook/feeds/barbecook_leroy.xml HTTP/1.1" 200 87533 "-" "Python-urllib/3.11"
77.79.248.229 - - [07/Feb/2025:11:44:18 +0100] "GET /Jurek/sempler/feeds/sempler_leroy.xml HTTP/1.1" 200 6553253 "-" "Python-urllib/3.11"
77.79.248.229 - - [07/Feb/2025:11:44:18 +0100] "GET /Jurek/kinghome/feeds/kinghome_leroy.xml HTTP/1.1" 200 5734601 "-" "Python-urllib/3.11"
77.79.248.229 - - [07/Feb/2025:11:44:19 +0100] "GET /Jurek/ekolight/feeds/ekolioght_leroy.xml HTTP/1.1" 200 9051735 "-" "Python-urllib/3.11"
77.79.248.229 - - [07/Feb/2025:11:44:19 +0100] "GET /Jurek/bimboland/feeds/bimboland_leroy.xml HTTP/1.1" 200 2485726 "-" "Python-urllib/3.11"
77.79.248.229 - - [07/Feb/2025:11:44:21 +0100] "GET /Jurek/eroplace/feeds/eroplace_leroy.xml HTTP/1.1" 200 30849207 "-" "Python-urllib/3.11"
77.79.248.229 - - [07/Feb/2025:11:44:21 +0100] "GET /Jurek/hurtmeblowy/feeds/hurtmeblowy_leroy.xml HTTP/1.1" 200 8039251 "-" "Python-urllib/3.11"
77.79.248.229 - - [07/Feb/2025:11:44:22 +0100] "GET /Jurek/fertone/feeds/fertone_leroy.xml HTTP/1.1" 200 626226 "-" "Python-urllib/3.11"
77.79.248.229 - - [07/Feb/2025:11:44:22 +0100] "GET /Jurek/ekuchcikowo/feeds/ekuchcikowo_leroy.xml HTTP/1.1" 200 12887988 "-" "Python-urllib/3.11"
46.101.116.244 - - [07/Feb/2025:11:44:28 +0100] "GET /Jurek/mosti/feeds/mosti_mallsi.xml HTTP/2.0" 200 9249906 "-" "-"
77.79.248.229 - - [07/Feb/2025:11:44:28 +0100] "GET /Jurek/intsell/feeds/intsell_leroy.xml HTTP/1.1" 200 338789431 "-" "Python-urllib/3.11"
77.79.248.229 - - [07/Feb/2025:11:44:29 +0100] "GET /Jurek/velinda/feeds/velinda_leroy.xml HTTP/1.1" 200 4282387 "-" "Python-urllib/3.11"
46.101.116.244 - - [07/Feb/2025:11:44:29 +0100] "GET /Jurek/amzteam/feeds/amzteam_mallsi.xml HTTP/2.0" 200 97847 "-" "-"
77.79.248.229 - - [07/Feb/2025:11:44:29 +0100] "GET /Jurek/spali/feeds/spali_leroy.xml HTTP/1.1" 200 101948 "-" "Python-urllib/3.11"
77.79.248.229 - - [07/Feb/2025:11:44:29 +0100] "GET /Jurek/urwiskowo/feeds/urwiskowo_leroy.xml HTTP/1.1" 200 9114850 "-" "Python-urllib/3.11"
77.79.248.229 - - [07/Feb/2025:11:44:30 +0100] "GET /Jurek/erohurtownia/feeds/erohurtownia_leroy.xml HTTP/1.1" 200 23304144 "-" "Python-urllib/3.11"
77.79.248.229 - - [07/Feb/2025:11:44:30 +0100] "GET /Jurek/elecomp/feeds/elecomp_leroy.xml HTTP/1.1" 200 2869610 "-" "Python-urllib/3.11"
77.79.248.229 - - [07/Feb/2025:11:44:31 +0100] "GET /Jurek/luxma/feeds/luxma_leroy.xml HTTP/1.1" 200 8058962 "-" "Python-urllib/3.11"
46.101.116.244 - - [07/Feb/2025:11:44:31 +0100] "GET /Jurek/artdog/feeds/artdog_mallsi.xml HTTP/2.0" 200 15929801 "-" "-"
77.79.248.229 - - [07/Feb/2025:11:44:32 +0100] "GET /Jurek/coppotech/feeds/coppotech_leroy.xml HTTP/1.1" 200 38985882 "-" "Python-urllib/3.11"
77.79.248.229 - - [07/Feb/2025:11:44:32 +0100] "GET /Jurek/rider/feeds/rider_leroy.xml HTTP/1.1" 200 8165225 "-" "Python-urllib/3.11"
46.101.116.244 - - [07/Feb/2025:11:44:33 +0100] "GET /Jurek/kambukka/feeds/kambukka_mallsi.xml HTTP/2.0" 200 973012 "-" "-"
77.79.248.229 - - [07/Feb/2025:11:44:33 +0100] "GET /Jurek/emaja24/feeds/emaja24_leroy.xml HTTP/1.1" 200 5110283 "-" "Python-urllib/3.11"
77.79.248.229 - - [07/Feb/2025:11:44:33 +0100] "GET /Jurek/eurofryz2/feeds/eurofryz2_leroy.xml HTTP/1.1" 200 1376627 "-" "Python-urllib/3.11"
77.79.248.229 - - [07/Feb/2025:11:44:33 +0100] "GET /Jurek/expertauto/feeds/expertauto_leroy.xml HTTP/1.1" 200 1158927 "-" "Python-urllib/3.11"
77.79.248.229 - - [07/Feb/2025:11:44:33 +0100] "GET /Jurek/najtanszysport/feeds/najtanszysport_leroy.xml HTTP/1.1" 200 3983085 "-" "Python-urllib/3.11"
46.101.116.244 - - [07/Feb/2025:11:44:47 +0100] "GET /Jurek/swiatecznygoliat/feeds/swiatecznygoliat_mallsi.xml HTTP/2.0" 200 7195860 "-" "-"
89.161.206.59 - - [07/Feb/2025:11:45:34 +0100] "GET /Jurek/ikonka/feeds/ikonka_amazonDE.xml HTTP/1.0" 200 22190635 "-" "-"
89.161.206.59 - - [07/Feb/2025:11:45:35 +0100] "GET /Jurek/ikonka/feeds/ikonka_amazonIT.xml HTTP/1.0" 200 22190681 "-" "-"
89.161.206.59 - - [07/Feb/2025:11:45:36 +0100] "GET /Jurek/ikonka/feeds/ikonka_amazonFR.xml HTTP/1.0" 200 22190666 "-" "-"
46.101.116.244 - - [07/Feb/2025:11:45:38 +0100] "GET /Jurek/octopia/feeds/octopia_mallsi.xml HTTP/2.0" 200 10451499 "-" "-"
89.161.206.59 - - [07/Feb/2025:11:45:43 +0100] "GET /Jurek/hdwr/feeds/hdwr_amazonde.xml HTTP/1.0" 200 777786 "-" "-"
89.161.206.59 - - [07/Feb/2025:11:45:43 +0100] "GET /Jurek/hdwr/feeds/hdwr_amazonfr.xml HTTP/1.0" 200 777802 "-" "-"
89.161.206.59 - - [07/Feb/2025:11:45:43 +0100] "GET /Jurek/kambukka/feeds/kambukka_amazonde.xml HTTP/1.0" 200 973317 "-" "-"
89.161.206.59 - - [07/Feb/2025:11:45:43 +0100] "GET /Jurek/benetech/feeds/benetech_amazonde.xml HTTP/1.0" 200 4451815 "-" "-"
89.161.206.59 - - [07/Feb/2025:11:45:44 +0100] "GET /Jurek/sempler/feeds/sempler_amazonbe.xml HTTP/1.0" 200 6553293 "-" "-"
89.161.206.59 - - [07/Feb/2025:11:45:44 +0100] "GET /Jurek/kambukka/feeds/kambukka_amazonbe.xml HTTP/1.0" 200 973339 "-" "-"
89.161.206.59 - - [07/Feb/2025:11:45:45 +0100] "GET /Jurek/eroplace/feeds/eroplace_amazonse.xml HTTP/1.0" 200 30862277 "-" "-"
89.161.206.59 - - [07/Feb/2025:11:45:48 +0100] "GET /Jurek/b3/feeds/b3_amazones.xml HTTP/1.0" 200 7199785 "-" "-"
89.161.206.59 - - [07/Feb/2025:11:45:49 +0100] "GET /Jurek/b3/feeds/b3_amazonbe.xml HTTP/1.0" 200 7199535 "-" "-"
46.101.116.244 - - [07/Feb/2025:11:45:55 +0100] "GET /Jurek/topeshop/feeds/topeshop_mallsi.xml HTTP/2.0" 200 2403335 "-" "-"
89.161.206.59 - - [07/Feb/2025:11:46:05 +0100] "GET /Jurek/benetech/feeds/benetech_allegro.xml HTTP/1.0" 200 4452103 "-" "-"
89.161.206.59 - - [07/Feb/2025:11:46:06 +0100] "GET /Jurek/targethome/feeds/targethome_allegro.xml HTTP/1.0" 200 683634 "-" "-"
193.33.8.61 - - [07/Feb/2025:11:46:19 +0100] "GET /Jurek/antiodor/feeds/antiodor_cdon_se.xml HTTP/2.0" 200 137893 "https://konsola.dkkapusta1997.usermd.net/" "Mozilla/5.0 (Windows NT 10.0; Win64; x64) AppleWebKit/537.36 (KHTML, like Gecko) Chrome/132.0.0.0 Safari/537.36"
193.33.8.61 - - [07/Feb/2025:11:46:21 +0100] "GET /Jurek/antiodor/feeds/antiodor_cdon_dk.xml HTTP/2.0" 200 137888 "https://konsola.dkkapusta1997.usermd.net/" "Mozilla/5.0 (Windows NT 10.0; Win64; x64) AppleWebKit/537.36 (KHTML, like Gecko) Chrome/132.0.0.0 Safari/537.36"
193.33.8.61 - - [07/Feb/2025:11:46:22 +0100] "GET /Jurek/antiodor/feeds/antiodor_cdon_fi.xml HTTP/2.0" 200 137857 "https://konsola.dkkapusta1997.usermd.net/" "Mozilla/5.0 (Windows NT 10.0; Win64; x64) AppleWebKit/537.36 (KHTML, like Gecko) Chrome/132.0.0.0 Safari/537.36"
77.79.248.229 - - [07/Feb/2025:11:46:30 +0100] "GET /Jurek/antiodor/feeds/antiodor_cdon_se.xml HTTP/1.1" 200 137893 "-" "Python-urllib/3.11"
46.101.116.244 - - [07/Feb/2025:11:49:15 +0100] "GET /Jurek/activeshop/feeds/activeshop_mallsi.xml HTTP/2.0" 200 10396101 "-" "-"
77.79.248.229 - - [07/Feb/2025:11:50:03 +0100] "GET /Jurek/eurofirany/feeds/eurofirany_allsweet.xml HTTP/1.1" 200 18981664 "-" "Python-urllib/3.11"
77.79.248.229 - - [07/Feb/2025:11:50:03 +0100] "GET /Jurek/ikonka/feeds/ikonka_all_sweet.xml HTTP/1.1" 200 22191187 "-" "Python-urllib/3.11"
77.79.248.229 - - [07/Feb/2025:11:50:04 +0100] "GET /Jurek/stema/feeds/stema_all.xml HTTP/1.1" 200 860463 "-" "Python-urllib/3.11"
77.79.248.229 - - [07/Feb/2025:11:50:04 +0100] "GET /Jurek/eurofirany/feeds/eurofirany_all_cz.xml HTTP/1.1" 200 18997141 "-" "Python-urllib/3.11"
77.79.248.229 - - [07/Feb/2025:11:50:05 +0100] "GET /Jurek/ikonka/feeds/ikonka_all_cz.xml HTTP/1.1" 200 22193144 "-" "Python-urllib/3.11"
77.79.248.229 - - [07/Feb/2025:11:50:05 +0100] "GET /Jurek/stema/feeds/stema_all_cz.xml HTTP/1.1" 200 860918 "-" "Python-urllib/3.11"
77.79.248.229 - - [07/Feb/2025:11:50:06 +0100] "GET /Jurek/eurofirany/feeds/eurofirany_all_sk.xml HTTP/1.1" 200 18976146 "-" "Python-urllib/3.11"
77.79.248.229 - - [07/Feb/2025:11:50:06 +0100] "GET /Jurek/ikonka/feeds/ikonka_all_sk.xml HTTP/1.1" 200 22190431 "-" "Python-urllib/3.11"
77.79.248.229 - - [07/Feb/2025:11:50:07 +0100] "GET /Jurek/stema/feeds/stema_all_sk.xml HTTP/1.1" 200 860204 "-" "Python-urllib/3.11"
89.161.206.59 - - [07/Feb/2025:11:51:05 +0100] "GET /Jurek/narzbud/feeds/narzbud_skroutz.xml HTTP/1.0" 200 1611730 "-" "-"
89.161.206.59 - - [07/Feb/2025:11:51:06 +0100] "GET /Jurek/drops/feeds/dropsofficecolection_skroutz.xml HTTP/1.0" 200 787918 "-" "-"
89.161.206.59 - - [07/Feb/2025:11:51:06 +0100] "GET /Jurek/szpaklampy/feeds/szpaklampy_skroutz.xml HTTP/1.0" 200 416460 "-" "-"
89.161.206.59 - - [07/Feb/2025:11:51:21 +0100] "GET /Jurek/spali/feeds/spali_skroutz.xml HTTP/1.0" 200 101946 "-" "-"
89.161.206.59 - - [07/Feb/2025:11:51:21 +0100] "GET /Jurek/combine/feeds/combine_skroutz.xml HTTP/1.0" 200 210557 "-" "-"
89.161.206.59 - - [07/Feb/2025:11:51:21 +0100] "GET /Jurek/eurofryz/feeds/eurofryz_skroutz.xml HTTP/1.0" 200 2388375 "-" "-"
46.101.116.244 - - [07/Feb/2025:11:51:46 +0100] "GET /Jurek/intsell/feeds/intsell_skroutz.xml HTTP/1.0" 200 338791349 "-" "-"
46.101.116.244 - - [07/Feb/2025:11:52:02 +0100] "GET /Jurek/intsell/feeds/intsell_skroutz.xml HTTP/1.0" 200 338791349 "-" "-"
77.79.248.229 - - [07/Feb/2025:11:52:13 +0100] "GET /Jurek/vidaCZ/feeds/vida_ghs.xml HTTP/1.1" 200 658685663 "-" "Python-urllib/3.11"
77.79.248.229 - - [07/Feb/2025:11:54:09 +0100] "GET /Jurek/vidaSI/feeds/vidaSI_bigbang.xml HTTP/1.1" 200 620037977 "-" "Python-urllib/3.11"
193.33.8.61 - - [07/Feb/2025:11:54:37 +0100] "GET /Jurek/dekoele/output.txt HTTP/2.0" 200 3064 "https://konsola.dkkapusta1997.usermd.net/" "Mozilla/5.0 (Windows NT 10.0; Win64; x64) AppleWebKit/537.36 (KHTML, like Gecko) Chrome/132.0.0.0 Safari/537.36"
5.134.208.158 - - [07/Feb/2025:11:55:11 +0100] "GET /Jurek/eurofirany/images/367875/0.jpg HTTP/1.1" 200 59103 "-" "-"
5.134.208.158 - - [07/Feb/2025:11:55:11 +0100] "GET /Jurek/eurofirany/images/428673/0.jpg HTTP/1.1" 200 89133 "-" "-"
5.134.208.158 - - [07/Feb/2025:11:55:11 +0100] "GET /Jurek/eurofirany/images/366700/0.jpg HTTP/1.1" 200 91544 "-" "-"
5.134.208.158 - - [07/Feb/2025:11:55:11 +0100] "GET /Jurek/eurofirany/images/388481/0.jpg HTTP/1.1" 200 113631 "-" "-"
5.134.208.158 - - [07/Feb/2025:11:55:11 +0100] "GET /Jurek/eurofirany/images/388479/0.jpg HTTP/1.1" 200 99915 "-" "-"
5.134.208.158 - - [07/Feb/2025:11:55:11 +0100] "GET /Jurek/eurofirany/images/389954/0.jpg HTTP/1.1" 200 160194 "-" "-"
5.134.208.158 - - [07/Feb/2025:11:55:11 +0100] "GET /Jurek/eurofirany/images/379496/0.jpg HTTP/1.1" 200 16503 "-" "-"
5.134.208.158 - - [07/Feb/2025:11:55:11 +0100] "GET /Jurek/eurofirany/images/389957/0.jpg HTTP/1.1" 200 199278 "-" "-"
46.101.116.244 - - [07/Feb/2025:11:55:15 +0100] "GET /Jurek/action/feeds/action_mallsigs.xml HTTP/2.0" 200 55045316 "-" "-"
46.101.116.244 - - [07/Feb/2025:11:55:33 +0100] "GET /Jurek/b3/feeds/b3_mallsigs.xml HTTP/2.0" 200 7199421 "-" "-"
46.101.116.244 - - [07/Feb/2025:11:55:46 +0100] "GET /Jurek/benbaby/feeds/benbaby_mallsigs.xml HTTP/2.0" 200 3696027 "-" "-"
46.101.116.244 - - [07/Feb/2025:11:55:57 +0100] "GET /Jurek/emibig/feeds/emibig_mallsigs.xml HTTP/2.0" 200 2427407 "-" "-"
46.101.116.244 - - [07/Feb/2025:11:56:12 +0100] "GET /Jurek/hurtownia_przemyslowa/feeds/hp_mallsigs.xml HTTP/2.0" 200 49871596 "-" "-"
89.161.206.59 - - [07/Feb/2025:11:57:31 +0100] "GET /Jurek/ekolight/feeds/ekolioght_skroutz.xml HTTP/1.0" 200 9051854 "-" "-"
89.161.206.59 - - [07/Feb/2025:11:57:44 +0100] "GET /Jurek/pagmil/feeds/pagmil_emagro.xml HTTP/1.0" 200 1705796 "-" "-"
89.161.206.59 - - [07/Feb/2025:11:57:44 +0100] "GET /Jurek/amzteam/feeds/amzteam_emagro.xml HTTP/1.0" 200 97907 "-" "-"
89.161.206.59 - - [07/Feb/2025:11:57:44 +0100] "GET /Jurek/slayo/feeds/slayo_emagro.xml HTTP/1.0" 200 195548 "-" "-"
89.161.206.59 - - [07/Feb/2025:11:57:44 +0100] "GET /Jurek/hdwr/feeds/hdwr_emagro.xml HTTP/1.0" 200 777972 "-" "-"
89.161.206.59 - - [07/Feb/2025:11:57:44 +0100] "GET /Jurek/benetech/feeds/benetech_emagro.xml HTTP/1.0" 200 4452134 "-" "-"
89.161.206.59 - - [07/Feb/2025:11:57:44 +0100] "GET /Jurek/sempler/feeds/sempler_emagro.xml HTTP/1.0" 200 6554034 "-" "-"
89.161.206.59 - - [07/Feb/2025:11:57:44 +0100] "GET /Jurek/kinghoff/feeds/kinghoff_emagro.xml HTTP/1.0" 200 14283779 "-" "-"
89.161.206.59 - - [07/Feb/2025:11:57:45 +0100] "GET /Jurek/kambukka/feeds/kambukka_emagro.xml HTTP/1.0" 200 973449 "-" "-"
89.161.206.59 - - [07/Feb/2025:11:57:45 +0100] "GET /Jurek/waks/feeds/waks_emagro.xml HTTP/1.0" 200 6334399 "-" "-"
89.161.206.59 - - [07/Feb/2025:11:57:45 +0100] "GET /Jurek/bass/feeds/bass_emagro.xml HTTP/1.0" 200 3985187 "-" "-"
89.161.206.59 - - [07/Feb/2025:11:57:45 +0100] "GET /Jurek/b3/feeds/b3_emagro.xml HTTP/1.0" 200 7202064 "-" "-"
89.161.206.59 - - [07/Feb/2025:11:57:45 +0100] "GET /Jurek/eroplace/feeds/eroplace_emagro.xml HTTP/1.0" 200 30859777 "-" "-"
89.161.206.59 - - [07/Feb/2025:11:57:45 +0100] "GET /Jurek/ralmetal/feeds/ralmetal_emag.xml HTTP/1.0" 200 1787426 "-" "-"
89.161.206.59 - - [07/Feb/2025:11:57:45 +0100] "GET /Jurek/oromed/feeds/oromed_emagro.xml HTTP/1.0" 200 970305 "-" "-"
89.161.206.59 - - [07/Feb/2025:11:57:46 +0100] "GET /Jurek/narzbud/feeds/narzbud_emagro.xml HTTP/1.0" 200 1611957 "-" "-"
89.161.206.59 - - [07/Feb/2025:11:57:46 +0100] "GET /Jurek/drops/feeds/dropsofficecolection_emagro.xml HTTP/1.0" 200 788357 "-" "-"
89.161.206.59 - - [07/Feb/2025:11:57:46 +0100] "GET /Jurek/szpaklampy/feeds/szpaklampy_emagro.xml HTTP/1.0" 200 416588 "-" "-"
89.161.206.59 - - [07/Feb/2025:11:57:46 +0100] "GET /Jurek/spali/feeds/spali_emagro.xml HTTP/1.0" 200 101969 "-" "-"
89.161.206.59 - - [07/Feb/2025:11:57:46 +0100] "GET /Jurek/swiatecznygoliat/feeds/swiatecznygoliat_emagro.xml HTTP/1.0" 200 7196998 "-" "-"
89.161.206.59 - - [07/Feb/2025:11:57:46 +0100] "GET /Jurek/eldar/feeds/eldar_emagro.xml HTTP/1.0" 404 3551 "-" "-"
89.161.206.59 - - [07/Feb/2025:11:57:46 +0100] "GET /Jurek/edruk/feeds/edruk_emagro.xml HTTP/1.0" 200 13455244 "-" "-"
89.161.206.59 - - [07/Feb/2025:11:57:47 +0100] "GET /Jurek/combine/feeds/combine_EMAGRO.xml HTTP/1.0" 200 210578 "-" "-"
89.161.206.59 - - [07/Feb/2025:11:57:47 +0100] "GET /Jurek/velinda/feeds/velinda_emagro.xml HTTP/1.0" 200 4283286 "-" "-"
89.161.206.59 - - [07/Feb/2025:11:57:47 +0100] "GET /Jurek/reman/feeds/reman_emagro.xml HTTP/1.0" 200 1394928 "-" "-"
89.161.206.59 - - [07/Feb/2025:11:57:47 +0100] "GET /Jurek/swiatecznygoliat/feeds/swiatecznygoliat_emagro.xml HTTP/1.0" 200 7196998 "-" "-"
89.161.206.59 - - [07/Feb/2025:11:57:47 +0100] "GET /Jurek/urwiskowo/feeds/urwiskowo_emagro.xml HTTP/1.0" 200 9117017 "-" "-"
89.161.206.59 - - [07/Feb/2025:11:57:47 +0100] "GET /Jurek/erohurtownia/feeds/erohurtownia_emagro.xml HTTP/1.0" 200 23316106 "-" "-"
77.79.248.229 - - [07/Feb/2025:11:58:04 +0100] "GET /Filip/zalando/zalando-logo.jpg HTTP/1.1" 200 5121 "-" "-"
77.79.248.229 - - [07/Feb/2025:11:58:04 +0100] "GET /Filip/zalando/zalando-logo.jpg HTTP/1.1" 200 5121 "-" "-"
77.79.248.229 - - [07/Feb/2025:11:58:08 +0100] "GET /Filip/zalando/zalando-logo.jpg HTTP/1.1" 200 5121 "-" "-"
77.79.248.229 - - [07/Feb/2025:11:58:09 +0100] "GET /Filip/zalando/zalando-logo.jpg HTTP/1.1" 200 5121 "-" "-"
77.79.248.229 - - [07/Feb/2025:11:58:14 +0100] "GET /Filip/zalando/zalando-logo.jpg HTTP/1.1" 200 5121 "-" "-"
77.79.248.229 - - [07/Feb/2025:11:58:14 +0100] "GET /Filip/zalando/zalando-logo.jpg HTTP/1.1" 200 5121 "-" "-"
46.101.116.244 - - [07/Feb/2025:11:58:15 +0100] "GET /Jurek/intsell/feeds/intsell_emagro.xml HTTP/1.0" 200 338859533 "-" "-"
77.79.248.229 - - [07/Feb/2025:11:58:16 +0100] "GET /Jurek/antiodor/feeds/antiodor_cdon_dk.xml HTTP/1.1" 200 137888 "-" "Python-urllib/3.11"
46.101.116.244 - - [07/Feb/2025:11:58:30 +0100] "GET /Jurek/beliani/feeds/beliani_si_mallsi.xml HTTP/2.0" 200 31832140 "-" "-"
46.101.116.244 - - [07/Feb/2025:11:59:00 +0100] "GET /Jurek/rovicky/feeds/rovicky_mallsi.xml HTTP/2.0" 200 14067489 "-" "-"
46.101.116.244 - - [07/Feb/2025:11:59:11 +0100] "GET /Jurek/detian/feeds/detian_mallsi.xml HTTP/2.0" 404 3551 "-" "-"
77.79.248.229 - - [07/Feb/2025:11:59:17 +0100] "GET /Jurek/antiodor/feeds/antiodor_cdon_fi.xml HTTP/1.1" 200 137857 "-" "Python-urllib/3.11"
46.101.116.244 - - [07/Feb/2025:11:59:22 +0100] "GET /Jurek/ikonka/feeds/ikonka_mallsi.xml HTTP/2.0" 200 22190608 "-" "-"
46.101.116.244 - - [07/Feb/2025:11:59:36 +0100] "GET /Jurek/candellux/feeds/candellux_mallsi.xml HTTP/2.0" 200 465691 "-" "-"
46.101.116.244 - - [07/Feb/2025:11:59:47 +0100] "GET /Jurek/andex/feeds/andex_mallsl.xml HTTP/2.0" 200 1953466 "-" "-"
193.33.8.61 - - [07/Feb/2025:11:59:54 +0100] "GET /Jurek/expertauto/output.txt HTTP/2.0" 200 3605 "https://konsola.dkkapusta1997.usermd.net/" "Mozilla/5.0 (Windows NT 10.0; Win64; x64) AppleWebKit/537.36 (KHTML, like Gecko) Chrome/132.0.0.0 Safari/537.36"
46.101.116.244 - - [07/Feb/2025:12:00:00 +0100] "GET /Jurek/chemex/feeds/chemex_mallsi.xml HTTP/2.0" 200 47809540 "-" "-"
46.101.116.244 - - [07/Feb/2025:12:00:22 +0100] "GET /Jurek/aw/feeds/awnarzedzia_mallsi.xml HTTP/2.0" 200 90590256 "-" "-"
52.209.168.113 - - [07/Feb/2025:12:00:44 +0100] "GET /marketplaces/ubaldi/results/ubaldi.csv HTTP/1.1" 200 4220372 "-" "Mirakl HttpClient"
89.161.206.59 - - [07/Feb/2025:12:00:55 +0100] "GET /Jurek/hurtownia_przemyslowa/feeds/hp_amazonFR.xml HTTP/1.0" 200 49871684 "-" "-"
89.161.206.59 - - [07/Feb/2025:12:00:58 +0100] "GET /Jurek/hurtownia_przemyslowa/feeds/hp_amazonIT.xml HTTP/1.0" 200 49872015 "-" "-"
89.161.206.59 - - [07/Feb/2025:12:01:01 +0100] "GET /Jurek/hurtownia_przemyslowa/feeds/hp_amazonNL.xml HTTP/1.0" 200 49871462 "-" "-"
89.161.206.59 - - [07/Feb/2025:12:01:06 +0100] "GET /Jurek/hurtownia_przemyslowa/feeds/hp_amazonSE.xml HTTP/1.0" 200 49887572 "-" "-"
89.161.206.59 - - [07/Feb/2025:12:01:18 +0100] "GET /Jurek/oromed/feeds/oromed_amazones.xml HTTP/1.0" 200 970168 "-" "-"
89.161.206.59 - - [07/Feb/2025:12:01:18 +0100] "GET /Jurek/oromed/feeds/oromed_amazonse.xml HTTP/1.0" 200 970343 "-" "-"
89.161.206.59 - - [07/Feb/2025:12:01:18 +0100] "GET /Jurek/oromed/feeds/oromed_amazonfr.xml HTTP/1.0" 200 970148 "-" "-"
89.161.206.59 - - [07/Feb/2025:12:01:18 +0100] "GET /Jurek/oromed/feeds/oromed_amazonit.xml HTTP/1.0" 200 970169 "-" "-"
85.14.86.141 - - [07/Feb/2025:12:01:30 +0100] "GET /Jurek/vida_morele/feeds/VidaPL_all.xml HTTP/2.0" 200 694234281 "-" "MarketplaceAPI curl/7.64.0 PHP/8"
46.101.116.244 - - [07/Feb/2025:12:01:50 +0100] "GET /Jurek/barbecook/feeds/barbecook_mallsl.xml HTTP/2.0" 200 87529 "-" "-"
46.101.116.244 - - [07/Feb/2025:12:02:00 +0100] "GET /Jurek/duka/feeds/duka_mallsl.xml HTTP/2.0" 200 57 "-" "-"
46.101.116.244 - - [07/Feb/2025:12:02:11 +0100] "GET /Jurek/miloohome/feeds/miloohome_mallsi.xml HTTP/2.0" 200 1421056 "-" "-"
52.17.80.36 - - [07/Feb/2025:12:02:13 +0100] "GET /marketplaces/rue/results/rue.csv HTTP/1.1" 200 147219 "-" "Mirakl HttpClient"
46.101.116.244 - - [07/Feb/2025:12:02:23 +0100] "GET /Jurek/stema/feeds/stema_mallsl.xml HTTP/2.0" 200 860428 "-" "-"
46.101.116.244 - - [07/Feb/2025:12:02:34 +0100] "GET /Jurek/fernity/feeds/fernity_mallsl.xml HTTP/2.0" 200 5124926 "-" "-"
46.101.116.244 - - [07/Feb/2025:12:03:05 +0100] "GET /Jurek/kinghoff/feeds/kinghoff_mallsl.xml HTTP/2.0" 200 14281797 "-" "-"
85.14.86.141 - - [07/Feb/2025:12:03:14 +0100] "GET /Jurek/kinghoff/feeds/kinghoff_morele.xml HTTP/2.0" 200 14282517 "-" "MarketplaceAPI curl/7.64.0 PHP/8"
46.101.116.244 - - [07/Feb/2025:12:03:22 +0100] "GET /Jurek/kinghome/feeds/kinghome_mallsl.xml HTTP/2.0" 200 5714900 "-" "-"
193.33.8.61 - - [07/Feb/2025:12:03:30 +0100] "GET /Jurek/eany/data.csv HTTP/2.0" 200 26299081 "https://dkkapusta1997.usermd.net/Jurek/eany/" "Mozilla/5.0 (Windows NT 10.0; Win64; x64) AppleWebKit/537.36 (KHTML, like Gecko) Chrome/132.0.0.0 Safari/537.36"
46.101.116.244 - - [07/Feb/2025:12:03:34 +0100] "GET /Jurek/vivaldi/feeds/vivaldi_Mall-sl.xml HTTP/2.0" 200 344583 "-" "-"
46.101.116.244 - - [07/Feb/2025:12:03:45 +0100] "GET /Jurek/eurofirany/feeds/eurofirany_mall_si_shumee.xml HTTP/2.0" 200 18977748 "-" "-"
85.14.86.141 - - [07/Feb/2025:12:05:40 +0100] "GET /Jurek/eurofirany/feeds/eurofirany_morele.xml HTTP/2.0" 200 18979081 "-" "MarketplaceAPI curl/7.64.0 PHP/8"
85.14.86.141 - - [07/Feb/2025:12:05:53 +0100] "GET /Jurek/vivaldi/feeds/vivaldi_Morele-PL.xml HTTP/2.0" 200 344674 "-" "MarketplaceAPI curl/7.64.0 PHP/8"
193.33.8.61 - - [07/Feb/2025:12:06:15 +0100] "GET /Jurek/eany/ HTTP/2.0" 200 634 "-" "Mozilla/5.0 (Windows NT 10.0; Win64; x64) AppleWebKit/537.36 (KHTML, like Gecko) Chrome/132.0.0.0 Safari/537.36"
193.33.8.61 - - [07/Feb/2025:12:06:15 +0100] "GET /favicon.ico HTTP/2.0" 404 3551 "https://dkkapusta1997.usermd.net/Jurek/eany/" "Mozilla/5.0 (Windows NT 10.0; Win64; x64) AppleWebKit/537.36 (KHTML, like Gecko) Chrome/132.0.0.0 Safari/537.36"
193.33.8.61 - - [07/Feb/2025:12:06:23 +0100] "GET /Jurek/eany/data.csv HTTP/2.0" 200 26299081 "https://dkkapusta1997.usermd.net/Jurek/eany/" "Mozilla/5.0 (Windows NT 10.0; Win64; x64) AppleWebKit/537.36 (KHTML, like Gecko) Chrome/132.0.0.0 Safari/537.36"
85.14.86.141 - - [07/Feb/2025:12:07:05 +0100] "GET /Jurek/aw/feeds/awnarzedzia_morele.xml HTTP/2.0" 200 90601700 "-" "MarketplaceAPI curl/7.64.0 PHP/8"
193.33.8.61 - - [07/Feb/2025:12:07:35 +0100] "GET /Jurek/sartrix/feeds/sartrix_cdon_se.xml HTTP/2.0" 200 649346 "https://konsola.dkkapusta1997.usermd.net/" "Mozilla/5.0 (Windows NT 10.0; Win64; x64) AppleWebKit/537.36 (KHTML, like Gecko) Chrome/132.0.0.0 Safari/537.36"
193.33.8.61 - - [07/Feb/2025:12:07:36 +0100] "GET /Jurek/sartrix/feeds/sartrix_cdon_dk.xml HTTP/2.0" 200 649364 "https://konsola.dkkapusta1997.usermd.net/" "Mozilla/5.0 (Windows NT 10.0; Win64; x64) AppleWebKit/537.36 (KHTML, like Gecko) Chrome/132.0.0.0 Safari/537.36"
193.33.8.61 - - [07/Feb/2025:12:07:36 +0100] "GET /Jurek/sartrix/feeds/sartrix_cdon_fi.xml HTTP/2.0" 200 649176 "https://konsola.dkkapusta1997.usermd.net/" "Mozilla/5.0 (Windows NT 10.0; Win64; x64) AppleWebKit/537.36 (KHTML, like Gecko) Chrome/132.0.0.0 Safari/537.36"
89.161.206.59 - - [07/Feb/2025:12:07:38 +0100] "GET /Jurek/erohurtownia/feeds/erohurtownia_skroutz.xml HTTP/1.0" 200 23304107 "-" "-"
89.161.206.59 - - [07/Feb/2025:12:07:40 +0100] "GET /Jurek/reman/feeds/reman_skroutz.xml HTTP/1.0" 200 1394829 "-" "-"
89.161.206.59 - - [07/Feb/2025:12:07:41 +0100] "GET /Jurek/urwiskowo/feeds/urwiskowo_skroutz.xml HTTP/1.0" 200 9114836 "-" "-"
85.14.86.141 - - [07/Feb/2025:12:07:49 +0100] "GET /Jurek/miloohome/feeds/miloohome_morele.xml HTTP/2.0" 200 1421250 "-" "MarketplaceAPI curl/7.64.0 PHP/8"
85.14.86.141 - - [07/Feb/2025:12:07:49 +0100] "GET /Jurek/vida_morele/feeds/VidaPL_morele.xml HTTP/2.0" 200 694235482 "-" "MarketplaceAPI curl/7.64.0 PHP/8"
85.14.86.141 - - [07/Feb/2025:12:08:00 +0100] "GET /Jurek/beliani/feeds/beliani_morele.xml HTTP/2.0" 200 31863900 "-" "MarketplaceAPI curl/7.64.0 PHP/8"
46.101.116.244 - - [07/Feb/2025:12:08:55 +0100] "GET /Jurek/unimet/feeds/unimet_mallsi.xml HTTP/2.0" 200 61055542 "-" "-"
77.79.248.229 - - [07/Feb/2025:12:09:03 +0100] "GET /Jurek/sartrix/feeds/sartrix_cdon_se.xml HTTP/1.1" 200 649346 "-" "Python-urllib/3.11"
193.33.8.61 - - [07/Feb/2025:12:10:45 +0100] "GET /Jurek/sartrix/feeds/sartrix_zero.xml HTTP/2.0" 200 648953 "https://konsola.dkkapusta1997.usermd.net/" "Mozilla/5.0 (Windows NT 10.0; Win64; x64) AppleWebKit/537.36 (KHTML, like Gecko) Chrome/132.0.0.0 Safari/537.36"
77.79.248.229 - - [07/Feb/2025:12:10:52 +0100] "GET /Jurek/sartrix/feeds/sartrix_zero.xml HTTP/1.1" 200 648953 "-" "Python-urllib/3.11"
46.101.116.244 - - [07/Feb/2025:12:11:18 +0100] "GET /Jurek/vidaSI/feeds/vidaSI_mall.xml HTTP/2.0" 200 620063836 "-" "-"
185.6.76.18 - - [07/Feb/2025:12:13:08 +0100] "GET /marketplaces/skroutz/feeds/shumee.xml HTTP/1.1" 200 349767777 "-" "SkroutzBot v1.0"
46.101.116.244 - - [07/Feb/2025:12:14:04 +0100] "GET /Jurek/kokiska/feeds/kokiska_allegro.xml HTTP/1.0" 200 11123750 "-" "-"
46.101.116.244 - - [07/Feb/2025:12:14:08 +0100] "GET /Jurek/vivaldi/feeds/vivaldi_allegro.xml HTTP/1.0" 200 344685 "-" "-"
193.33.8.61 - - [07/Feb/2025:12:14:08 +0100] "GET /Jurek/twojsklep/feeds/twojsklep_zero.xml HTTP/2.0" 200 126718 "https://konsola.dkkapusta1997.usermd.net/" "Mozilla/5.0 (Windows NT 10.0; Win64; x64) AppleWebKit/537.36 (KHTML, like Gecko) Chrome/132.0.0.0 Safari/537.36"
77.79.248.229 - - [07/Feb/2025:12:14:14 +0100] "GET /Jurek/twojsklep/feeds/twojsklep_zero.xml HTTP/1.1" 200 126718 "-" "Python-urllib/3.11"
193.33.8.61 - - [07/Feb/2025:12:14:40 +0100] "GET /Jurek/eany/data.csv HTTP/2.0" 206 1 "https://dkkapusta1997.usermd.net/Jurek/eany/" "Mozilla/5.0 (Windows NT 10.0; Win64; x64) AppleWebKit/537.36 (KHTML, like Gecko) Chrome/133.0.0.0 Safari/537.36"
193.33.8.61 - - [07/Feb/2025:12:14:43 +0100] "GET /Jurek/eany/data.csv HTTP/2.0" 206 12189696 "https://dkkapusta1997.usermd.net/Jurek/eany/" "Mozilla/5.0 (Windows NT 10.0; Win64; x64) AppleWebKit/537.36 (KHTML, like Gecko) Chrome/133.0.0.0 Safari/537.36"
5.134.208.158 - - [07/Feb/2025:12:19:19 +0100] "GET /Jurek/eurofirany/images/388734/0.jpg HTTP/1.1" 200 121931 "-" "-"
5.134.208.158 - - [07/Feb/2025:12:19:19 +0100] "GET /Jurek/eurofirany/images/403474/0.jpg HTTP/1.1" 200 24535 "-" "-"
5.134.208.158 - - [07/Feb/2025:12:19:20 +0100] "GET /Jurek/eurofirany/images/404508/0.jpg HTTP/1.1" 200 35974 "-" "-"
5.134.208.158 - - [07/Feb/2025:12:19:20 +0100] "GET /Jurek/eurofirany/images/431924/0.jpg HTTP/1.1" 200 42479 "-" "-"
5.134.208.158 - - [07/Feb/2025:12:19:20 +0100] "GET /Jurek/eurofirany/images/431938/0.jpg HTTP/1.1" 200 75206 "-" "-"
5.134.208.158 - - [07/Feb/2025:12:19:20 +0100] "GET /Jurek/eurofirany/images/403438/0.jpg HTTP/1.1" 200 59947 "-" "-"
5.134.208.158 - - [07/Feb/2025:12:19:20 +0100] "GET /Jurek/eurofirany/images/431927/0.jpg HTTP/1.1" 200 102961 "-" "-"
5.134.208.158 - - [07/Feb/2025:12:19:20 +0100] "GET /Jurek/eurofirany/images/402391/0.jpg HTTP/1.1" 200 66454 "-" "-"
5.134.208.158 - - [07/Feb/2025:12:19:20 +0100] "GET /Jurek/eurofirany/images/402966/0.jpg HTTP/1.1" 200 33958 "-" "-"
5.134.208.158 - - [07/Feb/2025:12:19:20 +0100] "GET /Jurek/eurofirany/images/403009/0.jpg HTTP/1.1" 200 32775 "-" "-"
5.134.208.158 - - [07/Feb/2025:12:19:20 +0100] "GET /Jurek/eurofirany/images/403422/0.jpg HTTP/1.1" 200 46653 "-" "-"
3.126.202.245 - - [07/Feb/2025:12:23:43 +0100] "GET /Jurek/topeshop/downloaded_images/5902838468463_1sonoma.png HTTP/2.0" 404 3551 "-" "Mozilla/5.0 (Windows NT 10.0; Win64; x64) AppleWebKit/537.36 (KHTML, like Gecko) Chrome/109.0.0.0 Safari/537.36"
77.79.248.229 - - [07/Feb/2025:12:25:44 +0100] "GET /Jurek/sartrix/feeds/sartrix_cdon_dk.xml HTTP/1.1" 200 649364 "-" "Python-urllib/3.11"
77.79.248.229 - - [07/Feb/2025:12:26:50 +0100] "GET /Jurek/sartrix/feeds/sartrix_cdon_fi.xml HTTP/1.1" 200 649176 "-" "Python-urllib/3.11"
89.161.206.59 - - [07/Feb/2025:12:29:11 +0100] "GET /Jurek/hurtownia_przemyslowa/feeds/hp_manomanode.xml HTTP/1.0" 200 49871063 "-" "-"
193.33.8.61 - - [07/Feb/2025:12:32:16 +0100] "GET /Jurek/madrex/feeds/madrex_pigu.xml HTTP/2.0" 200 466703 "https://konsola.dkkapusta1997.usermd.net/" "Mozilla/5.0 (Windows NT 10.0; Win64; x64) AppleWebKit/537.36 (KHTML, like Gecko) Chrome/132.0.0.0 Safari/537.36"
77.79.248.229 - - [07/Feb/2025:12:32:21 +0100] "GET /Jurek/madrex/feeds/madrex_pigu.xml HTTP/1.1" 200 466703 "-" "Python-urllib/3.11"
193.33.8.61 - - [07/Feb/2025:12:35:34 +0100] "GET /Jurek/domzapachy/feeds/domzapachy_pigu.xml HTTP/2.0" 200 179653 "https://konsola.dkkapusta1997.usermd.net/" "Mozilla/5.0 (Windows NT 10.0; Win64; x64) AppleWebKit/537.36 (KHTML, like Gecko) Chrome/132.0.0.0 Safari/537.36"
77.79.248.229 - - [07/Feb/2025:12:35:44 +0100] "GET /Jurek/domzapachy/feeds/domzapachy_pigu.xml HTTP/1.1" 200 179653 "-" "Python-urllib/3.11"
52.209.168.113 - - [07/Feb/2025:12:36:16 +0100] "GET /marketplaces/worten2/results/worten.csv HTTP/1.1" 200 147218 "-" "Mirakl HttpClient"
193.33.8.61 - - [07/Feb/2025:12:37:49 +0100] "GET /Jurek/twojsklep/feeds/twojsklep_cdon_se.xml HTTP/2.0" 200 126859 "https://konsola.dkkapusta1997.usermd.net/" "Mozilla/5.0 (Windows NT 10.0; Win64; x64) AppleWebKit/537.36 (KHTML, like Gecko) Chrome/132.0.0.0 Safari/537.36"
193.33.8.61 - - [07/Feb/2025:12:37:50 +0100] "GET /Jurek/twojsklep/feeds/twojsklep_cdon_dk.xml HTTP/2.0" 200 126859 "https://konsola.dkkapusta1997.usermd.net/" "Mozilla/5.0 (Windows NT 10.0; Win64; x64) AppleWebKit/537.36 (KHTML, like Gecko) Chrome/132.0.0.0 Safari/537.36"
193.33.8.61 - - [07/Feb/2025:12:37:50 +0100] "GET /Jurek/twojsklep/feeds/twojsklep_cdon_fi.xml HTTP/2.0" 200 126786 "https://konsola.dkkapusta1997.usermd.net/" "Mozilla/5.0 (Windows NT 10.0; Win64; x64) AppleWebKit/537.36 (KHTML, like Gecko) Chrome/132.0.0.0 Safari/537.36"
77.79.248.229 - - [07/Feb/2025:12:37:57 +0100] "GET /Jurek/twojsklep/feeds/twojsklep_cdon_se.xml HTTP/1.1" 200 126859 "-" "Python-urllib/3.11"
193.33.8.61 - - [07/Feb/2025:12:38:18 +0100] "GET /Jurek/emaja24/feeds/emaja24_pigu.xml HTTP/2.0" 200 5110209 "https://konsola.dkkapusta1997.usermd.net/" "Mozilla/5.0 (Windows NT 10.0; Win64; x64) AppleWebKit/537.36 (KHTML, like Gecko) Chrome/132.0.0.0 Safari/537.36"
77.79.248.229 - - [07/Feb/2025:12:38:52 +0100] "GET /Jurek/emaja24/feeds/emaja24_pigu.xml HTTP/1.1" 200 5110209 "-" "Python-urllib/3.11"
46.101.116.244 - - [07/Feb/2025:12:40:34 +0100] "GET /Jurek/eurofirany/feeds/eurofirany_erli.xml HTTP/1.0" 200 18981394 "-" "-"
134.209.123.208 - - [07/Feb/2025:12:42:15 +0100] "GET / HTTP/1.1" 200 1559 "-" "Mozilla/5.0 (compatible)"
134.209.123.208 - - [07/Feb/2025:12:42:16 +0100] "GET /favicon.ico HTTP/1.1" 404 3551 "http://dkkapusta1997.usermd.net/" "Mozilla/5.0 (compatible)"
134.209.123.208 - - [07/Feb/2025:12:42:16 +0100] "GET /ads.txt HTTP/1.1" 404 3551 "-" "Mozilla/5.0 (compatible)"
134.209.123.208 - - [07/Feb/2025:12:42:17 +0100] "GET / HTTP/1.1" 200 1559 "-" "Mozilla/5.0 (compatible)"
134.209.123.208 - - [07/Feb/2025:12:42:21 +0100] "GET /favicon.ico HTTP/1.1" 404 3551 "https://dkkapusta1997.usermd.net/" "Mozilla/5.0 (compatible)"
134.209.123.208 - - [07/Feb/2025:12:42:21 +0100] "GET /ads.txt HTTP/1.1" 404 3551 "-" "Mozilla/5.0 (compatible)"
46.101.116.244 - - [07/Feb/2025:12:45:36 +0100] "GET /Jurek/kinghoff/feeds/kinghoff_amazon_de.xml HTTP/1.0" 200 14281911 "-" "-"
66.249.69.70 - - [07/Feb/2025:12:46:22 +0100] "GET /logs/access/2025-01-21.log HTTP/1.1" 200 666372 "-" "Mozilla/5.0 (Linux; Android 6.0.1; Nexus 5X Build/MMB29P) AppleWebKit/537.36 (KHTML, like Gecko) Chrome/132.0.6834.159 Mobile Safari/537.36 (compatible; GoogleOther)"
77.79.248.229 - - [07/Feb/2025:12:47:18 +0100] "GET /Jurek/twojsklep/feeds/twojsklep_cdon_dk.xml HTTP/1.1" 200 126859 "-" "Python-urllib/3.11"
77.79.248.229 - - [07/Feb/2025:12:48:32 +0100] "GET /Jurek/twojsklep/feeds/twojsklep_cdon_fi.xml HTTP/1.1" 200 126786 "-" "Python-urllib/3.11"
178.21.154.6 - - [07/Feb/2025:12:50:02 +0100] "GET /Jurek/eurofirany/images/370889/0.jpg HTTP/1.1" 200 97209 "-" "-"
178.21.154.6 - - [07/Feb/2025:12:50:15 +0100] "GET /Jurek/eurofirany/images/382925/0.jpg HTTP/1.1" 200 104544 "-" "-"
193.33.8.61 - - [07/Feb/2025:12:52:03 +0100] "GET /Jurek/madrex/feeds/madrex_cdon_se.xml HTTP/2.0" 200 466763 "https://konsola.dkkapusta1997.usermd.net/" "Mozilla/5.0 (Windows NT 10.0; Win64; x64) AppleWebKit/537.36 (KHTML, like Gecko) Chrome/132.0.0.0 Safari/537.36"
193.33.8.61 - - [07/Feb/2025:12:52:04 +0100] "GET /Jurek/madrex/feeds/madrex_cdon_dk.xml HTTP/2.0" 200 466736 "https://konsola.dkkapusta1997.usermd.net/" "Mozilla/5.0 (Windows NT 10.0; Win64; x64) AppleWebKit/537.36 (KHTML, like Gecko) Chrome/132.0.0.0 Safari/537.36"
193.33.8.61 - - [07/Feb/2025:12:52:05 +0100] "GET /Jurek/madrex/feeds/madrex_cdon_fi.xml HTTP/2.0" 200 466723 "https://konsola.dkkapusta1997.usermd.net/" "Mozilla/5.0 (Windows NT 10.0; Win64; x64) AppleWebKit/537.36 (KHTML, like Gecko) Chrome/132.0.0.0 Safari/537.36"
77.79.248.229 - - [07/Feb/2025:12:52:11 +0100] "GET /Jurek/madrex/feeds/madrex_cdon_se.xml HTTP/1.1" 200 466763 "-" "Python-urllib/3.11"
89.161.206.59 - - [07/Feb/2025:12:52:48 +0100] "GET /Jurek/erohurtownia/feeds/erohurtownia_allegro.xml HTTP/1.0" 200 23312083 "-" "-"
89.161.206.59 - - [07/Feb/2025:12:53:52 +0100] "GET /Jurek/amzteam/feeds/amzteam_skroutz.xml HTTP/1.0" 200 95906 "-" "-"
89.161.206.59 - - [07/Feb/2025:12:53:55 +0100] "GET /Jurek/expertauto/feeds/expertauto_skroutz.xml HTTP/1.0" 200 1158923 "-" "-"
89.161.206.59 - - [07/Feb/2025:12:54:07 +0100] "GET /Jurek/ekuchcikowo/feeds/ekuchcikowo_aliex.xml HTTP/1.0" 200 12889986 "-" "-"
193.33.8.61 - - [07/Feb/2025:12:55:09 +0100] "GET /Jurek/expertauto/feeds/expertauto_zero.xml HTTP/2.0" 200 1159283 "https://konsola.dkkapusta1997.usermd.net/" "Mozilla/5.0 (Windows NT 10.0; Win64; x64) AppleWebKit/537.36 (KHTML, like Gecko) Chrome/132.0.0.0 Safari/537.36"
193.33.8.61 - - [07/Feb/2025:12:55:11 +0100] "GET /favicon.ico HTTP/2.0" 404 3551 "https://dkkapusta1997.usermd.net/Jurek/eany/" "Mozilla/5.0 (Windows NT 10.0; Win64; x64) AppleWebKit/537.36 (KHTML, like Gecko) Chrome/132.0.0.0 Safari/537.36"
77.79.248.229 - - [07/Feb/2025:12:55:15 +0100] "GET /Jurek/expertauto/feeds/expertauto_zero.xml HTTP/1.1" 200 1159283 "-" "Python-urllib/3.11"
193.33.8.61 - - [07/Feb/2025:12:55:19 +0100] "GET /Jurek/eany/data.csv HTTP/2.0" 200 26299081 "https://dkkapusta1997.usermd.net/Jurek/eany/" "Mozilla/5.0 (Windows NT 10.0; Win64; x64) AppleWebKit/537.36 (KHTML, like Gecko) Chrome/132.0.0.0 Safari/537.36"
66.249.69.68 - - [07/Feb/2025:12:56:28 +0100] "GET /logs/access/2025-01-17.log HTTP/1.1" 200 635108 "-" "Mozilla/5.0 (Linux; Android 6.0.1; Nexus 5X Build/MMB29P) AppleWebKit/537.36 (KHTML, like Gecko) Chrome/132.0.6834.159 Mobile Safari/537.36 (compatible; GoogleOther)"
89.161.206.59 - - [07/Feb/2025:12:56:44 +0100] "GET /Jurek/wenom/feeds/wenom_skroutz.xml HTTP/1.0" 200 583215 "-" "-"
89.161.206.59 - - [07/Feb/2025:12:56:52 +0100] "GET /Jurek/antiodor/feeds/antiodor_skroutz.xml HTTP/1.0" 200 137858 "-" "-"
46.101.116.244 - - [07/Feb/2025:12:57:34 +0100] "GET /Jurek/kinghoff/feeds/kinghoff_velo.xml HTTP/1.0" 200 14282636 "-" "-"
89.161.206.59 - - [07/Feb/2025:12:57:56 +0100] "GET /Jurek/oromed/feeds/oromed_amazonnl.xml HTTP/1.0" 200 975766 "-" "-"
89.161.206.59 - - [07/Feb/2025:12:58:27 +0100] "GET /Jurek/eldar/feeds/eldar_emagro.xml HTTP/1.0" 404 3551 "-" "-"
46.101.116.244 - - [07/Feb/2025:12:58:46 +0100] "GET /Jurek/hurtownia_przemyslowa/feeds/hp_velomarket.xml HTTP/1.0" 200 49875349 "-" "-"
46.101.116.244 - - [07/Feb/2025:12:58:57 +0100] "GET /Jurek/benbaby/feeds/benbaby_velo.xml HTTP/1.0" 200 3696554 "-" "-"
193.33.8.61 - - [07/Feb/2025:12:58:58 +0100] "GET /Jurek/drewdon/feeds/drewdon_zero.xml HTTP/2.0" 200 504512 "https://konsola.dkkapusta1997.usermd.net/" "Mozilla/5.0 (Windows NT 10.0; Win64; x64) AppleWebKit/537.36 (KHTML, like Gecko) Chrome/132.0.0.0 Safari/537.36"
46.101.116.244 - - [07/Feb/2025:12:58:59 +0100] "GET /Jurek/aw/feeds/awnarzedzia_velomarket.xml HTTP/1.0" 200 8399194 "-" "-"
77.79.248.229 - - [07/Feb/2025:12:59:04 +0100] "GET /Jurek/drewdon/feeds/drewdon_zero.xml HTTP/1.1" 200 504512 "-" "Python-urllib/3.11"
66.249.69.69 - - [07/Feb/2025:12:59:55 +0100] "GET /logs/access/2025-01-12.log HTTP/1.1" 200 546583 "-" "Mozilla/5.0 (Linux; Android 6.0.1; Nexus 5X Build/MMB29P) AppleWebKit/537.36 (KHTML, like Gecko) Chrome/132.0.6834.159 Mobile Safari/537.36 (compatible; GoogleOther)"
164.92.232.189 - - [07/Feb/2025:13:00:01 +0100] "GET /subskrypcje/AMD/feeds/amd_cz.xml HTTP/1.1" 200 518486 "-" "-"
164.92.232.189 - - [07/Feb/2025:13:00:12 +0100] "GET /subskrypcje/AMD/feeds/amd_sk.xml HTTP/1.1" 200 528562 "-" "-"
164.92.232.189 - - [07/Feb/2025:13:00:13 +0100] "GET /subskrypcje/OverHorse/overhorse_mallcz.xml HTTP/1.1" 200 112935 "-" "-"
164.92.232.189 - - [07/Feb/2025:13:00:23 +0100] "GET /subskrypcje/mondex/feeds/mondex_mall_cz.xml HTTP/1.1" 200 2203515 "-" "-"
85.14.86.141 - - [07/Feb/2025:13:00:36 +0100] "GET /Jurek/vida_morele/feeds/VidaPL_all.xml HTTP/2.0" 200 694234281 "-" "MarketplaceAPI curl/7.64.0 PHP/8"
52.209.168.113 - - [07/Feb/2025:13:00:39 +0100] "GET /marketplaces/ubaldi/results/ubaldi.csv HTTP/1.1" 200 147219 "-" "Mirakl HttpClient"
85.232.241.194 - - [07/Feb/2025:13:02:02 +0100] "GET /Jurek/kinghoff/feeds/kinghoff_skrSH.xml HTTP/1.1" 200 14281997 "-" "Python-urllib/3.11"
85.232.241.194 - - [07/Feb/2025:13:02:03 +0100] "GET /Jurek/aw/feeds/aw_skroutzSH.xml HTTP/1.1" 200 90590994 "-" "Python-urllib/3.11"
85.232.241.194 - - [07/Feb/2025:13:02:03 +0100] "GET /Jurek/eurofirany/feeds/eurofirany_skrSH.xml HTTP/1.1" 200 18977748 "-" "Python-urllib/3.11"
85.232.241.194 - - [07/Feb/2025:13:02:04 +0100] "GET /Jurek/fernity/feeds/fernity_skrSH.xml HTTP/1.1" 200 5125621 "-" "Python-urllib/3.11"
85.232.241.194 - - [07/Feb/2025:13:02:04 +0100] "GET /Jurek/hurtownia_przemyslowa/feeds/hp_skrSH.xml HTTP/1.1" 200 49871562 "-" "Python-urllib/3.11"
85.232.241.194 - - [07/Feb/2025:13:02:04 +0100] "GET /Jurek/stema/feeds/stema_skrSH.xml HTTP/1.1" 200 860462 "-" "Python-urllib/3.11"
193.33.8.61 - - [07/Feb/2025:13:02:04 +0100] "GET /Jurek/luxma/feeds/luxma_zero.xml HTTP/2.0" 200 8058867 "https://konsola.dkkapusta1997.usermd.net/" "Mozilla/5.0 (Windows NT 10.0; Win64; x64) AppleWebKit/537.36 (KHTML, like Gecko) Chrome/132.0.0.0 Safari/537.36"
77.79.248.229 - - [07/Feb/2025:13:02:08 +0100] "GET /Jurek/luxma/feeds/luxma_zero.xml HTTP/1.1" 200 8058867 "-" "Python-urllib/3.11"
52.17.80.36 - - [07/Feb/2025:13:02:10 +0100] "GET /marketplaces/rue/results/rue.csv HTTP/1.1" 200 147219 "-" "Mirakl HttpClient"
89.161.206.59 - - [07/Feb/2025:13:02:59 +0100] "GET /Jurek/bass/feeds/bass_skroutz.xml HTTP/1.0" 200 3983819 "-" "-"
85.14.86.141 - - [07/Feb/2025:13:03:08 +0100] "GET /Jurek/kinghoff/feeds/kinghoff_morele.xml HTTP/2.0" 200 14282517 "-" "MarketplaceAPI curl/7.64.0 PHP/8"
89.161.206.59 - - [07/Feb/2025:13:03:09 +0100] "GET /Jurek/hdwr/feeds/hdwr_skroutz.xml HTTP/1.0" 200 777800 "-" "-"
89.161.206.59 - - [07/Feb/2025:13:03:11 +0100] "GET /Jurek/waks/feeds/waks_skroutz.xml HTTP/1.0" 200 6333022 "-" "-"
