193.33.8.61 - - [07/Feb/2025:14:08:14 +0100] "GET /Jurek/evil/feeds/evil_zero.xml HTTP/2.0" 200 306335 "https://konsola.dkkapusta1997.usermd.net/" "Mozilla/5.0 (Windows NT 10.0; Win64; x64) AppleWebKit/537.36 (KHTML, like Gecko) Chrome/132.0.0.0 Safari/537.36"
77.79.248.229 - - [07/Feb/2025:14:08:19 +0100] "GET /Jurek/evil/feeds/evil_zero.xml HTTP/1.1" 200 306335 "-" "Python-urllib/3.11"
89.161.206.59 - - [07/Feb/2025:14:08:29 +0100] "GET /Jurek/b3/feeds/b3_amazonfr.xml HTTP/1.0" 200 7199547 "-" "-"
89.161.206.59 - - [07/Feb/2025:14:08:30 +0100] "GET /Jurek/b3/feeds/b3_amazonit.xml HTTP/1.0" 200 7199656 "-" "-"
89.161.206.59 - - [07/Feb/2025:14:08:40 +0100] "GET /Jurek/swiatecznygoliat/feeds/swiatecznygoliat_amazonde.xml HTTP/1.0" 200 7195850 "-" "-"
66.249.69.69 - - [07/Feb/2025:14:09:10 +0100] "GET /mail/ HTTP/1.1" 403 3538 "-" "Mozilla/5.0 (Linux; Android 6.0.1; Nexus 5X Build/MMB29P) AppleWebKit/537.36 (KHTML, like Gecko) Chrome/132.0.6834.159 Mobile Safari/537.36 (compatible; GoogleOther)"
85.232.241.194 - - [07/Feb/2025:14:10:03 +0100] "GET /Jurek/aw/feeds/aw_altex.xml HTTP/1.1" 200 90668842 "-" "Python-urllib/3.11"
85.232.241.194 - - [07/Feb/2025:14:10:04 +0100] "GET /Jurek/unimet/feeds/unimet_altex.xml HTTP/1.1" 200 61098939 "-" "Python-urllib/3.11"
77.79.248.229 - - [07/Feb/2025:14:10:04 +0100] "GET /Jurek/ikonka/feeds/ikonka_cdon_se.xml HTTP/1.1" 200 22179770 "-" "python-requests/2.32.3"
77.79.248.229 - - [07/Feb/2025:14:10:05 +0100] "GET /Jurek/ikonka/feeds/ikonka_cdon_dk.xml HTTP/1.1" 200 22179640 "-" "python-requests/2.32.3"
77.79.248.229 - - [07/Feb/2025:14:10:05 +0100] "GET /Jurek/ikonka/feeds/ikonka_cdon_fi.xml HTTP/1.1" 200 22177493 "-" "python-requests/2.32.3"
77.79.248.229 - - [07/Feb/2025:14:10:12 +0100] "GET /Jurek/rovicky/feeds/rovicky_cdonSE.xml HTTP/1.1" 200 14074500 "-" "python-requests/2.32.3"
85.232.241.194 - - [07/Feb/2025:14:10:12 +0100] "GET /Jurek/action/feeds/action_altex.xml HTTP/1.1" 200 55068187 "-" "Python-urllib/3.11"
77.79.248.229 - - [07/Feb/2025:14:10:12 +0100] "GET /Jurek/rovicky/feeds/rovicky_cdonDK.xml HTTP/1.1" 200 14074047 "-" "python-requests/2.32.3"
85.232.241.194 - - [07/Feb/2025:14:10:12 +0100] "GET /Jurek/kinghoff/feeds/kinghoff_altex.xml HTTP/1.1" 200 14284106 "-" "Python-urllib/3.11"
77.79.248.229 - - [07/Feb/2025:14:10:12 +0100] "GET /Jurek/rovicky/feeds/rovicky_cdonFI.xml HTTP/1.1" 200 14069375 "-" "python-requests/2.32.3"
77.79.248.229 - - [07/Feb/2025:14:10:12 +0100] "GET /Jurek/benbaby/feeds/benbaby_cdon_se.xml HTTP/1.1" 200 3698853 "-" "python-requests/2.32.3"
77.79.248.229 - - [07/Feb/2025:14:10:13 +0100] "GET /Jurek/benbaby/feeds/benbaby_cdon_dk.xml HTTP/1.1" 200 3698820 "-" "python-requests/2.32.3"
77.79.248.229 - - [07/Feb/2025:14:10:13 +0100] "GET /Jurek/benbaby/feeds/benbaby_cdon_fi.xml HTTP/1.1" 200 3696264 "-" "python-requests/2.32.3"
77.79.248.229 - - [07/Feb/2025:14:10:13 +0100] "GET /Jurek/candellux/feeds/candellux_cdon_se.xml HTTP/1.1" 200 466166 "-" "python-requests/2.32.3"
77.79.248.229 - - [07/Feb/2025:14:10:13 +0100] "GET /Jurek/candellux/feeds/candellux_cdon_dk.xml HTTP/1.1" 200 466129 "-" "python-requests/2.32.3"
77.79.248.229 - - [07/Feb/2025:14:10:13 +0100] "GET /Jurek/candellux/feeds/candellux_cdon_fi.xml HTTP/1.1" 200 465745 "-" "python-requests/2.32.3"
77.79.248.229 - - [07/Feb/2025:14:10:15 +0100] "GET /Jurek/hurtownia_przemyslowa/feeds/hp_cdon_se.xml HTTP/1.1" 200 49886878 "-" "python-requests/2.32.3"
77.79.248.229 - - [07/Feb/2025:14:10:16 +0100] "GET /Jurek/hurtownia_przemyslowa/feeds/hp_cdon_dk.xml HTTP/1.1" 200 49885097 "-" "python-requests/2.32.3"
77.79.248.229 - - [07/Feb/2025:14:10:18 +0100] "GET /Jurek/hurtownia_przemyslowa/feeds/hp_cdon_fi.xml HTTP/1.1" 200 49871855 "-" "python-requests/2.32.3"
77.79.248.229 - - [07/Feb/2025:14:10:18 +0100] "GET /Jurek/topeshop/feeds/topeshop_cdon_se.xml HTTP/1.1" 200 2404095 "-" "python-requests/2.32.3"
77.79.248.229 - - [07/Feb/2025:14:10:18 +0100] "GET /Jurek/topeshop/feeds/topeshop_cdon_dk.xml HTTP/1.1" 200 2403912 "-" "python-requests/2.32.3"
77.79.248.229 - - [07/Feb/2025:14:10:18 +0100] "GET /Jurek/topeshop/feeds/topeshop_cdon_fi.xml HTTP/1.1" 200 2403466 "-" "python-requests/2.32.3"
77.79.248.229 - - [07/Feb/2025:14:10:19 +0100] "GET /Jurek/asortymenteu/feeds/asortymenteu_cdon_se.xml HTTP/1.1" 200 2500532 "-" "python-requests/2.32.3"
77.79.248.229 - - [07/Feb/2025:14:10:19 +0100] "GET /Jurek/asortymenteu/feeds/asortymenteu_cdon_dk.xml HTTP/1.1" 200 2500483 "-" "python-requests/2.32.3"
77.79.248.229 - - [07/Feb/2025:14:10:19 +0100] "GET /Jurek/asortymenteu/feeds/asortymenteu_cdon_fi.xml HTTP/1.1" 200 2499572 "-" "python-requests/2.32.3"
77.79.248.229 - - [07/Feb/2025:14:10:20 +0100] "GET /Jurek/fernity/feeds/fernity_cdon_se.xml HTTP/1.1" 200 5128432 "-" "python-requests/2.32.3"
77.79.248.229 - - [07/Feb/2025:14:10:20 +0100] "GET /Jurek/fernity/feeds/fernity_cdon_dk.xml HTTP/1.1" 200 5127939 "-" "python-requests/2.32.3"
77.79.248.229 - - [07/Feb/2025:14:10:20 +0100] "GET /Jurek/fernity/feeds/fernity_cdon_fi.xml HTTP/1.1" 200 5125064 "-" "python-requests/2.32.3"
77.79.248.229 - - [07/Feb/2025:14:10:22 +0100] "GET /Jurek/aw/feeds/awnarzedzia_cdon_se.xml HTTP/1.1" 200 90680288 "-" "python-requests/2.32.3"
77.79.248.229 - - [07/Feb/2025:14:10:25 +0100] "GET /Jurek/aw/feeds/awnarzedzia_cdon_dk.xml HTTP/1.1" 200 90674401 "-" "python-requests/2.32.3"
77.79.248.229 - - [07/Feb/2025:14:10:27 +0100] "GET /Jurek/aw/feeds/awnarzedzia_cdon_fi.xml HTTP/1.1" 200 90591161 "-" "python-requests/2.32.3"
77.79.248.229 - - [07/Feb/2025:14:10:27 +0100] "GET /Jurek/activeshop/feeds/activeshop_cdon_se.xml HTTP/1.1" 200 10399582 "-" "python-requests/2.32.3"
77.79.248.229 - - [07/Feb/2025:14:10:28 +0100] "GET /Jurek/activeshop/feeds/activeshop_cdon_dk.xml HTTP/1.1" 200 10399636 "-" "python-requests/2.32.3"
77.79.248.229 - - [07/Feb/2025:14:10:28 +0100] "GET /Jurek/activeshop/feeds/activeshop_cdon_fi.xml HTTP/1.1" 200 10396153 "-" "python-requests/2.32.3"
77.79.248.229 - - [07/Feb/2025:14:10:30 +0100] "GET /Jurek/ikonka/feeds/ikonka_cdon_se.xml HTTP/1.1" 200 22179770 "-" "python-requests/2.32.3"
77.79.248.229 - - [07/Feb/2025:14:10:30 +0100] "GET /Jurek/ikonka/feeds/ikonka_cdon_dk.xml HTTP/1.1" 200 22179640 "-" "python-requests/2.32.3"
77.79.248.229 - - [07/Feb/2025:14:10:31 +0100] "GET /Jurek/ikonka/feeds/ikonka_cdon_fi.xml HTTP/1.1" 200 22177493 "-" "python-requests/2.32.3"
77.79.248.229 - - [07/Feb/2025:14:10:32 +0100] "GET /Jurek/swiatecznygoliat/feeds/swiatecznygoliat_cdon_se.xml HTTP/1.1" 200 7198484 "-" "python-requests/2.32.3"
77.79.248.229 - - [07/Feb/2025:14:10:32 +0100] "GET /Jurek/swiatecznygoliat/feeds/swiatecznygoliat_cdon_dk.xml HTTP/1.1" 200 7198396 "-" "python-requests/2.32.3"
77.79.248.229 - - [07/Feb/2025:14:10:32 +0100] "GET /Jurek/swiatecznygoliat/feeds/swiatecznygoliat_cdon_fi.xml HTTP/1.1" 200 7195888 "-" "python-requests/2.32.3"
77.79.248.229 - - [07/Feb/2025:14:10:32 +0100] "GET /Jurek/slayo/feeds/slayo_cdon_se.xml HTTP/1.1" 200 195548 "-" "python-requests/2.32.3"
77.79.248.229 - - [07/Feb/2025:14:10:33 +0100] "GET /Jurek/slayo/feeds/slayo_cdon_dk.xml HTTP/1.1" 200 195547 "-" "python-requests/2.32.3"
77.79.248.229 - - [07/Feb/2025:14:10:33 +0100] "GET /Jurek/slayo/feeds/slayo_cdon_fi.xml HTTP/1.1" 200 195532 "-" "python-requests/2.32.3"
77.79.248.229 - - [07/Feb/2025:14:10:34 +0100] "GET /Jurek/bass/feeds/bass_cdon_se.xml HTTP/1.1" 200 3985697 "-" "python-requests/2.32.3"
77.79.248.229 - - [07/Feb/2025:14:10:34 +0100] "GET /Jurek/bass/feeds/bass_cdon_dk.xml HTTP/1.1" 200 3985491 "-" "python-requests/2.32.3"
77.79.248.229 - - [07/Feb/2025:14:10:34 +0100] "GET /Jurek/bass/feeds/bass_cdon_fi.xml HTTP/1.1" 200 3983953 "-" "python-requests/2.32.3"
77.79.248.229 - - [07/Feb/2025:14:10:35 +0100] "GET /Jurek/benetech/feeds/benetech_cdon_se.xml HTTP/1.1" 200 4452255 "-" "python-requests/2.32.3"
77.79.248.229 - - [07/Feb/2025:14:10:35 +0100] "GET /Jurek/benetech/feeds/benetech_cdon_dk.xml HTTP/1.1" 200 4452203 "-" "python-requests/2.32.3"
77.79.248.229 - - [07/Feb/2025:14:10:35 +0100] "GET /Jurek/benetech/feeds/benetech_cdon_fi.xml HTTP/1.1" 200 4451856 "-" "python-requests/2.32.3"
77.79.248.229 - - [07/Feb/2025:14:10:35 +0100] "GET /Jurek/waks/feeds/waks_cdon_se.xml HTTP/1.1" 200 6335431 "-" "python-requests/2.32.3"
77.79.248.229 - - [07/Feb/2025:14:10:35 +0100] "GET /Jurek/waks/feeds/waks_cdon_dk.xml HTTP/1.1" 200 6335329 "-" "python-requests/2.32.3"
77.79.248.229 - - [07/Feb/2025:14:10:35 +0100] "GET /Jurek/waks/feeds/waks_cdon_fi.xml HTTP/1.1" 200 6333038 "-" "python-requests/2.32.3"
77.79.248.229 - - [07/Feb/2025:14:10:35 +0100] "GET /Jurek/kambukka/feeds/kambukka_cdon_se.xml HTTP/1.1" 200 973587 "-" "python-requests/2.32.3"
77.79.248.229 - - [07/Feb/2025:14:10:35 +0100] "GET /Jurek/kambukka/feeds/kambukka_cdon_dk.xml HTTP/1.1" 200 973584 "-" "python-requests/2.32.3"
77.79.248.229 - - [07/Feb/2025:14:10:35 +0100] "GET /Jurek/kambukka/feeds/kambukka_cdon_fi.xml HTTP/1.1" 200 973330 "-" "python-requests/2.32.3"
77.79.248.229 - - [07/Feb/2025:14:10:35 +0100] "GET /Jurek/hdwr/feeds/hdwr_cdon_se.xml HTTP/1.1" 200 778080 "-" "python-requests/2.32.3"
77.79.248.229 - - [07/Feb/2025:14:10:35 +0100] "GET /Jurek/hdwr/feeds/hdwr_cdon_dk.xml HTTP/1.1" 200 778029 "-" "python-requests/2.32.3"
77.79.248.229 - - [07/Feb/2025:14:10:35 +0100] "GET /Jurek/hdwr/feeds/hdwr_cdon_fi.xml HTTP/1.1" 200 777818 "-" "python-requests/2.32.3"
77.79.248.229 - - [07/Feb/2025:14:10:36 +0100] "GET /Jurek/pagmil/feeds/pagmil_cdon_se.xml HTTP/1.1" 200 1706049 "-" "python-requests/2.32.3"
77.79.248.229 - - [07/Feb/2025:14:10:36 +0100] "GET /Jurek/pagmil/feeds/pagmil_cdon_dk.xml HTTP/1.1" 200 1706041 "-" "python-requests/2.32.3"
77.79.248.229 - - [07/Feb/2025:14:10:36 +0100] "GET /Jurek/pagmil/feeds/pagmil_cdon_fi.xml HTTP/1.1" 200 1705664 "-" "python-requests/2.32.3"
77.79.248.229 - - [07/Feb/2025:14:10:36 +0100] "GET /Jurek/targethome/feeds/targethome_cdon_se.xml HTTP/1.1" 200 683708 "-" "python-requests/2.32.3"
77.79.248.229 - - [07/Feb/2025:14:10:36 +0100] "GET /Jurek/targethome/feeds/targethome_cdon_dk.xml HTTP/1.1" 200 683688 "-" "python-requests/2.32.3"
77.79.248.229 - - [07/Feb/2025:14:10:36 +0100] "GET /Jurek/targethome/feeds/targethome_cdon_fi.xml HTTP/1.1" 200 683584 "-" "python-requests/2.32.3"
77.79.248.229 - - [07/Feb/2025:14:10:37 +0100] "GET /Jurek/eroplace/feeds/eroplace_cdon_se.xml HTTP/1.1" 200 30863138 "-" "python-requests/2.32.3"
77.79.248.229 - - [07/Feb/2025:14:10:37 +0100] "GET /Jurek/eroplace/feeds/eroplace_cdon_dk.xml HTTP/1.1" 200 30862329 "-" "python-requests/2.32.3"
77.79.248.229 - - [07/Feb/2025:14:10:39 +0100] "GET /Jurek/eroplace/feeds/eroplace_cdon_fi.xml HTTP/1.1" 200 30849673 "-" "python-requests/2.32.3"
77.79.248.229 - - [07/Feb/2025:14:10:39 +0100] "GET /Jurek/artdog/feeds/artdog_cdon_se.xml HTTP/1.1" 200 15938143 "-" "python-requests/2.32.3"
77.79.248.229 - - [07/Feb/2025:14:10:40 +0100] "GET /Jurek/artdog/feeds/artdog_cdon_dk.xml HTTP/1.1" 200 15936112 "-" "python-requests/2.32.3"
77.79.248.229 - - [07/Feb/2025:14:10:40 +0100] "GET /Jurek/artdog/feeds/artdog_cdon_fi.xml HTTP/1.1" 200 15930456 "-" "python-requests/2.32.3"
77.79.248.229 - - [07/Feb/2025:14:10:40 +0100] "GET /Jurek/sempler/feeds/sempler_cdon_se.xml HTTP/1.1" 200 6554480 "-" "python-requests/2.32.3"
77.79.248.229 - - [07/Feb/2025:14:10:41 +0100] "GET /Jurek/sempler/feeds/sempler_cdon_dk.xml HTTP/1.1" 200 6554450 "-" "python-requests/2.32.3"
77.79.248.229 - - [07/Feb/2025:14:10:41 +0100] "GET /Jurek/sempler/feeds/sempler_cdon_fi.xml HTTP/1.1" 200 6553289 "-" "python-requests/2.32.3"
77.79.248.229 - - [07/Feb/2025:14:10:41 +0100] "GET /Jurek/oromed/feeds/oromed_cdon_se.xml HTTP/1.1" 200 975925 "-" "python-requests/2.32.3"
77.79.248.229 - - [07/Feb/2025:14:10:41 +0100] "GET /Jurek/oromed/feeds/oromed_cdon_dk.xml HTTP/1.1" 200 975909 "-" "python-requests/2.32.3"
77.79.248.229 - - [07/Feb/2025:14:10:41 +0100] "GET /Jurek/oromed/feeds/oromed_cdon_fi.xml HTTP/1.1" 200 975764 "-" "python-requests/2.32.3"
77.79.248.229 - - [07/Feb/2025:14:10:41 +0100] "GET /Jurek/hurtmeblowy/feeds/hurtmeblowy_cdon_se.xml HTTP/1.1" 200 8041529 "-" "python-requests/2.32.3"
77.79.248.229 - - [07/Feb/2025:14:10:42 +0100] "GET /Jurek/hurtmeblowy/feeds/hurtmeblowy_cdon_dk.xml HTTP/1.1" 200 8040907 "-" "python-requests/2.32.3"
77.79.248.229 - - [07/Feb/2025:14:10:42 +0100] "GET /Jurek/hurtmeblowy/feeds/hurtmeblowy_cdon_fi.xml HTTP/1.1" 200 8039494 "-" "python-requests/2.32.3"
77.79.248.229 - - [07/Feb/2025:14:10:42 +0100] "GET /Jurek/narzbud/feeds/narzbud_cdon_se.xml HTTP/1.1" 200 1612497 "-" "python-requests/2.32.3"
77.79.248.229 - - [07/Feb/2025:14:10:42 +0100] "GET /Jurek/narzbud/feeds/narzbud_cdon_dk.xml HTTP/1.1" 200 1612508 "-" "python-requests/2.32.3"
77.79.248.229 - - [07/Feb/2025:14:10:42 +0100] "GET /Jurek/narzbud/feeds/narzbud_cdon_fi.xml HTTP/1.1" 200 1611781 "-" "python-requests/2.32.3"
77.79.248.229 - - [07/Feb/2025:14:10:42 +0100] "GET /Jurek/livinhill/feeds/livinhill_cdon_se.xml HTTP/1.1" 200 1459213 "-" "python-requests/2.32.3"
77.79.248.229 - - [07/Feb/2025:14:10:42 +0100] "GET /Jurek/livinhill/feeds/livinhill_cdon_dk.xml HTTP/1.1" 200 1459104 "-" "python-requests/2.32.3"
77.79.248.229 - - [07/Feb/2025:14:10:42 +0100] "GET /Jurek/livinhill/feeds/livinhill_cdon_fi.xml HTTP/1.1" 200 1458634 "-" "python-requests/2.32.3"
77.79.248.229 - - [07/Feb/2025:14:10:43 +0100] "GET /Jurek/ekuchcikowo/feeds/ekuchcikowo_cdon_se.xml HTTP/1.1" 200 12890578 "-" "python-requests/2.32.3"
77.79.248.229 - - [07/Feb/2025:14:10:43 +0100] "GET /Jurek/ekuchcikowo/feeds/ekuchcikowo_cdon_dk.xml HTTP/1.1" 200 12890308 "-" "python-requests/2.32.3"
77.79.248.229 - - [07/Feb/2025:14:10:43 +0100] "GET /Jurek/ekuchcikowo/feeds/ekuchcikowo_cdon_fi.xml HTTP/1.1" 200 12887982 "-" "python-requests/2.32.3"
77.79.248.229 - - [07/Feb/2025:14:10:43 +0100] "GET /Jurek/fertone/feeds/fertone_cdon_se.xml HTTP/1.1" 200 626594 "-" "python-requests/2.32.3"
77.79.248.229 - - [07/Feb/2025:14:10:43 +0100] "GET /Jurek/fertone/feeds/fertone_cdon_dk.xml HTTP/1.1" 200 626568 "-" "python-requests/2.32.3"
77.79.248.229 - - [07/Feb/2025:14:10:43 +0100] "GET /Jurek/fertone/feeds/fertone_cdon_fi.xml HTTP/1.1" 200 626232 "-" "python-requests/2.32.3"
77.79.248.229 - - [07/Feb/2025:14:10:43 +0100] "GET /Jurek/ekolight/feeds/ekolioght_cdon_se.xml HTTP/1.1" 200 9055566 "-" "python-requests/2.32.3"
77.79.248.229 - - [07/Feb/2025:14:10:44 +0100] "GET /Jurek/ekolight/feeds/ekolioght_cdon_dk.xml HTTP/1.1" 200 9054878 "-" "python-requests/2.32.3"
77.79.248.229 - - [07/Feb/2025:14:10:44 +0100] "GET /Jurek/ekolight/feeds/ekolioght_cdon_fi.xml HTTP/1.1" 200 9051645 "-" "python-requests/2.32.3"
77.79.248.229 - - [07/Feb/2025:14:10:44 +0100] "GET /Jurek/cbdgreen/feeds/cbdgreen_cdon_se.xml HTTP/1.1" 200 50242 "-" "python-requests/2.32.3"
77.79.248.229 - - [07/Feb/2025:14:10:44 +0100] "GET /Jurek/cbdgreen/feeds/cbdgreen_cdon_dk.xml HTTP/1.1" 200 50242 "-" "python-requests/2.32.3"
77.79.248.229 - - [07/Feb/2025:14:10:44 +0100] "GET /Jurek/cbdgreen/feeds/cbdgreen_cdon_fi.xml HTTP/1.1" 200 50235 "-" "python-requests/2.32.3"
77.79.248.229 - - [07/Feb/2025:14:10:44 +0100] "GET /Jurek/pawonik/feeds/pawonik_cdon_se.xml HTTP/1.1" 200 2534941 "-" "python-requests/2.32.3"
77.79.248.229 - - [07/Feb/2025:14:10:44 +0100] "GET /Jurek/pawonik/feeds/pawonik_cdon_dk.xml HTTP/1.1" 200 2534901 "-" "python-requests/2.32.3"
77.79.248.229 - - [07/Feb/2025:14:10:45 +0100] "GET /Jurek/pawonik/feeds/pawonik_cdon_fi.xml HTTP/1.1" 200 2534486 "-" "python-requests/2.32.3"
77.79.248.229 - - [07/Feb/2025:14:10:45 +0100] "GET /Jurek/mosti/feeds/mosti_cdon_se.xml HTTP/1.1" 200 9257173 "-" "python-requests/2.32.3"
77.79.248.229 - - [07/Feb/2025:14:10:46 +0100] "GET /Jurek/mosti/feeds/mosti_cdon_dk.xml HTTP/1.1" 200 9257359 "-" "python-requests/2.32.3"
77.79.248.229 - - [07/Feb/2025:14:10:46 +0100] "GET /Jurek/mosti/feeds/mosti_cdon_fi.xml HTTP/1.1" 200 9255734 "-" "python-requests/2.32.3"
77.79.248.229 - - [07/Feb/2025:14:10:46 +0100] "GET /Jurek/winoszarnia/feeds/winoszarnia_cdon_se.xml HTTP/1.1" 200 6132078 "-" "python-requests/2.32.3"
77.79.248.229 - - [07/Feb/2025:14:10:47 +0100] "GET /Jurek/winoszarnia/feeds/winoszarnia_cdon_dk.xml HTTP/1.1" 200 6132009 "-" "python-requests/2.32.3"
77.79.248.229 - - [07/Feb/2025:14:10:47 +0100] "GET /Jurek/winoszarnia/feeds/winoszarnia_cdon_fi.xml HTTP/1.1" 200 6130730 "-" "python-requests/2.32.3"
46.101.116.244 - - [07/Feb/2025:14:11:35 +0100] "GET /Jurek/kinghoff/feeds/kinghoff_ceneo.xml HTTP/1.0" 200 14282688 "-" "-"
46.101.116.244 - - [07/Feb/2025:14:11:46 +0100] "GET /Jurek/kokiska/feeds/kokiska_ceneo.xml HTTP/1.0" 200 11123988 "-" "-"
46.101.116.244 - - [07/Feb/2025:14:11:58 +0100] "GET /Jurek/chemex/feeds/Chemex_allegro.xml HTTP/1.0" 200 47823094 "-" "-"
85.232.241.194 - - [07/Feb/2025:14:12:02 +0100] "GET /Jurek/vida_morele/feeds/VidaPL_empik_gs.xml HTTP/1.1" 404 3551 "-" "Python-urllib/3.11"
85.232.241.194 - - [07/Feb/2025:14:12:03 +0100] "GET /Jurek/eurofirany/feeds/eurofirany_empik.xml HTTP/1.1" 200 18976851 "-" "Python-urllib/3.11"
85.232.241.194 - - [07/Feb/2025:14:12:04 +0100] "GET /Jurek/chemex/feeds/chemex_empik.xml HTTP/1.1" 200 47822490 "-" "Python-urllib/3.11"
46.101.116.244 - - [07/Feb/2025:14:12:42 +0100] "GET /Jurek/barbecook/feeds/barbecook_allegro.xml HTTP/1.0" 200 87554 "-" "-"
185.6.76.18 - - [07/Feb/2025:14:13:15 +0100] "GET /marketplaces/skroutz/feeds/shumee.xml HTTP/1.1" 200 349764495 "-" "SkroutzBot v1.0"
198.235.24.202 - - [07/Feb/2025:14:13:37 +0100] "GET / HTTP/1.1" 403 3541 "-" "Expanse, a Palo Alto Networks company, searches across the global IPv4 space multiple times per day to identify customers' presences on the Internet. If you would like to be excluded from our scans, please send IP addresses/domains to: scaninfo@paloaltonetworks.com"
89.161.206.59 - - [07/Feb/2025:14:14:53 +0100] "GET /Jurek/kambukka/feeds/kambukka_allegro.xml HTTP/1.0" 200 973394 "-" "-"
89.161.206.59 - - [07/Feb/2025:14:14:55 +0100] "GET /Jurek/combine/feeds/combine_allegro.xml HTTP/1.0" 200 210574 "-" "-"
89.161.206.59 - - [07/Feb/2025:14:14:55 +0100] "GET /Jurek/spali/feeds/spali_allegro.xml HTTP/1.0" 200 101958 "-" "-"
89.161.206.59 - - [07/Feb/2025:14:15:54 +0100] "GET /Jurek/kobi/feeds/kobi_skroutz.xml HTTP/1.0" 200 1993252 "-" "-"
77.79.248.229 - - [07/Feb/2025:14:16:15 +0100] "GET /Jurek/drewdon/feeds/drewdon_cdon_dk.xml HTTP/1.1" 200 504554 "-" "Python-urllib/3.11"
77.79.248.229 - - [07/Feb/2025:14:17:18 +0100] "GET /Jurek/drewdon/feeds/drewdon_cdon_fi.xml HTTP/1.1" 200 504476 "-" "Python-urllib/3.11"
193.33.8.61 - - [07/Feb/2025:14:20:08 +0100] "GET /Jurek/zepnij/feeds/zepnij_cdon_se.xml HTTP/2.0" 200 19525491 "https://konsola.dkkapusta1997.usermd.net/" "Mozilla/5.0 (Windows NT 10.0; Win64; x64) AppleWebKit/537.36 (KHTML, like Gecko) Chrome/132.0.0.0 Safari/537.36"
77.79.248.229 - - [07/Feb/2025:14:20:09 +0100] "GET /Jurek/zepnij/feeds/zepnij_cdon_se.xml HTTP/1.1" 200 19525491 "-" "Python-urllib/3.11"
193.33.8.61 - - [07/Feb/2025:14:20:15 +0100] "GET /Jurek/zepnij/feeds/zepnij_cdon_dk.xml HTTP/2.0" 200 19525300 "https://konsola.dkkapusta1997.usermd.net/" "Mozilla/5.0 (Windows NT 10.0; Win64; x64) AppleWebKit/537.36 (KHTML, like Gecko) Chrome/132.0.0.0 Safari/537.36"
193.33.8.61 - - [07/Feb/2025:14:20:24 +0100] "GET /Jurek/zepnij/feeds/zepnij_cdon_fi.xml HTTP/2.0" 200 19522967 "https://konsola.dkkapusta1997.usermd.net/" "Mozilla/5.0 (Windows NT 10.0; Win64; x64) AppleWebKit/537.36 (KHTML, like Gecko) Chrome/132.0.0.0 Safari/537.36"
46.101.116.244 - - [07/Feb/2025:14:20:25 +0100] "GET /Filip/xlsx_ceneo.xml HTTP/1.0" 200 47764 "-" "-"
193.33.8.61 - - [07/Feb/2025:14:22:49 +0100] "GET /Jurek/eany/data.csv HTTP/2.0" 304 0 "https://dkkapusta1997.usermd.net/Jurek/eany/" "Mozilla/5.0 (Windows NT 10.0; Win64; x64) AppleWebKit/537.36 (KHTML, like Gecko) Chrome/132.0.0.0 Safari/537.36"
46.101.116.244 - - [07/Feb/2025:14:23:28 +0100] "GET /Jurek/vida_morele/feeds/vidaPL_velomarket.xml HTTP/1.0" 200 694239652 "-" "-"
66.249.69.70 - - [07/Feb/2025:14:23:50 +0100] "GET /Kacper/ HTTP/1.1" 200 1524 "-" "Mozilla/5.0 (Linux; Android 6.0.1; Nexus 5X Build/MMB29P) AppleWebKit/537.36 (KHTML, like Gecko) Chrome/132.0.6834.159 Mobile Safari/537.36 (compatible; GoogleOther)"
46.101.116.244 - - [07/Feb/2025:14:27:38 +0100] "GET /Jurek/eurofirany/feeds/eurofirany_ceneo.xml HTTP/1.0" 200 18979085 "-" "-"
66.249.69.68 - - [07/Feb/2025:14:27:41 +0100] "GET /logs/access/2024-12-05.log HTTP/1.1" 200 563061 "-" "Mozilla/5.0 (Linux; Android 6.0.1; Nexus 5X Build/MMB29P) AppleWebKit/537.36 (KHTML, like Gecko) Chrome/132.0.6834.159 Mobile Safari/537.36 (compatible; GoogleOther)"
89.161.206.59 - - [07/Feb/2025:14:28:11 +0100] "GET /Jurek/ekolight/feeds/ekolight_emaghu.xml HTTP/1.0" 200 9061352 "-" "-"
89.161.206.59 - - [07/Feb/2025:14:28:25 +0100] "GET /Jurek/evil/feeds/evil_skroutz.xml HTTP/1.0" 200 306386 "-" "-"
77.79.248.229 - - [07/Feb/2025:14:30:28 +0100] "GET /Jurek/zepnij/feeds/zepnij_cdon_dk.xml HTTP/1.1" 200 19525300 "-" "Python-urllib/3.11"
89.161.206.59 - - [07/Feb/2025:14:30:58 +0100] "GET /Jurek/narzbud/feeds/narzbud_allegro.xml HTTP/1.0" 200 1611875 "-" "-"
77.79.248.229 - - [07/Feb/2025:14:31:29 +0100] "GET /Jurek/zepnij/feeds/zepnij_cdon_fi.xml HTTP/1.1" 200 19522967 "-" "Python-urllib/3.11"
89.161.206.59 - - [07/Feb/2025:14:33:22 +0100] "GET /Jurek/elecomp/feeds/elecomp_skroutz.xml HTTP/1.0" 200 2869632 "-" "-"
89.161.206.59 - - [07/Feb/2025:14:33:54 +0100] "GET /Jurek/qbox/feeds/qbox_skroutz.xml HTTP/1.0" 200 398703 "-" "-"
89.161.206.59 - - [07/Feb/2025:14:34:24 +0100] "GET /Jurek/fernity/feeds/fernity_skroutz.xml HTTP/1.0" 200 5125669 "-" "-"
5.134.208.158 - - [07/Feb/2025:14:34:29 +0100] "GET /Jurek/eurofirany/images/408981/0.jpg HTTP/1.1" 200 140923 "-" "-"
89.161.206.59 - - [07/Feb/2025:14:34:35 +0100] "GET /Jurek/activeshop/feeds/activeshop_skroutz.xml HTTP/1.0" 200 10395953 "-" "-"
193.33.8.61 - - [07/Feb/2025:14:34:51 +0100] "GET /Jurek/eany/data.csv HTTP/2.0" 304 0 "https://dkkapusta1997.usermd.net/Jurek/eany/" "Mozilla/5.0 (Windows NT 10.0; Win64; x64) AppleWebKit/537.36 (KHTML, like Gecko) Chrome/132.0.0.0 Safari/537.36"
66.249.69.70 - - [07/Feb/2025:14:35:01 +0100] "GET /logs/access/2024-11-27.log HTTP/1.1" 200 640122 "-" "Mozilla/5.0 (Linux; Android 6.0.1; Nexus 5X Build/MMB29P) AppleWebKit/537.36 (KHTML, like Gecko) Chrome/132.0.6834.159 Mobile Safari/537.36 (compatible; GoogleOther)"
46.101.116.244 - - [07/Feb/2025:14:35:06 +0100] "GET /Jurek/beliani/feeds/beliani_skroutz.xml HTTP/1.0" 200 31858860 "-" "-"
89.161.206.59 - - [07/Feb/2025:14:35:38 +0100] "GET /Jurek/b3/feeds/b3_amazonse.xml HTTP/1.0" 200 7202815 "-" "-"
52.209.168.113 - - [07/Feb/2025:14:35:40 +0100] "GET /marketplaces/worten2/results/worten.csv HTTP/1.1" 200 147218 "-" "Mirakl HttpClient"
193.33.8.61 - - [07/Feb/2025:14:36:12 +0100] "GET /Jurek/primohurt/feeds/primohurt_cdon_se.xml HTTP/2.0" 200 17191476 "https://konsola.dkkapusta1997.usermd.net/" "Mozilla/5.0 (Windows NT 10.0; Win64; x64) AppleWebKit/537.36 (KHTML, like Gecko) Chrome/132.0.0.0 Safari/537.36"
89.161.206.59 - - [07/Feb/2025:14:36:13 +0100] "GET /Jurek/motofan/feeds/motofan_skroutz.xml HTTP/1.0" 200 2392435 "-" "-"
193.33.8.61 - - [07/Feb/2025:14:36:16 +0100] "GET /Jurek/primohurt/feeds/primohurt_cdon_dk.xml HTTP/2.0" 200 17191704 "https://konsola.dkkapusta1997.usermd.net/" "Mozilla/5.0 (Windows NT 10.0; Win64; x64) AppleWebKit/537.36 (KHTML, like Gecko) Chrome/132.0.0.0 Safari/537.36"
193.33.8.61 - - [07/Feb/2025:14:36:20 +0100] "GET /Jurek/primohurt/feeds/primohurt_cdon_fi.xml HTTP/2.0" 200 17186666 "https://konsola.dkkapusta1997.usermd.net/" "Mozilla/5.0 (Windows NT 10.0; Win64; x64) AppleWebKit/537.36 (KHTML, like Gecko) Chrome/132.0.0.0 Safari/537.36"
77.79.248.229 - - [07/Feb/2025:14:36:26 +0100] "GET /Jurek/primohurt/feeds/primohurt_cdon_se.xml HTTP/1.1" 200 17191476 "-" "Python-urllib/3.11"
89.161.206.59 - - [07/Feb/2025:14:37:10 +0100] "GET /Jurek/aiofactory/feeds/aiofactory_skroutz.xml HTTP/1.0" 200 2078076 "-" "-"
178.21.154.6 - - [07/Feb/2025:14:37:14 +0100] "GET /Jurek/eurofirany/images/432607/0.jpg HTTP/1.1" 200 33 "-" "-"
178.21.154.6 - - [07/Feb/2025:14:37:14 +0100] "GET /Jurek/eurofirany/images/432607/0.jpg HTTP/1.1" 200 33 "-" "-"
193.33.8.61 - - [07/Feb/2025:14:37:33 +0100] "GET /Jurek/drops/output.txt HTTP/2.0" 200 7679 "https://konsola.dkkapusta1997.usermd.net/" "Mozilla/5.0 (Windows NT 10.0; Win64; x64) AppleWebKit/537.36 (KHTML, like Gecko) Chrome/132.0.0.0 Safari/537.36"
89.161.206.59 - - [07/Feb/2025:14:37:43 +0100] "GET /Jurek/ekotex/feeds/ekotex_skroutz.xml HTTP/1.0" 200 197813 "-" "-"
193.33.8.61 - - [07/Feb/2025:14:37:56 +0100] "GET /Jurek/eany/data.csv HTTP/2.0" 304 0 "https://dkkapusta1997.usermd.net/Jurek/eany/" "Mozilla/5.0 (Windows NT 10.0; Win64; x64) AppleWebKit/537.36 (KHTML, like Gecko) Chrome/132.0.0.0 Safari/537.36"
89.161.206.59 - - [07/Feb/2025:14:38:02 +0100] "GET /Jurek/sartrix/feeds/sartrix_skroutz.xml HTTP/1.0" 200 649161 "-" "-"
66.249.69.68 - - [07/Feb/2025:14:38:42 +0100] "GET /logs/access/2024-12-08.log HTTP/1.1" 200 405060 "-" "Mozilla/5.0 (Linux; Android 6.0.1; Nexus 5X Build/MMB29P) AppleWebKit/537.36 (KHTML, like Gecko) Chrome/132.0.6834.159 Mobile Safari/537.36 (compatible; GoogleOther)"
89.161.206.59 - - [07/Feb/2025:14:40:08 +0100] "GET /Jurek/twojsklep/feeds/twojsklep_skroutz.xml HTTP/1.0" 200 126783 "-" "-"
193.33.8.61 - - [07/Feb/2025:14:41:04 +0100] "GET /Jurek/drops/feeds/dropsofficecolection_amazonde.xml HTTP/2.0" 200 787932 "https://konsola.dkkapusta1997.usermd.net/" "Mozilla/5.0 (Windows NT 10.0; Win64; x64) AppleWebKit/537.36 (KHTML, like Gecko) Chrome/132.0.0.0 Safari/537.36"
89.161.206.59 - - [07/Feb/2025:14:41:16 +0100] "GET /Jurek/ekolight/feeds/ekolight_allegro.xml HTTP/1.0" 200 9053667 "-" "-"
89.161.206.59 - - [07/Feb/2025:14:41:16 +0100] "GET /Jurek/galopi/feeds/galopi_allegro.xml HTTP/1.0" 200 1884828 "-" "-"
89.161.206.59 - - [07/Feb/2025:14:41:19 +0100] "GET /Jurek/madrex/feeds/madrex_skroutz.xml HTTP/1.0" 200 466722 "-" "-"
89.161.206.59 - - [07/Feb/2025:14:41:34 +0100] "GET /Jurek/drops/feeds/dropsofficecolection_amazonde.xml HTTP/1.0" 200 787932 "-" "-"
193.33.8.61 - - [07/Feb/2025:14:41:52 +0100] "GET /Jurek/drops/feeds/dropsofficecolection_zero.xml HTTP/2.0" 200 787531 "https://konsola.dkkapusta1997.usermd.net/" "Mozilla/5.0 (Windows NT 10.0; Win64; x64) AppleWebKit/537.36 (KHTML, like Gecko) Chrome/132.0.0.0 Safari/537.36"
77.79.248.229 - - [07/Feb/2025:14:42:13 +0100] "GET /Jurek/drops/feeds/dropsofficecolection_zero.xml HTTP/1.1" 200 787531 "-" "Python-urllib/3.11"
89.161.206.59 - - [07/Feb/2025:14:42:29 +0100] "GET /Jurek/domzapachy/feeds/domzapachy_skroutz.xml HTTP/1.0" 200 179653 "-" "-"
77.79.248.229 - - [07/Feb/2025:14:44:01 +0100] "GET /Jurek/primohurt/feeds/primohurt_cdon_dk.xml HTTP/1.1" 200 17191704 "-" "Python-urllib/3.11"
89.161.206.59 - - [07/Feb/2025:14:44:11 +0100] "GET /Jurek/emaja24/feeds/emaja24_skroutz.xml HTTP/1.0" 200 5110183 "-" "-"
89.161.206.59 - - [07/Feb/2025:14:44:56 +0100] "GET /Jurek/luxma/feeds/luxma_skroutz.xml HTTP/1.0" 200 8058983 "-" "-"
77.79.248.229 - - [07/Feb/2025:14:45:47 +0100] "GET /Jurek/primohurt/feeds/primohurt_cdon_fi.xml HTTP/1.1" 200 17186666 "-" "Python-urllib/3.11"
89.161.206.59 - - [07/Feb/2025:14:46:09 +0100] "GET /Jurek/drewdon/feeds/drewdon_skroutz.xml HTTP/1.0" 200 504471 "-" "-"
89.161.206.59 - - [07/Feb/2025:14:47:16 +0100] "GET /Jurek/zepnij/feeds/zepnij_skroutz.xml HTTP/1.0" 200 19522899 "-" "-"
193.33.8.61 - - [07/Feb/2025:14:47:50 +0100] "GET /Jurek/dekoele/feeds/dekoele_cdon_se.xml HTTP/2.0" 200 734011 "https://konsola.dkkapusta1997.usermd.net/" "Mozilla/5.0 (Windows NT 10.0; Win64; x64) AppleWebKit/537.36 (KHTML, like Gecko) Chrome/132.0.0.0 Safari/537.36"
193.33.8.61 - - [07/Feb/2025:14:47:51 +0100] "GET /Jurek/dekoele/feeds/dekoele_cdon_dk.xml HTTP/2.0" 200 734009 "https://konsola.dkkapusta1997.usermd.net/" "Mozilla/5.0 (Windows NT 10.0; Win64; x64) AppleWebKit/537.36 (KHTML, like Gecko) Chrome/132.0.0.0 Safari/537.36"
193.33.8.61 - - [07/Feb/2025:14:47:52 +0100] "GET /Jurek/dekoele/feeds/dekoele_cdon_fi.xml HTTP/2.0" 200 733938 "https://konsola.dkkapusta1997.usermd.net/" "Mozilla/5.0 (Windows NT 10.0; Win64; x64) AppleWebKit/537.36 (KHTML, like Gecko) Chrome/132.0.0.0 Safari/537.36"
66.249.69.68 - - [07/Feb/2025:14:47:57 +0100] "GET /logs/access/2025-01-24.log HTTP/1.1" 200 739244 "-" "Mozilla/5.0 (Linux; Android 6.0.1; Nexus 5X Build/MMB29P) AppleWebKit/537.36 (KHTML, like Gecko) Chrome/132.0.6834.159 Mobile Safari/537.36 (compatible; GoogleOther)"
77.79.248.229 - - [07/Feb/2025:14:48:39 +0100] "GET /Jurek/dekoele/feeds/dekoele_cdon_se.xml HTTP/1.1" 200 734011 "-" "Python-urllib/3.11"
193.33.8.61 - - [07/Feb/2025:14:51:14 +0100] "GET /Jurek/dekoele/download/products.csv HTTP/2.0" 200 700686 "https://konsola.dkkapusta1997.usermd.net/" "Mozilla/5.0 (Windows NT 10.0; Win64; x64) AppleWebKit/537.36 (KHTML, like Gecko) Chrome/132.0.0.0 Safari/537.36"
89.161.206.59 - - [07/Feb/2025:14:51:28 +0100] "GET /Jurek/hurtmeblowy/feeds/hurtmeblowy_skroutz.xml HTTP/1.0" 200 8039441 "-" "-"
89.161.206.59 - - [07/Feb/2025:14:52:25 +0100] "GET /Jurek/topeshop/feeds/topeshop_ebayDE.xml HTTP/1.0" 200 1195908 "-" "-"
66.249.69.69 - - [07/Feb/2025:14:53:37 +0100] "GET /logs/access/2025-01-25.log HTTP/1.1" 200 675185 "-" "Mozilla/5.0 (Linux; Android 6.0.1; Nexus 5X Build/MMB29P) AppleWebKit/537.36 (KHTML, like Gecko) Chrome/132.0.6834.159 Mobile Safari/537.36 (compatible; GoogleOther)"
85.232.241.194 - - [07/Feb/2025:14:54:04 +0100] "GET /Jurek/topeshop/feeds/topeshop_xxxlutz.xml HTTP/1.1" 200 2403212 "-" "Python-urllib/3.11"
85.232.241.194 - - [07/Feb/2025:14:54:04 +0100] "GET /Jurek/hurtownia_przemyslowa/feeds/hp_xxxlutz.xml HTTP/1.1" 200 49870741 "-" "Python-urllib/3.11"
85.232.241.194 - - [07/Feb/2025:14:54:05 +0100] "GET /Jurek/fernity/feeds/fernity_xxxlutz.xml HTTP/1.1" 200 5125059 "-" "Python-urllib/3.11"
85.232.241.194 - - [07/Feb/2025:14:54:05 +0100] "GET /Jurek/benetech/feeds/benetech_xxlutz.xml HTTP/1.1" 200 4451753 "-" "Python-urllib/3.11"
85.232.241.194 - - [07/Feb/2025:14:54:05 +0100] "GET /Jurek/ekolight/feeds/ekolioght_xxlutz.xml HTTP/1.1" 200 9051693 "-" "Python-urllib/3.11"
85.232.241.194 - - [07/Feb/2025:14:54:05 +0100] "GET /Jurek/waks/feeds/waks_xxlutz.xml HTTP/1.1" 200 6332995 "-" "Python-urllib/3.11"
85.232.241.194 - - [07/Feb/2025:14:54:06 +0100] "GET /Jurek/ekuchcikowo/feeds/ekuchcikowo_xxxlutz.xml HTTP/1.1" 200 12888006 "-" "Python-urllib/3.11"
85.232.241.194 - - [07/Feb/2025:14:54:06 +0100] "GET /Jurek/fertone/feeds/fertone_xxlutz.xml HTTP/1.1" 200 626221 "-" "Python-urllib/3.11"
85.232.241.194 - - [07/Feb/2025:14:54:08 +0100] "GET /Jurek/intsell/feeds/intsell_xxxlutz.xml HTTP/1.1" 200 338789236 "-" "Python-urllib/3.11"
46.101.116.244 - - [07/Feb/2025:14:55:05 +0100] "GET /Jurek/ikonka/feeds/ikonka_alza.xml HTTP/2.0" 200 22179967 "-" "-"
46.101.116.244 - - [07/Feb/2025:14:55:18 +0100] "GET /Jurek/ikonka/feeds/ikonka_kaufcz.xml HTTP/2.0" 200 22180199 "-" "-"
66.249.69.69 - - [07/Feb/2025:14:55:30 +0100] "GET /logs/access/2025-01-20.log HTTP/1.1" 200 699392 "-" "Mozilla/5.0 (Linux; Android 6.0.1; Nexus 5X Build/MMB29P) AppleWebKit/537.36 (KHTML, like Gecko) Chrome/132.0.6834.159 Mobile Safari/537.36 (compatible; GoogleOther)"
46.101.116.244 - - [07/Feb/2025:14:55:31 +0100] "GET /Jurek/ikonka/feeds/ikonka_kaufde.xml HTTP/2.0" 200 22177500 "-" "-"
46.101.116.244 - - [07/Feb/2025:14:56:16 +0100] "GET /Jurek/stema/feeds/stema_alza.xml HTTP/2.0" 200 860929 "-" "-"
46.101.116.244 - - [07/Feb/2025:14:56:27 +0100] "GET /Jurek/stema/feeds/stema_kaufcz.xml HTTP/2.0" 200 860929 "-" "-"
46.101.116.244 - - [07/Feb/2025:14:56:37 +0100] "GET /Jurek/stema/feeds/stema_kaufde.xml HTTP/2.0" 200 860293 "-" "-"
193.33.8.61 - - [07/Feb/2025:14:57:05 +0100] "GET /Jurek/domzapachy/feeds/domzapachy_zero.xml HTTP/2.0" 200 179563 "https://konsola.dkkapusta1997.usermd.net/" "Mozilla/5.0 (Windows NT 10.0; Win64; x64) AppleWebKit/537.36 (KHTML, like Gecko) Chrome/132.0.0.0 Safari/537.36"
89.161.206.59 - - [07/Feb/2025:14:57:25 +0100] "GET /Jurek/kinghoff/feeds/kinghoff_emaghu.xml HTTP/1.0" 200 14281845 "-" "-"
89.161.206.59 - - [07/Feb/2025:14:57:35 +0100] "GET /Jurek/targethome/feeds/targethome_emagro.xml HTTP/1.0" 200 683649 "-" "-"
89.161.206.59 - - [07/Feb/2025:14:57:36 +0100] "GET /Jurek/mosti/feeds/mosti_emagro.xml HTTP/1.0" 200 9250028 "-" "-"
89.161.206.59 - - [07/Feb/2025:14:57:36 +0100] "GET /Jurek/pawonik/feeds/pawonik_emagro.xml HTTP/1.0" 200 2534812 "-" "-"
89.161.206.59 - - [07/Feb/2025:14:57:37 +0100] "GET /Jurek/hurtmeblowy/feeds/hurtmeblowy_emagro.xml HTTP/1.0" 200 8040573 "-" "-"
89.161.206.59 - - [07/Feb/2025:14:57:37 +0100] "GET /Jurek/fertone/feeds/fertone_emagro.xml HTTP/1.0" 200 626358 "-" "-"
89.161.206.59 - - [07/Feb/2025:14:57:37 +0100] "GET /Jurek/ekolight/feeds/ekolioght_emagro.xml HTTP/1.0" 200 9054067 "-" "-"
89.161.206.59 - - [07/Feb/2025:14:57:38 +0100] "GET /Jurek/eurofirany/feeds/eurofirany_emagro.xml HTTP/1.0" 200 18987643 "-" "-"
89.161.206.59 - - [07/Feb/2025:14:57:38 +0100] "GET /Jurek/ekuchcikowo/feeds/ekuchcikowo_emagro.xml HTTP/1.0" 200 12890173 "-" "-"
89.161.206.59 - - [07/Feb/2025:14:57:38 +0100] "GET /Jurek/ikonka/feeds/ikonka_emagro.xml HTTP/1.0" 200 22178827 "-" "-"
89.161.206.59 - - [07/Feb/2025:14:57:38 +0100] "GET /Jurek/artdog/feeds/artdog_emagro.xml HTTP/1.0" 200 15936239 "-" "-"
89.161.206.59 - - [07/Feb/2025:14:57:38 +0100] "GET /Jurek/eldar/feeds/eldar_emagro.xml HTTP/1.0" 404 3551 "-" "-"
89.161.206.59 - - [07/Feb/2025:14:57:39 +0100] "GET /Jurek/cbdgreen/feeds/cbdgreen_emagro.xml HTTP/1.0" 200 50240 "-" "-"
77.79.248.229 - - [07/Feb/2025:14:58:01 +0100] "GET /Jurek/eurofirany/feeds/eurofirany_manomanode.xml HTTP/1.1" 200 18975617 "-" "Python-urllib/3.11"
77.79.248.229 - - [07/Feb/2025:14:58:03 +0100] "GET /Jurek/hurtownia_przemyslowa/feeds/hp_manomanode.xml HTTP/1.1" 200 49871067 "-" "Python-urllib/3.11"
77.79.248.229 - - [07/Feb/2025:14:58:03 +0100] "GET /Jurek/topeshop/feeds/topeshop_manoDE.xml HTTP/1.1" 200 2403240 "-" "Python-urllib/3.11"
77.79.248.229 - - [07/Feb/2025:14:58:05 +0100] "GET /Jurek/aw/feeds/awnarzedzia_manomanoDE.xml HTTP/1.1" 200 90588228 "-" "Python-urllib/3.11"
77.79.248.229 - - [07/Feb/2025:14:58:06 +0100] "GET /Jurek/action/feeds/action_manomano_DE.xml HTTP/1.1" 200 55045577 "-" "Python-urllib/3.11"
77.79.248.229 - - [07/Feb/2025:14:58:06 +0100] "GET /Jurek/fernity/feeds/fernity_manomano.xml HTTP/1.1" 200 5125082 "-" "Python-urllib/3.11"
77.79.248.229 - - [07/Feb/2025:14:58:06 +0100] "GET /Jurek/eurofirany/feeds/eurofirany_manomanofr.xml HTTP/1.1" 200 18975612 "-" "Python-urllib/3.11"
77.79.248.229 - - [07/Feb/2025:14:58:07 +0100] "GET /Jurek/hurtownia_przemyslowa/feeds/hp_manomanofr.xml HTTP/1.1" 200 49871787 "-" "Python-urllib/3.11"
77.79.248.229 - - [07/Feb/2025:14:58:08 +0100] "GET /Jurek/kinghome/feeds/kinghome_manomanofr.xml HTTP/1.1" 200 5739781 "-" "Python-urllib/3.11"
77.79.248.229 - - [07/Feb/2025:14:58:08 +0100] "GET /Jurek/topeshop/feeds/topeshop_manoFR.xml HTTP/1.1" 200 2403308 "-" "Python-urllib/3.11"
77.79.248.229 - - [07/Feb/2025:14:58:09 +0100] "GET /Jurek/activeshop/feeds/activeshop_manomanofr.xml HTTP/1.1" 200 10395927 "-" "Python-urllib/3.11"
77.79.248.229 - - [07/Feb/2025:14:58:10 +0100] "GET /Jurek/aw/feeds/awnarzedzia_manomanofr.xml HTTP/1.1" 200 90589891 "-" "Python-urllib/3.11"
77.79.248.229 - - [07/Feb/2025:14:58:12 +0100] "GET /Jurek/hurtownia_przemyslowa/feeds/hp_manomanoit.xml HTTP/1.1" 200 49871738 "-" "Python-urllib/3.11"
77.79.248.229 - - [07/Feb/2025:14:58:12 +0100] "GET /Jurek/eurofirany/feeds/eurofirany_manomanoit.xml HTTP/1.1" 200 18975695 "-" "Python-urllib/3.11"
77.79.248.229 - - [07/Feb/2025:14:58:13 +0100] "GET /Jurek/fernity/feeds/fernity_manoIT.xml HTTP/1.1" 200 5125622 "-" "Python-urllib/3.11"
77.79.248.229 - - [07/Feb/2025:14:58:14 +0100] "GET /Jurek/topeshop/feeds/topeshop_manoIT.xml HTTP/1.1" 200 2403343 "-" "Python-urllib/3.11"
77.79.248.229 - - [07/Feb/2025:14:58:15 +0100] "GET /Jurek/action/feeds/action_manomano_IT.xml HTTP/1.1" 200 55046595 "-" "Python-urllib/3.11"
77.79.248.229 - - [07/Feb/2025:14:58:15 +0100] "GET /Jurek/activeshop/feeds/activeshop_manomanoit.xml HTTP/1.1" 200 10396099 "-" "Python-urllib/3.11"
46.101.116.244 - - [07/Feb/2025:14:58:17 +0100] "GET /Jurek/hurtownia_przemyslowa/feeds/hp_alza.xml HTTP/2.0" 200 49892203 "-" "-"
77.79.248.229 - - [07/Feb/2025:14:58:18 +0100] "GET /Jurek/aw/feeds/awnarzedzia_manomanoIT.xml HTTP/1.1" 200 90590390 "-" "Python-urllib/3.11"
77.79.248.229 - - [07/Feb/2025:14:58:19 +0100] "GET /Jurek/barbecook/feeds/barbecook_manoit.xml HTTP/1.1" 200 87530 "-" "Python-urllib/3.11"
193.33.8.61 - - [07/Feb/2025:14:58:32 +0100] "GET /Jurek/domzapachy/output.txt HTTP/2.0" 200 3127 "https://konsola.dkkapusta1997.usermd.net/" "Mozilla/5.0 (Windows NT 10.0; Win64; x64) AppleWebKit/537.36 (KHTML, like Gecko) Chrome/132.0.0.0 Safari/537.36"
46.101.116.244 - - [07/Feb/2025:14:58:36 +0100] "GET /Jurek/hurtownia_przemyslowa/feeds/hp_kaufcz.xml HTTP/2.0" 200 49890738 "-" "-"
66.249.69.68 - - [07/Feb/2025:14:58:53 +0100] "GET /logs/access/2024-11-19.log HTTP/1.1" 200 521903 "-" "Mozilla/5.0 (Linux; Android 6.0.1; Nexus 5X Build/MMB29P) AppleWebKit/537.36 (KHTML, like Gecko) Chrome/132.0.6834.159 Mobile Safari/537.36 (compatible; GoogleOther)"
46.101.116.244 - - [07/Feb/2025:14:59:06 +0100] "GET /Jurek/hurtownia_przemyslowa/feeds/hp_kaufsk.xml HTTP/2.0" 200 49871245 "-" "-"
89.161.206.59 - - [07/Feb/2025:14:59:22 +0100] "GET /Jurek/edruk/feeds/edruk_skroutz.xml HTTP/1.0" 200 13452567 "-" "-"
46.101.116.244 - - [07/Feb/2025:14:59:33 +0100] "GET /Jurek/hurtownia_przemyslowa/feeds/hp_kaufde.xml HTTP/2.0" 200 49870934 "-" "-"
85.14.86.141 - - [07/Feb/2025:15:00:36 +0100] "GET /Jurek/vida_morele/feeds/VidaPL_all.xml HTTP/2.0" 200 694234281 "-" "MarketplaceAPI curl/7.64.0 PHP/8"
52.209.168.113 - - [07/Feb/2025:15:00:40 +0100] "GET /marketplaces/ubaldi/results/ubaldi.csv HTTP/1.1" 200 147219 "-" "Mirakl HttpClient"
89.161.206.59 - - [07/Feb/2025:15:00:43 +0100] "GET /Jurek/eldar/feeds/eldar_skroutz.xml HTTP/1.0" 404 3551 "-" "-"
89.161.206.59 - - [07/Feb/2025:15:00:45 +0100] "GET /Jurek/eldar/feeds/eldar_skroutz.xml HTTP/1.0" 404 3551 "-" "-"
89.161.206.59 - - [07/Feb/2025:15:01:02 +0100] "GET /Jurek/eldar/feeds/eldar_emagro.xml HTTP/1.0" 404 3551 "-" "-"
37.225.27.66 - - [07/Feb/2025:15:01:33 +0100] "GET /Jurek/eany/ HTTP/2.0" 200 634 "https://serwer1694120.home.pl/" "Mozilla/5.0 (Windows NT 10.0; Win64; x64) AppleWebKit/537.36 (KHTML, like Gecko) Chrome/132.0.0.0 Safari/537.36"
37.225.27.66 - - [07/Feb/2025:15:01:34 +0100] "GET /Jurek/eany/styles.css HTTP/2.0" 200 2070 "https://dkkapusta1997.usermd.net/Jurek/eany/" "Mozilla/5.0 (Windows NT 10.0; Win64; x64) AppleWebKit/537.36 (KHTML, like Gecko) Chrome/132.0.0.0 Safari/537.36"
37.225.27.66 - - [07/Feb/2025:15:01:34 +0100] "GET /Jurek/eany/script.js HTTP/2.0" 200 4251 "https://dkkapusta1997.usermd.net/Jurek/eany/" "Mozilla/5.0 (Windows NT 10.0; Win64; x64) AppleWebKit/537.36 (KHTML, like Gecko) Chrome/132.0.0.0 Safari/537.36"
37.225.27.66 - - [07/Feb/2025:15:01:46 +0100] "GET /Jurek/eany/data.csv HTTP/2.0" 200 26288819 "https://dkkapusta1997.usermd.net/Jurek/eany/" "Mozilla/5.0 (Windows NT 10.0; Win64; x64) AppleWebKit/537.36 (KHTML, like Gecko) Chrome/132.0.0.0 Safari/537.36"
52.17.80.36 - - [07/Feb/2025:15:02:04 +0100] "GET /marketplaces/rue/results/rue.csv HTTP/1.1" 200 147219 "-" "Mirakl HttpClient"
46.101.116.244 - - [07/Feb/2025:15:02:12 +0100] "GET /Jurek/gimmik/feeds/gimmik_mallsiex.xml HTTP/2.0" 404 3551 "-" "-"
46.101.116.244 - - [07/Feb/2025:15:02:34 +0100] "GET /Jurek/bimboland/feeds/bimboland_mallsiex.xml HTTP/2.0" 200 2485714 "-" "-"
85.14.86.141 - - [07/Feb/2025:15:03:08 +0100] "GET /Jurek/kinghoff/feeds/kinghoff_morele.xml HTTP/2.0" 200 14275594 "-" "MarketplaceAPI curl/7.64.0 PHP/8"
193.33.8.61 - - [07/Feb/2025:15:03:12 +0100] "GET /Jurek/emaja24/feeds/emaja24_zero.xml HTTP/2.0" 200 5106283 "https://konsola.dkkapusta1997.usermd.net/" "Mozilla/5.0 (Windows NT 10.0; Win64; x64) AppleWebKit/537.36 (KHTML, like Gecko) Chrome/132.0.0.0 Safari/537.36"
46.101.116.244 - - [07/Feb/2025:15:03:13 +0100] "GET /Jurek/activeshop/feeds/activeshop_mallsiex.xml HTTP/2.0" 200 10395867 "-" "-"
77.79.248.229 - - [07/Feb/2025:15:03:14 +0100] "GET /Jurek/emaja24/feeds/emaja24_zero.xml HTTP/1.1" 200 5106283 "-" "Python-urllib/3.11"
46.101.116.244 - - [07/Feb/2025:15:03:17 +0100] "GET /Jurek/benbaby/feeds/benbaby_mallsi.xml HTTP/2.0" 200 3550783 "-" "-"
46.101.116.244 - - [07/Feb/2025:15:03:28 +0100] "GET /Jurek/bass/feeds/bass_mallsi.xml HTTP/2.0" 200 3983903 "-" "-"
46.101.116.244 - - [07/Feb/2025:15:03:39 +0100] "GET /Jurek/emibig/feeds/emibig_mallsi.xml HTTP/2.0" 200 2427407 "-" "-"
46.101.116.244 - - [07/Feb/2025:15:03:50 +0100] "GET /Jurek/b3/feeds/b3_mallsi.xml HTTP/2.0" 200 5597754 "-" "-"
85.232.241.194 - - [07/Feb/2025:15:04:04 +0100] "GET /Jurek/aw/feeds/aw_worten.xml HTTP/1.1" 200 90590759 "-" "Python-urllib/3.11"
85.232.241.194 - - [07/Feb/2025:15:04:05 +0100] "GET /Jurek/aw/feeds/aw_wortenES.xml HTTP/1.1" 200 90591812 "-" "Python-urllib/3.11"
46.101.116.244 - - [07/Feb/2025:15:04:05 +0100] "GET /Jurek/action/feeds/action_mallsi.xml HTTP/2.0" 200 55045729 "-" "-"
85.232.241.194 - - [07/Feb/2025:15:04:05 +0100] "GET /Jurek/action/feeds/action_worten.xml HTTP/1.1" 200 55046684 "-" "Python-urllib/3.11"
85.232.241.194 - - [07/Feb/2025:15:04:05 +0100] "GET /Jurek/action/feeds/action_wortenES.xml HTTP/1.1" 200 55046900 "-" "Python-urllib/3.11"
85.232.241.194 - - [07/Feb/2025:15:04:23 +0100] "GET /Jurek/octopia/feeds/octopia_worten.xml HTTP/1.1" 200 10603887 "-" "Python-urllib/3.11"
85.232.241.194 - - [07/Feb/2025:15:04:23 +0100] "GET /Jurek/octopia/feeds/octopia_wortenES.xml HTTP/1.1" 200 10603895 "-" "Python-urllib/3.11"
85.232.241.194 - - [07/Feb/2025:15:04:23 +0100] "GET /Jurek/hurtownia_przemyslowa/feeds/hp_worten.xml HTTP/1.1" 200 49871357 "-" "Python-urllib/3.11"
85.232.241.194 - - [07/Feb/2025:15:04:23 +0100] "GET /Jurek/hurtownia_przemyslowa/feeds/hp_wortenES.xml HTTP/1.1" 200 49871422 "-" "Python-urllib/3.11"
46.101.116.244 - - [07/Feb/2025:15:04:26 +0100] "GET /Jurek/aw/feeds/awnarzedzia_mallsiex.xml HTTP/2.0" 200 90590167 "-" "-"
85.232.241.194 - - [07/Feb/2025:15:04:33 +0100] "GET /Jurek/ikonka/feeds/ikonka_worten.xml HTTP/1.1" 200 22177493 "-" "Python-urllib/3.11"
85.232.241.194 - - [07/Feb/2025:15:04:33 +0100] "GET /Jurek/ikonka/feeds/ikonka_wortenES.xml HTTP/1.1" 200 22177539 "-" "Python-urllib/3.11"
85.232.241.194 - - [07/Feb/2025:15:04:36 +0100] "GET /Jurek/eroplace/feeds/eroplace_worten.xml HTTP/1.1" 200 30849213 "-" "Python-urllib/3.11"
85.232.241.194 - - [07/Feb/2025:15:04:36 +0100] "GET /Jurek/eroplace/feeds/eroplace_wortenES.xml HTTP/1.1" 200 30849391 "-" "Python-urllib/3.11"
85.232.241.194 - - [07/Feb/2025:15:04:38 +0100] "GET /Jurek/intsell/feeds/intsell_worten.xml HTTP/1.1" 200 338791284 "-" "Python-urllib/3.11"
85.232.241.194 - - [07/Feb/2025:15:04:40 +0100] "GET /Jurek/intsell/feeds/intsell_wortenES.xml HTTP/1.1" 200 338790900 "-" "Python-urllib/3.11"
85.232.241.194 - - [07/Feb/2025:15:04:41 +0100] "GET /Jurek/coppotech/feeds/coppotech_worten.xml HTTP/1.1" 200 38986599 "-" "Python-urllib/3.11"
85.232.241.194 - - [07/Feb/2025:15:04:41 +0100] "GET /Jurek/coppotech/feeds/coppotech_wortenES.xml HTTP/1.1" 200 38986302 "-" "Python-urllib/3.11"
85.232.241.194 - - [07/Feb/2025:15:04:42 +0100] "GET /Jurek/b3/feeds/b3_worten.xml HTTP/1.1" 200 7199394 "-" "Python-urllib/3.11"
85.232.241.194 - - [07/Feb/2025:15:04:42 +0100] "GET /Jurek/b3/feeds/b3_wortenES.xml HTTP/1.1" 200 7199607 "-" "Python-urllib/3.11"
85.232.241.194 - - [07/Feb/2025:15:04:42 +0100] "GET /Jurek/ekuchcikowo/feeds/ekuchcikowo_worten.xml HTTP/1.1" 200 12888280 "-" "Python-urllib/3.11"
85.232.241.194 - - [07/Feb/2025:15:04:43 +0100] "GET /Jurek/ekuchcikowo/feeds/ekuchcikowo_wortenES.xml HTTP/1.1" 200 12888124 "-" "Python-urllib/3.11"
85.232.241.194 - - [07/Feb/2025:15:04:43 +0100] "GET /Jurek/fertone/feeds/fertone_worten.xml HTTP/1.1" 200 626227 "-" "Python-urllib/3.11"
85.232.241.194 - - [07/Feb/2025:15:04:43 +0100] "GET /Jurek/fertone/feeds/fertone_wortenES.xml HTTP/1.1" 200 626225 "-" "Python-urllib/3.11"
85.232.241.194 - - [07/Feb/2025:15:04:43 +0100] "GET /Jurek/sempler/feeds/sempler_worten.xml HTTP/1.1" 200 6553262 "-" "Python-urllib/3.11"
85.232.241.194 - - [07/Feb/2025:15:04:43 +0100] "GET /Jurek/sempler/feeds/sempler_wortenES.xml HTTP/1.1" 200 6553274 "-" "Python-urllib/3.11"
85.232.241.194 - - [07/Feb/2025:15:04:44 +0100] "GET /Jurek/euroshop/feeds/euroshop_worten.xml HTTP/1.1" 200 17927408 "-" "Python-urllib/3.11"
85.232.241.194 - - [07/Feb/2025:15:04:44 +0100] "GET /Jurek/euroshop/feeds/euroshop_wortenES.xml HTTP/1.1" 200 17927578 "-" "Python-urllib/3.11"
85.232.241.194 - - [07/Feb/2025:15:04:44 +0100] "GET /Jurek/ekolight/feeds/ekolight_worten.xml HTTP/1.1" 200 9051807 "-" "Python-urllib/3.11"
85.232.241.194 - - [07/Feb/2025:15:04:44 +0100] "GET /Jurek/ekolight/feeds/ekolight_wortenES.xml HTTP/1.1" 200 9051822 "-" "Python-urllib/3.11"
85.232.241.194 - - [07/Feb/2025:15:04:44 +0100] "GET /Jurek/erohurtownia/feeds/erohurtownia_worten.xml HTTP/1.1" 200 23304172 "-" "Python-urllib/3.11"
85.232.241.194 - - [07/Feb/2025:15:04:44 +0100] "GET /Jurek/erohurtownia/feeds/erohurtownia_wortenES.xml HTTP/1.1" 200 23303995 "-" "Python-urllib/3.11"
85.232.241.194 - - [07/Feb/2025:15:04:45 +0100] "GET /Jurek/kobi/feeds/kobi_worten.xml HTTP/1.1" 200 1993259 "-" "Python-urllib/3.11"
85.232.241.194 - - [07/Feb/2025:15:04:45 +0100] "GET /Jurek/kobi/feeds/kobi_wortenES.xml HTTP/1.1" 200 1993275 "-" "Python-urllib/3.11"
85.232.241.194 - - [07/Feb/2025:15:04:45 +0100] "GET /Jurek/elecomp/feeds/elecomp_worten.xml HTTP/1.1" 200 2869620 "-" "Python-urllib/3.11"
85.232.241.194 - - [07/Feb/2025:15:04:45 +0100] "GET /Jurek/elecomp/feeds/elecomp_wortenES.xml HTTP/1.1" 200 2869600 "-" "Python-urllib/3.11"
85.232.241.194 - - [07/Feb/2025:15:04:45 +0100] "GET /Jurek/kambukka/feeds/kambukka_worten.xml HTTP/1.1" 200 973325 "-" "Python-urllib/3.11"
85.232.241.194 - - [07/Feb/2025:15:04:45 +0100] "GET /Jurek/kambukka/feeds/kambukka_wortenES.xml HTTP/1.1" 200 973318 "-" "Python-urllib/3.11"
85.232.241.194 - - [07/Feb/2025:15:04:45 +0100] "GET /Jurek/waks/feeds/waks_worten.xml HTTP/1.1" 200 6333013 "-" "Python-urllib/3.11"
85.232.241.194 - - [07/Feb/2025:15:04:45 +0100] "GET /Jurek/waks/feeds/waks_wortenES.xml HTTP/1.1" 200 6333059 "-" "Python-urllib/3.11"
85.232.241.194 - - [07/Feb/2025:15:04:45 +0100] "GET /Jurek/oromed/feeds/oromed_worten.xml HTTP/1.1" 200 975756 "-" "Python-urllib/3.11"
85.232.241.194 - - [07/Feb/2025:15:04:45 +0100] "GET /Jurek/oromed/feeds/oromed_wortenES.xml HTTP/1.1" 200 975752 "-" "Python-urllib/3.11"
85.232.241.194 - - [07/Feb/2025:15:04:45 +0100] "GET /Jurek/benetech/feeds/benetech_worten.xml HTTP/1.1" 200 4451824 "-" "Python-urllib/3.11"
85.232.241.194 - - [07/Feb/2025:15:04:45 +0100] "GET /Jurek/benetech/feeds/benetech_wortenES.xml HTTP/1.1" 200 4451852 "-" "Python-urllib/3.11"
85.232.241.194 - - [07/Feb/2025:15:04:46 +0100] "GET /Jurek/spali/feeds/spali_worten.xml HTTP/1.1" 200 101945 "-" "Python-urllib/3.11"
85.232.241.194 - - [07/Feb/2025:15:04:46 +0100] "GET /Jurek/spali/feeds/spali_wortenES.xml HTTP/1.1" 200 101945 "-" "Python-urllib/3.11"
85.232.241.194 - - [07/Feb/2025:15:04:46 +0100] "GET /Jurek/najtanszysport/feeds/najtanszysport_worten.xml HTTP/1.1" 200 3982936 "-" "Python-urllib/3.11"
85.232.241.194 - - [07/Feb/2025:15:04:46 +0100] "GET /Jurek/najtanszysport/feeds/najtanszysport_wortenES.xml HTTP/1.1" 200 3982939 "-" "Python-urllib/3.11"
85.232.241.194 - - [07/Feb/2025:15:04:46 +0100] "GET /Jurek/maksik/feeds/maksik_worten.xml HTTP/1.1" 200 4084763 "-" "Python-urllib/3.11"
85.232.241.194 - - [07/Feb/2025:15:04:46 +0100] "GET /Jurek/maksik/feeds/maksik_wortenES.xml HTTP/1.1" 200 4084771 "-" "Python-urllib/3.11"
85.232.241.194 - - [07/Feb/2025:15:04:46 +0100] "GET /Jurek/urwiskowo/feeds/urwiskowo_worten.xml HTTP/1.1" 200 9114803 "-" "Python-urllib/3.11"
85.232.241.194 - - [07/Feb/2025:15:04:46 +0100] "GET /Jurek/urwiskowo/feeds/urwiskowo_wortenES.xml HTTP/1.1" 200 9114942 "-" "Python-urllib/3.11"
85.232.241.194 - - [07/Feb/2025:15:04:46 +0100] "GET /Jurek/combine/feeds/combine_worten.xml HTTP/1.1" 200 210556 "-" "Python-urllib/3.11"
85.232.241.194 - - [07/Feb/2025:15:04:46 +0100] "GET /Jurek/combine/feeds/combine_wortenES.xml HTTP/1.1" 200 210551 "-" "Python-urllib/3.11"
46.101.116.244 - - [07/Feb/2025:15:04:49 +0100] "GET /Jurek/eurofirany/feeds/eurofirany_mall_si_extrastore.xml HTTP/2.0" 200 18975612 "-" "-"
46.101.116.244 - - [07/Feb/2025:15:05:03 +0100] "GET /Jurek/fernity/feeds/fernity_mallslex.xml HTTP/2.0" 200 5125106 "-" "-"
46.101.116.244 - - [07/Feb/2025:15:05:14 +0100] "GET /Jurek/homla/feeds/homla_mallslex.xml HTTP/2.0" 404 3551 "-" "-"
193.33.8.61 - - [07/Feb/2025:15:05:22 +0100] "GET /Jurek/combine/output.txt HTTP/2.0" 200 6112 "https://konsola.dkkapusta1997.usermd.net/" "Mozilla/5.0 (Windows NT 10.0; Win64; x64) AppleWebKit/537.36 (KHTML, like Gecko) Chrome/132.0.0.0 Safari/537.36"
85.14.86.141 - - [07/Feb/2025:15:05:30 +0100] "GET /Jurek/eurofirany/feeds/eurofirany_morele.xml HTTP/2.0" 200 18976979 "-" "MarketplaceAPI curl/7.64.0 PHP/8"
46.101.116.244 - - [07/Feb/2025:15:05:30 +0100] "GET /Jurek/hurtownia_przemyslowa/feeds/hp_mallsi.xml HTTP/2.0" 200 49871128 "-" "-"
85.14.86.141 - - [07/Feb/2025:15:05:44 +0100] "GET /Jurek/vivaldi/feeds/vivaldi_Morele-PL.xml HTTP/2.0" 200 344674 "-" "MarketplaceAPI curl/7.64.0 PHP/8"
46.101.116.244 - - [07/Feb/2025:15:05:45 +0100] "GET /Jurek/ikonka/feeds/ikonka_mallsiex.xml HTTP/2.0" 200 22177524 "-" "-"
46.101.116.244 - - [07/Feb/2025:15:05:57 +0100] "GET /Jurek/kinghoff/feeds/kinghoff_mallslex.xml HTTP/2.0" 200 14274932 "-" "-"
