77.79.248.229 - - [06/Feb/2025:06:58:08 +0100] "GET /Jurek/action/feeds/action_manomano_DE.xml HTTP/1.1" 200 55045667 "-" "Python-urllib/3.11"
77.79.248.229 - - [06/Feb/2025:06:58:08 +0100] "GET /Jurek/fernity/feeds/fernity_manomano.xml HTTP/1.1" 200 5124867 "-" "Python-urllib/3.11"
77.79.248.229 - - [06/Feb/2025:06:58:08 +0100] "GET /Jurek/eurofirany/feeds/eurofirany_manomanofr.xml HTTP/1.1" 200 18946878 "-" "Python-urllib/3.11"
77.79.248.229 - - [06/Feb/2025:06:58:09 +0100] "GET /Jurek/hurtownia_przemyslowa/feeds/hp_manomanofr.xml HTTP/1.1" 200 49867081 "-" "Python-urllib/3.11"
77.79.248.229 - - [06/Feb/2025:06:58:10 +0100] "GET /Jurek/kinghome/feeds/kinghome_manomanofr.xml HTTP/1.1" 200 5734922 "-" "Python-urllib/3.11"
77.79.248.229 - - [06/Feb/2025:06:58:10 +0100] "GET /Jurek/topeshop/feeds/topeshop_manoFR.xml HTTP/1.1" 200 2426916 "-" "Python-urllib/3.11"
77.79.248.229 - - [06/Feb/2025:06:58:11 +0100] "GET /Jurek/activeshop/feeds/activeshop_manomanofr.xml HTTP/1.1" 200 10396083 "-" "Python-urllib/3.11"
77.79.248.229 - - [06/Feb/2025:06:58:12 +0100] "GET /Jurek/aw/feeds/awnarzedzia_manomanofr.xml HTTP/1.1" 200 91432372 "-" "Python-urllib/3.11"
77.79.248.229 - - [06/Feb/2025:06:58:13 +0100] "GET /Jurek/hurtownia_przemyslowa/feeds/hp_manomanoit.xml HTTP/1.1" 200 49867031 "-" "Python-urllib/3.11"
77.79.248.229 - - [06/Feb/2025:06:58:13 +0100] "GET /Jurek/eurofirany/feeds/eurofirany_manomanoit.xml HTTP/1.1" 200 18946804 "-" "Python-urllib/3.11"
77.79.248.229 - - [06/Feb/2025:06:58:14 +0100] "GET /Jurek/fernity/feeds/fernity_manoIT.xml HTTP/1.1" 200 5125407 "-" "Python-urllib/3.11"
77.79.248.229 - - [06/Feb/2025:06:58:14 +0100] "GET /Jurek/topeshop/feeds/topeshop_manoIT.xml HTTP/1.1" 200 2426953 "-" "Python-urllib/3.11"
77.79.248.229 - - [06/Feb/2025:06:58:15 +0100] "GET /Jurek/action/feeds/action_manomano_IT.xml HTTP/1.1" 200 55046669 "-" "Python-urllib/3.11"
77.79.248.229 - - [06/Feb/2025:06:58:15 +0100] "GET /Jurek/activeshop/feeds/activeshop_manomanoit.xml HTTP/1.1" 200 10396255 "-" "Python-urllib/3.11"
77.79.248.229 - - [06/Feb/2025:06:58:18 +0100] "GET /Jurek/aw/feeds/awnarzedzia_manomanoIT.xml HTTP/1.1" 200 91432943 "-" "Python-urllib/3.11"
77.79.248.229 - - [06/Feb/2025:06:58:18 +0100] "GET /Jurek/barbecook/feeds/barbecook_manoit.xml HTTP/1.1" 200 87530 "-" "Python-urllib/3.11"
164.92.232.189 - - [06/Feb/2025:07:00:01 +0100] "GET /subskrypcje/AMD/feeds/amd_cz.xml HTTP/1.1" 200 518486 "-" "-"
164.92.232.189 - - [06/Feb/2025:07:00:12 +0100] "GET /subskrypcje/AMD/feeds/amd_sk.xml HTTP/1.1" 200 528562 "-" "-"
164.92.232.189 - - [06/Feb/2025:07:00:13 +0100] "GET /subskrypcje/OverHorse/overhorse_mallcz.xml HTTP/1.1" 200 112935 "-" "-"
89.161.206.59 - - [06/Feb/2025:07:00:19 +0100] "GET /Jurek/kinghoff/feeds/kinghoff_emaghu.xml HTTP/1.0" 200 14289905 "-" "-"
164.92.232.189 - - [06/Feb/2025:07:00:23 +0100] "GET /subskrypcje/mondex/feeds/mondex_mall_cz.xml HTTP/1.1" 200 2203515 "-" "-"
85.14.86.141 - - [06/Feb/2025:07:00:27 +0100] "GET /Jurek/vida_morele/feeds/VidaPL_all.xml HTTP/2.0" 200 695070350 "-" "MarketplaceAPI curl/7.64.0 PHP/8"
89.161.206.59 - - [06/Feb/2025:07:00:31 +0100] "GET /Jurek/targethome/feeds/targethome_emagro.xml HTTP/1.0" 200 683649 "-" "-"
52.209.168.113 - - [06/Feb/2025:07:00:31 +0100] "GET /marketplaces/ubaldi/results/ubaldi.csv HTTP/1.1" 200 147219 "-" "Mirakl HttpClient"
89.161.206.59 - - [06/Feb/2025:07:00:33 +0100] "GET /Jurek/fertone/feeds/fertone_emagro.xml HTTP/1.0" 200 668998 "-" "-"
89.161.206.59 - - [06/Feb/2025:07:00:34 +0100] "GET /Jurek/eldar/feeds/eldar_emagro.xml HTTP/1.0" 404 3551 "-" "-"
89.161.206.59 - - [06/Feb/2025:07:00:34 +0100] "GET /Jurek/cbdgreen/feeds/cbdgreen_emagro.xml HTTP/1.0" 200 50240 "-" "-"
46.101.116.244 - - [06/Feb/2025:07:00:44 +0100] "GET /Jurek/intsell/feeds/intsell_emagro.xml HTTP/1.0" 200 338859647 "-" "-"
89.161.206.59 - - [06/Feb/2025:07:00:57 +0100] "GET /Jurek/hurtownia_przemyslowa/feeds/hp_allegro_cz.xml HTTP/1.0" 200 49873235 "-" "-"
52.17.80.36 - - [06/Feb/2025:07:02:07 +0100] "GET /marketplaces/rue/results/rue.csv HTTP/1.1" 200 130835 "-" "Mirakl HttpClient"
85.14.86.141 - - [06/Feb/2025:07:02:52 +0100] "GET /Jurek/kinghoff/feeds/kinghoff_morele.xml HTTP/2.0" 200 14283653 "-" "MarketplaceAPI curl/7.64.0 PHP/8"
85.232.241.194 - - [06/Feb/2025:07:04:03 +0100] "GET /Jurek/aw/feeds/aw_worten.xml HTTP/1.1" 200 91433257 "-" "Python-urllib/3.11"
85.232.241.194 - - [06/Feb/2025:07:04:03 +0100] "GET /Jurek/aw/feeds/aw_wortenES.xml HTTP/1.1" 200 91434339 "-" "Python-urllib/3.11"
85.232.241.194 - - [06/Feb/2025:07:04:03 +0100] "GET /Jurek/action/feeds/action_worten.xml HTTP/1.1" 200 55046792 "-" "Python-urllib/3.11"
85.232.241.194 - - [06/Feb/2025:07:04:03 +0100] "GET /Jurek/action/feeds/action_wortenES.xml HTTP/1.1" 200 55047058 "-" "Python-urllib/3.11"
85.232.241.194 - - [06/Feb/2025:07:04:21 +0100] "GET /Jurek/octopia/feeds/octopia_worten.xml HTTP/1.1" 200 10605450 "-" "Python-urllib/3.11"
85.232.241.194 - - [06/Feb/2025:07:04:21 +0100] "GET /Jurek/octopia/feeds/octopia_wortenES.xml HTTP/1.1" 200 10605486 "-" "Python-urllib/3.11"
85.232.241.194 - - [06/Feb/2025:07:04:21 +0100] "GET /Jurek/hurtownia_przemyslowa/feeds/hp_worten.xml HTTP/1.1" 200 49866651 "-" "Python-urllib/3.11"
85.232.241.194 - - [06/Feb/2025:07:04:21 +0100] "GET /Jurek/hurtownia_przemyslowa/feeds/hp_wortenES.xml HTTP/1.1" 200 49866715 "-" "Python-urllib/3.11"
85.232.241.194 - - [06/Feb/2025:07:04:31 +0100] "GET /Jurek/ikonka/feeds/ikonka_worten.xml HTTP/1.1" 200 22190174 "-" "Python-urllib/3.11"
85.232.241.194 - - [06/Feb/2025:07:04:31 +0100] "GET /Jurek/ikonka/feeds/ikonka_wortenES.xml HTTP/1.1" 200 22190221 "-" "Python-urllib/3.11"
85.232.241.194 - - [06/Feb/2025:07:04:33 +0100] "GET /Jurek/eroplace/feeds/eroplace_worten.xml HTTP/1.1" 200 30849277 "-" "Python-urllib/3.11"
85.232.241.194 - - [06/Feb/2025:07:04:33 +0100] "GET /Jurek/eroplace/feeds/eroplace_wortenES.xml HTTP/1.1" 200 30849454 "-" "Python-urllib/3.11"
85.232.241.194 - - [06/Feb/2025:07:04:34 +0100] "GET /Jurek/intsell/feeds/intsell_worten.xml HTTP/1.1" 200 338791380 "-" "Python-urllib/3.11"
85.232.241.194 - - [06/Feb/2025:07:04:35 +0100] "GET /Jurek/intsell/feeds/intsell_wortenES.xml HTTP/1.1" 200 338790963 "-" "Python-urllib/3.11"
85.232.241.194 - - [06/Feb/2025:07:04:36 +0100] "GET /Jurek/coppotech/feeds/coppotech_worten.xml HTTP/1.1" 200 38986599 "-" "Python-urllib/3.11"
85.232.241.194 - - [06/Feb/2025:07:04:36 +0100] "GET /Jurek/coppotech/feeds/coppotech_wortenES.xml HTTP/1.1" 200 38986302 "-" "Python-urllib/3.11"
85.232.241.194 - - [06/Feb/2025:07:04:36 +0100] "GET /Jurek/b3/feeds/b3_worten.xml HTTP/1.1" 200 7199682 "-" "Python-urllib/3.11"
85.232.241.194 - - [06/Feb/2025:07:04:37 +0100] "GET /Jurek/b3/feeds/b3_wortenES.xml HTTP/1.1" 200 7199895 "-" "Python-urllib/3.11"
85.232.241.194 - - [06/Feb/2025:07:04:37 +0100] "GET /Jurek/ekuchcikowo/feeds/ekuchcikowo_worten.xml HTTP/1.1" 200 12896080 "-" "Python-urllib/3.11"
85.232.241.194 - - [06/Feb/2025:07:04:37 +0100] "GET /Jurek/ekuchcikowo/feeds/ekuchcikowo_wortenES.xml HTTP/1.1" 200 12895928 "-" "Python-urllib/3.11"
85.232.241.194 - - [06/Feb/2025:07:04:37 +0100] "GET /Jurek/fertone/feeds/fertone_worten.xml HTTP/1.1" 200 668859 "-" "Python-urllib/3.11"
85.232.241.194 - - [06/Feb/2025:07:04:37 +0100] "GET /Jurek/fertone/feeds/fertone_wortenES.xml HTTP/1.1" 200 668854 "-" "Python-urllib/3.11"
85.232.241.194 - - [06/Feb/2025:07:04:37 +0100] "GET /Jurek/sempler/feeds/sempler_worten.xml HTTP/1.1" 200 6553263 "-" "Python-urllib/3.11"
85.232.241.194 - - [06/Feb/2025:07:04:37 +0100] "GET /Jurek/sempler/feeds/sempler_wortenES.xml HTTP/1.1" 200 6553276 "-" "Python-urllib/3.11"
85.232.241.194 - - [06/Feb/2025:07:04:37 +0100] "GET /Jurek/euroshop/feeds/euroshop_worten.xml HTTP/1.1" 200 17927414 "-" "Python-urllib/3.11"
85.232.241.194 - - [06/Feb/2025:07:04:37 +0100] "GET /Jurek/euroshop/feeds/euroshop_wortenES.xml HTTP/1.1" 200 17927584 "-" "Python-urllib/3.11"
85.232.241.194 - - [06/Feb/2025:07:04:37 +0100] "GET /Jurek/ekolight/feeds/ekolight_worten.xml HTTP/1.1" 200 9051809 "-" "Python-urllib/3.11"
85.232.241.194 - - [06/Feb/2025:07:04:38 +0100] "GET /Jurek/ekolight/feeds/ekolight_wortenES.xml HTTP/1.1" 200 9051824 "-" "Python-urllib/3.11"
85.232.241.194 - - [06/Feb/2025:07:04:38 +0100] "GET /Jurek/erohurtownia/feeds/erohurtownia_worten.xml HTTP/1.1" 200 23304024 "-" "Python-urllib/3.11"
85.232.241.194 - - [06/Feb/2025:07:04:38 +0100] "GET /Jurek/erohurtownia/feeds/erohurtownia_wortenES.xml HTTP/1.1" 200 23303853 "-" "Python-urllib/3.11"
85.232.241.194 - - [06/Feb/2025:07:04:38 +0100] "GET /Jurek/kobi/feeds/kobi_worten.xml HTTP/1.1" 200 1993261 "-" "Python-urllib/3.11"
85.232.241.194 - - [06/Feb/2025:07:04:38 +0100] "GET /Jurek/kobi/feeds/kobi_wortenES.xml HTTP/1.1" 200 1993277 "-" "Python-urllib/3.11"
85.232.241.194 - - [06/Feb/2025:07:04:38 +0100] "GET /Jurek/elecomp/feeds/elecomp_worten.xml HTTP/1.1" 200 2869638 "-" "Python-urllib/3.11"
85.232.241.194 - - [06/Feb/2025:07:04:38 +0100] "GET /Jurek/elecomp/feeds/elecomp_wortenES.xml HTTP/1.1" 200 2869627 "-" "Python-urllib/3.11"
85.232.241.194 - - [06/Feb/2025:07:04:39 +0100] "GET /Jurek/kambukka/feeds/kambukka_worten.xml HTTP/1.1" 200 973330 "-" "Python-urllib/3.11"
85.232.241.194 - - [06/Feb/2025:07:04:39 +0100] "GET /Jurek/kambukka/feeds/kambukka_wortenES.xml HTTP/1.1" 200 973322 "-" "Python-urllib/3.11"
85.232.241.194 - - [06/Feb/2025:07:04:39 +0100] "GET /Jurek/waks/feeds/waks_worten.xml HTTP/1.1" 200 6333015 "-" "Python-urllib/3.11"
85.232.241.194 - - [06/Feb/2025:07:04:39 +0100] "GET /Jurek/waks/feeds/waks_wortenES.xml HTTP/1.1" 200 6333064 "-" "Python-urllib/3.11"
85.232.241.194 - - [06/Feb/2025:07:04:39 +0100] "GET /Jurek/oromed/feeds/oromed_worten.xml HTTP/1.1" 200 973671 "-" "Python-urllib/3.11"
85.232.241.194 - - [06/Feb/2025:07:04:39 +0100] "GET /Jurek/oromed/feeds/oromed_wortenES.xml HTTP/1.1" 200 973668 "-" "Python-urllib/3.11"
85.232.241.194 - - [06/Feb/2025:07:04:39 +0100] "GET /Jurek/benetech/feeds/benetech_worten.xml HTTP/1.1" 200 4451827 "-" "Python-urllib/3.11"
85.232.241.194 - - [06/Feb/2025:07:04:39 +0100] "GET /Jurek/benetech/feeds/benetech_wortenES.xml HTTP/1.1" 200 4451855 "-" "Python-urllib/3.11"
85.232.241.194 - - [06/Feb/2025:07:04:39 +0100] "GET /Jurek/spali/feeds/spali_worten.xml HTTP/1.1" 200 101945 "-" "Python-urllib/3.11"
85.232.241.194 - - [06/Feb/2025:07:04:39 +0100] "GET /Jurek/spali/feeds/spali_wortenES.xml HTTP/1.1" 200 101945 "-" "Python-urllib/3.11"
85.232.241.194 - - [06/Feb/2025:07:04:39 +0100] "GET /Jurek/najtanszysport/feeds/najtanszysport_worten.xml HTTP/1.1" 200 3982947 "-" "Python-urllib/3.11"
85.232.241.194 - - [06/Feb/2025:07:04:39 +0100] "GET /Jurek/najtanszysport/feeds/najtanszysport_wortenES.xml HTTP/1.1" 200 3982950 "-" "Python-urllib/3.11"
85.232.241.194 - - [06/Feb/2025:07:04:39 +0100] "GET /Jurek/maksik/feeds/maksik_worten.xml HTTP/1.1" 200 4084763 "-" "Python-urllib/3.11"
85.232.241.194 - - [06/Feb/2025:07:04:39 +0100] "GET /Jurek/maksik/feeds/maksik_wortenES.xml HTTP/1.1" 200 4084771 "-" "Python-urllib/3.11"
85.232.241.194 - - [06/Feb/2025:07:04:40 +0100] "GET /Jurek/urwiskowo/feeds/urwiskowo_worten.xml HTTP/1.1" 200 9114808 "-" "Python-urllib/3.11"
85.232.241.194 - - [06/Feb/2025:07:04:40 +0100] "GET /Jurek/urwiskowo/feeds/urwiskowo_wortenES.xml HTTP/1.1" 200 9114949 "-" "Python-urllib/3.11"
85.232.241.194 - - [06/Feb/2025:07:04:40 +0100] "GET /Jurek/combine/feeds/combine_worten.xml HTTP/1.1" 200 210556 "-" "Python-urllib/3.11"
85.232.241.194 - - [06/Feb/2025:07:04:40 +0100] "GET /Jurek/combine/feeds/combine_wortenES.xml HTTP/1.1" 200 210551 "-" "Python-urllib/3.11"
85.14.86.141 - - [06/Feb/2025:07:04:49 +0100] "GET /Jurek/eurofirany/feeds/eurofirany_morele.xml HTTP/2.0" 200 18948237 "-" "MarketplaceAPI curl/7.64.0 PHP/8"
85.14.86.141 - - [06/Feb/2025:07:05:02 +0100] "GET /Jurek/vivaldi/feeds/vivaldi_Morele-PL.xml HTTP/2.0" 200 344674 "-" "MarketplaceAPI curl/7.64.0 PHP/8"
85.14.86.141 - - [06/Feb/2025:07:05:55 +0100] "GET /Jurek/aw/feeds/awnarzedzia_morele.xml HTTP/2.0" 200 91444457 "-" "MarketplaceAPI curl/7.64.0 PHP/8"
85.232.241.194 - - [06/Feb/2025:07:06:03 +0100] "GET /Jurek/action/feeds/action_ubaldi.xml HTTP/1.1" 200 55046995 "-" "Python-urllib/3.11"
85.232.241.194 - - [06/Feb/2025:07:06:07 +0100] "GET /Jurek/unimet/feeds/unimet_ubaldi.xml HTTP/1.1" 200 61004921 "-" "Python-urllib/3.11"
85.232.241.194 - - [06/Feb/2025:07:06:07 +0100] "GET /Jurek/hurtownia_przemyslowa/feeds/hp_ubaldi.xml HTTP/1.1" 200 49866529 "-" "Python-urllib/3.11"
85.232.241.194 - - [06/Feb/2025:07:06:07 +0100] "GET /Jurek/aw/feeds/aw_ubaldi.xml HTTP/1.1" 200 91433665 "-" "Python-urllib/3.11"
85.14.86.141 - - [06/Feb/2025:07:06:23 +0100] "GET /Jurek/miloohome/feeds/miloohome_morele.xml HTTP/2.0" 200 1421250 "-" "MarketplaceAPI curl/7.64.0 PHP/8"
85.14.86.141 - - [06/Feb/2025:07:06:27 +0100] "GET /Jurek/vida_morele/feeds/VidaPL_morele.xml HTTP/2.0" 200 695071558 "-" "MarketplaceAPI curl/7.64.0 PHP/8"
85.14.86.141 - - [06/Feb/2025:07:06:34 +0100] "GET /Jurek/beliani/feeds/beliani_morele.xml HTTP/2.0" 200 31923614 "-" "MarketplaceAPI curl/7.64.0 PHP/8"
46.101.116.244 - - [06/Feb/2025:07:10:26 +0100] "GET /Filip/feeds/xlsx_ceneo.xml HTTP/1.0" 200 6241376 "-" "-"
51.77.52.107 - - [06/Feb/2025:07:10:26 +0100] "POST /Filip/Rovicky/baselinker/baselinker-ceneo-shumee.php HTTP/2.0" 200 106776 "-" "BaseLinker/1.0"
89.161.206.59 - - [06/Feb/2025:07:11:02 +0100] "GET /Jurek/waks/feeds/waks_allegro.xml HTTP/1.0" 200 6333839 "-" "-"
89.161.206.59 - - [06/Feb/2025:07:11:03 +0100] "GET /Jurek/oromed/feeds/oromed_allegro.xml HTTP/1.0" 200 973789 "-" "-"
89.161.206.59 - - [06/Feb/2025:07:11:04 +0100] "GET /Jurek/bisanti/feeds/bisanti_allegro.xml HTTP/1.0" 200 1132672 "-" "-"
89.161.206.59 - - [06/Feb/2025:07:11:06 +0100] "GET /Jurek/fertone/feeds/fertone_allegro.xml HTTP/1.0" 200 668987 "-" "-"
185.6.76.18 - - [06/Feb/2025:07:11:22 +0100] "GET /marketplaces/skroutz/feeds/shumee.xml HTTP/1.1" 200 349570975 "-" "SkroutzBot v1.0"
46.101.116.244 - - [06/Feb/2025:07:15:37 +0100] "GET /Jurek/aw/feeds/aw_fnacfr.xml HTTP/1.0" 404 3551 "-" "-"
46.101.116.244 - - [06/Feb/2025:07:16:17 +0100] "GET /Filip/feeds/xlsx_ceneo.xml HTTP/1.0" 200 6241376 "-" "-"
51.77.52.107 - - [06/Feb/2025:07:16:17 +0100] "POST /Filip/Rovicky/baselinker/baselinker-ceneo-shumee.php HTTP/2.0" 200 106776 "-" "BaseLinker/1.0"
46.101.116.244 - - [06/Feb/2025:07:16:53 +0100] "GET /Jurek/eurofirany/feeds/eurofirany_amazaon_de.xml HTTP/1.0" 200 18946341 "-" "-"
89.161.206.59 - - [06/Feb/2025:07:16:55 +0100] "GET /Jurek/topeshop/feeds/topeshop_amazonFR.xml HTTP/1.0" 200 2426940 "-" "-"
89.161.206.59 - - [06/Feb/2025:07:16:55 +0100] "GET /Jurek/topeshop/feeds/topeshop_amazonIT.xml HTTP/1.0" 200 2426920 "-" "-"
89.161.206.59 - - [06/Feb/2025:07:16:56 +0100] "GET /Jurek/topeshop/feeds/topeshop_amazonDE.xml HTTP/1.0" 200 2426798 "-" "-"
89.161.206.59 - - [06/Feb/2025:07:16:56 +0100] "GET /Jurek/topeshop/feeds/topeshop_amazonSE.xml HTTP/1.0" 200 2427725 "-" "-"
89.161.206.59 - - [06/Feb/2025:07:16:56 +0100] "GET /Jurek/topeshop/feeds/topeshop_amazonES.xml HTTP/1.0" 200 2426924 "-" "-"
89.161.206.59 - - [06/Feb/2025:07:16:56 +0100] "GET /Jurek/topeshop/feeds/topeshop_amazonNL.xml HTTP/1.0" 200 2426998 "-" "-"
89.161.206.59 - - [06/Feb/2025:07:16:57 +0100] "GET /Jurek/topeshop/feeds/topeshop_amazonBE.xml HTTP/1.0" 200 2426992 "-" "-"
89.161.206.59 - - [06/Feb/2025:07:16:59 +0100] "GET /Jurek/ikonka/feeds/ikonka_amazonES.xml HTTP/1.0" 200 22190194 "-" "-"
89.161.206.59 - - [06/Feb/2025:07:17:00 +0100] "GET /Jurek/ikonka/feeds/ikonka_amazonNL.xml HTTP/1.0" 200 22190144 "-" "-"
89.161.206.59 - - [06/Feb/2025:07:17:02 +0100] "GET /Jurek/kinghoff/feeds/kinghoff_amazon_de.xml HTTP/1.0" 200 14283047 "-" "-"
89.161.206.59 - - [06/Feb/2025:07:17:03 +0100] "GET /Jurek/bass/feeds/bass_amazonde.xml HTTP/1.0" 200 3983853 "-" "-"
89.161.206.59 - - [06/Feb/2025:07:17:03 +0100] "GET /Jurek/bass/feeds/bass_amazonit.xml HTTP/1.0" 200 3984026 "-" "-"
89.161.206.59 - - [06/Feb/2025:07:17:04 +0100] "GET /Jurek/bass/feeds/bass_amazonnl.xml HTTP/1.0" 200 3983931 "-" "-"
89.161.206.59 - - [06/Feb/2025:07:17:04 +0100] "GET /Jurek/bass/feeds/bass_amazones.xml HTTP/1.0" 200 3984035 "-" "-"
89.161.206.59 - - [06/Feb/2025:07:17:05 +0100] "GET /Jurek/bass/feeds/bass_amazonse.xml HTTP/1.0" 200 3985710 "-" "-"
89.161.206.59 - - [06/Feb/2025:07:17:15 +0100] "GET /Jurek/kambukka/feeds/kambukka_amazones.xml HTTP/1.0" 200 973312 "-" "-"
89.161.206.59 - - [06/Feb/2025:07:17:15 +0100] "GET /Jurek/waks/feeds/waks_amazonde.xml HTTP/1.0" 200 6332945 "-" "-"
89.161.206.59 - - [06/Feb/2025:07:17:16 +0100] "GET /Jurek/waks/feeds/waks_amazonfr.xml HTTP/1.0" 200 6332993 "-" "-"
89.161.206.59 - - [06/Feb/2025:07:17:17 +0100] "GET /Jurek/waks/feeds/waks_amazonse.xml HTTP/1.0" 200 6335482 "-" "-"
89.161.206.59 - - [06/Feb/2025:07:17:22 +0100] "GET /Jurek/eroplace/feeds/eroplace_amazonnl.xml HTTP/1.0" 200 30849401 "-" "-"
89.161.206.59 - - [06/Feb/2025:07:17:35 +0100] "GET /Jurek/oromed/feeds/oromed_amazonbe.xml HTTP/1.0" 200 973673 "-" "-"
89.161.206.59 - - [06/Feb/2025:07:17:38 +0100] "GET /Jurek/hurtownia_przemyslowa/feeds/hp_amazonDE.xml HTTP/1.0" 200 49867108 "-" "-"
66.249.69.68 - - [06/Feb/2025:07:19:37 +0100] "GET /Jurek/eurofirany/images/45640/5.jpg HTTP/1.1" 200 67223 "-" "Googlebot-Image/1.0"
46.101.116.244 - - [06/Feb/2025:07:20:26 +0100] "GET /Jurek/aw/feeds/aw_fnacfr.xml HTTP/1.0" 404 3551 "-" "-"
46.101.116.244 - - [06/Feb/2025:07:21:06 +0100] "GET /Filip/feeds/xlsx_ceneo.xml HTTP/1.0" 200 6241376 "-" "-"
51.77.52.107 - - [06/Feb/2025:07:21:06 +0100] "POST /Filip/Rovicky/baselinker/baselinker-ceneo-shumee.php HTTP/2.0" 200 106776 "-" "BaseLinker/1.0"
46.101.116.244 - - [06/Feb/2025:07:25:31 +0100] "GET /Jurek/aw/feeds/aw_fnacfr.xml HTTP/1.0" 404 3551 "-" "-"
46.101.116.244 - - [06/Feb/2025:07:26:10 +0100] "GET /Filip/feeds/xlsx_ceneo.xml HTTP/1.0" 200 6241376 "-" "-"
51.77.52.107 - - [06/Feb/2025:07:26:10 +0100] "POST /Filip/Rovicky/baselinker/baselinker-ceneo-shumee.php HTTP/2.0" 200 106776 "-" "BaseLinker/1.0"
5.134.208.158 - - [06/Feb/2025:07:29:30 +0100] "GET /Jurek/eurofirany/images/371974/0.jpg HTTP/1.1" 200 152177 "-" "-"
46.101.116.244 - - [06/Feb/2025:07:30:25 +0100] "GET /Jurek/aw/feeds/aw_fnacfr.xml HTTP/1.0" 404 3551 "-" "-"
89.161.206.59 - - [06/Feb/2025:07:30:59 +0100] "GET /Jurek/benetech/feeds/benetech_allegro.xml HTTP/1.0" 200 4452106 "-" "-"
89.161.206.59 - - [06/Feb/2025:07:30:59 +0100] "GET /Jurek/targethome/feeds/targethome_allegro.xml HTTP/1.0" 200 683634 "-" "-"
46.101.116.244 - - [06/Feb/2025:07:31:04 +0100] "GET /Filip/feeds/xlsx_ceneo.xml HTTP/1.0" 200 6241376 "-" "-"
51.77.52.107 - - [06/Feb/2025:07:31:04 +0100] "POST /Filip/Rovicky/baselinker/baselinker-ceneo-shumee.php HTTP/2.0" 200 106776 "-" "BaseLinker/1.0"
89.161.206.59 - - [06/Feb/2025:07:33:01 +0100] "GET /Jurek/fernity/feeds/fernity_skroutz.xml HTTP/1.0" 200 5125454 "-" "-"
89.161.206.59 - - [06/Feb/2025:07:33:14 +0100] "GET /Jurek/activeshop/feeds/activeshop_skroutz.xml HTTP/1.0" 200 10395885 "-" "-"
52.209.168.113 - - [06/Feb/2025:07:33:22 +0100] "GET /marketplaces/worten2/results/worten.csv HTTP/1.1" 200 16255703 "-" "Mirakl HttpClient"
46.101.116.244 - - [06/Feb/2025:07:33:48 +0100] "GET /Jurek/beliani/feeds/beliani_skroutz.xml HTTP/1.0" 200 31918575 "-" "-"
46.101.116.244 - - [06/Feb/2025:07:35:46 +0100] "GET /Jurek/aw/feeds/aw_fnacfr.xml HTTP/1.0" 404 3551 "-" "-"
46.101.116.244 - - [06/Feb/2025:07:36:27 +0100] "GET /Filip/feeds/xlsx_ceneo.xml HTTP/1.0" 200 6241376 "-" "-"
51.77.52.107 - - [06/Feb/2025:07:36:27 +0100] "POST /Filip/Rovicky/baselinker/baselinker-ceneo-shumee.php HTTP/2.0" 200 106776 "-" "BaseLinker/1.0"
46.101.116.244 - - [06/Feb/2025:07:36:34 +0100] "GET /Jurek/activeshop/feeds/activeshop_mallhu.xml HTTP/2.0" 200 10395547 "-" "-"
89.161.206.59 - - [06/Feb/2025:07:37:13 +0100] "GET /Jurek/hdwr/feeds/hdwr_amazonde.xml HTTP/1.0" 200 777786 "-" "-"
89.161.206.59 - - [06/Feb/2025:07:37:13 +0100] "GET /Jurek/hdwr/feeds/hdwr_amazonfr.xml HTTP/1.0" 200 777802 "-" "-"
89.161.206.59 - - [06/Feb/2025:07:37:15 +0100] "GET /Jurek/kambukka/feeds/kambukka_amazonde.xml HTTP/1.0" 200 973317 "-" "-"
89.161.206.59 - - [06/Feb/2025:07:37:15 +0100] "GET /Jurek/benetech/feeds/benetech_amazonde.xml HTTP/1.0" 200 4451818 "-" "-"
89.161.206.59 - - [06/Feb/2025:07:37:15 +0100] "GET /Jurek/sempler/feeds/sempler_amazonbe.xml HTTP/1.0" 200 6553295 "-" "-"
89.161.206.59 - - [06/Feb/2025:07:37:16 +0100] "GET /Jurek/kambukka/feeds/kambukka_amazonbe.xml HTTP/1.0" 200 973339 "-" "-"
89.161.206.59 - - [06/Feb/2025:07:37:17 +0100] "GET /Jurek/eroplace/feeds/eroplace_amazonse.xml HTTP/1.0" 200 30862337 "-" "-"
89.161.206.59 - - [06/Feb/2025:07:37:23 +0100] "GET /Jurek/b3/feeds/b3_amazones.xml HTTP/1.0" 200 7200066 "-" "-"
89.161.206.59 - - [06/Feb/2025:07:37:25 +0100] "GET /Jurek/b3/feeds/b3_amazonbe.xml HTTP/1.0" 200 7199816 "-" "-"
89.161.206.59 - - [06/Feb/2025:07:37:33 +0100] "GET /Jurek/ikonka/feeds/ikonka_amazonDE.xml HTTP/1.0" 200 22190171 "-" "-"
89.161.206.59 - - [06/Feb/2025:07:37:34 +0100] "GET /Jurek/ikonka/feeds/ikonka_amazonIT.xml HTTP/1.0" 200 22190219 "-" "-"
89.161.206.59 - - [06/Feb/2025:07:37:36 +0100] "GET /Jurek/ikonka/feeds/ikonka_amazonFR.xml HTTP/1.0" 200 22190200 "-" "-"
66.249.69.68 - - [06/Feb/2025:07:38:26 +0100] "GET /Jurek/eurofirany/images/391606/6.jpg HTTP/1.1" 200 143092 "-" "Googlebot-Image/1.0"
46.101.116.244 - - [06/Feb/2025:07:38:33 +0100] "GET /Jurek/action/feeds/action_mallhugs.xml HTTP/2.0" 200 55121510 "-" "-"
46.101.116.244 - - [06/Feb/2025:07:38:54 +0100] "GET /Jurek/b3/feeds/b3_mallhugs.xml HTTP/2.0" 200 7207186 "-" "-"
46.101.116.244 - - [06/Feb/2025:07:39:07 +0100] "GET /Jurek/benbaby/feeds/benbaby_mallhugs.xml HTTP/2.0" 200 3701549 "-" "-"
46.101.116.244 - - [06/Feb/2025:07:39:18 +0100] "GET /Jurek/emibig/feeds/emibig_mallhugs.xml HTTP/2.0" 200 2530932 "-" "-"
46.101.116.244 - - [06/Feb/2025:07:39:33 +0100] "GET /Jurek/hurtownia_przemyslowa/feeds/hp_mallhugs.xml HTTP/2.0" 200 49903434 "-" "-"
46.101.116.244 - - [06/Feb/2025:07:40:37 +0100] "GET /Jurek/kinghoff/feeds/kinghoff_mallhu.xml HTTP/2.0" 200 14289070 "-" "-"
46.101.116.244 - - [06/Feb/2025:07:40:37 +0100] "GET /Jurek/aw/feeds/aw_fnacfr.xml HTTP/1.0" 404 3551 "-" "-"
46.101.116.244 - - [06/Feb/2025:07:40:50 +0100] "GET /Jurek/fernity/feeds/fernity_mallhu.xml HTTP/2.0" 200 5133968 "-" "-"
46.101.116.244 - - [06/Feb/2025:07:41:06 +0100] "GET /Jurek/beliani/feeds/beliani_hu.xml HTTP/2.0" 200 41231759 "-" "-"
46.101.116.244 - - [06/Feb/2025:07:41:30 +0100] "GET /Jurek/detian/feeds/detian_mallhu.xml HTTP/2.0" 404 3551 "-" "-"
46.101.116.244 - - [06/Feb/2025:07:41:35 +0100] "GET /Filip/feeds/xlsx_ceneo.xml HTTP/1.0" 200 6241376 "-" "-"
51.77.52.107 - - [06/Feb/2025:07:41:35 +0100] "POST /Filip/Rovicky/baselinker/baselinker-ceneo-shumee.php HTTP/2.0" 200 106776 "-" "BaseLinker/1.0"
46.101.116.244 - - [06/Feb/2025:07:41:40 +0100] "GET /Jurek/flhf/feeds/flhf_mallsi.xml HTTP/2.0" 404 3551 "-" "-"
46.101.116.244 - - [06/Feb/2025:07:43:06 +0100] "GET /Jurek/fernity/feeds/fernity_manomano.xml HTTP/1.0" 200 5124867 "-" "-"
77.79.248.229 - - [06/Feb/2025:07:44:03 +0100] "GET /Jurek/aw/feeds/awnarzedzia_leroy.xml HTTP/1.1" 200 91431937 "-" "Python-urllib/3.11"
77.79.248.229 - - [06/Feb/2025:07:44:05 +0100] "GET /Jurek/hurtownia_przemyslowa/feeds/hp_leroy.xml HTTP/1.1" 200 49866494 "-" "Python-urllib/3.11"
77.79.248.229 - - [06/Feb/2025:07:44:06 +0100] "GET /Jurek/unimet/feeds/unimet_leroy.xml HTTP/1.1" 200 61005485 "-" "Python-urllib/3.11"
77.79.248.229 - - [06/Feb/2025:07:44:06 +0100] "GET /Jurek/action/feeds/action_leroy.xml HTTP/1.1" 200 55047413 "-" "Python-urllib/3.11"
77.79.248.229 - - [06/Feb/2025:07:44:10 +0100] "GET /Jurek/b3/feeds/b3_leroy.xml HTTP/1.1" 200 7199879 "-" "Python-urllib/3.11"
77.79.248.229 - - [06/Feb/2025:07:44:11 +0100] "GET /Jurek/topeshop/feeds/topeshop_leroy.xml HTTP/1.1" 200 2426923 "-" "Python-urllib/3.11"
77.79.248.229 - - [06/Feb/2025:07:44:12 +0100] "GET /Jurek/eurofirany/feeds/eurofirany_leroy.xml HTTP/1.1" 200 18946633 "-" "Python-urllib/3.11"
77.79.248.229 - - [06/Feb/2025:07:44:12 +0100] "GET /Jurek/fernity/feeds/fernity_leroy.xml HTTP/1.1" 200 5125231 "-" "Python-urllib/3.11"
77.79.248.229 - - [06/Feb/2025:07:44:13 +0100] "GET /Jurek/kambukka/feeds/kambukka_leroy.xml HTTP/1.1" 200 973316 "-" "Python-urllib/3.11"
77.79.248.229 - - [06/Feb/2025:07:44:13 +0100] "GET /Jurek/ikonka/feeds/ikonka_leroy.xml HTTP/1.1" 200 22190191 "-" "Python-urllib/3.11"
77.79.248.229 - - [06/Feb/2025:07:44:13 +0100] "GET /Jurek/oromed/feeds/oromed_leroy.xml HTTP/1.1" 200 973670 "-" "Python-urllib/3.11"
77.79.248.229 - - [06/Feb/2025:07:44:14 +0100] "GET /Jurek/benetech/feeds/benetech_leroy.xml HTTP/1.1" 200 4451843 "-" "Python-urllib/3.11"
77.79.248.229 - - [06/Feb/2025:07:44:14 +0100] "GET /Jurek/octopia/feeds/octopia_leroy.xml HTTP/1.1" 200 10605371 "-" "Python-urllib/3.11"
77.79.248.229 - - [06/Feb/2025:07:44:14 +0100] "GET /Jurek/waks/feeds/waks_leroy.xml HTTP/1.1" 200 6333050 "-" "Python-urllib/3.11"
77.79.248.229 - - [06/Feb/2025:07:44:15 +0100] "GET /Jurek/kinghoff/feeds/kinghoff_leroy.xml HTTP/1.1" 200 14282997 "-" "Python-urllib/3.11"
77.79.248.229 - - [06/Feb/2025:07:44:15 +0100] "GET /Jurek/hdwr/feeds/hdwr_leroy.xml HTTP/1.1" 200 777987 "-" "Python-urllib/3.11"
77.79.248.229 - - [06/Feb/2025:07:44:17 +0100] "GET /Jurek/barbecook/feeds/barbecook_leroy.xml HTTP/1.1" 200 87533 "-" "Python-urllib/3.11"
77.79.248.229 - - [06/Feb/2025:07:44:17 +0100] "GET /Jurek/sempler/feeds/sempler_leroy.xml HTTP/1.1" 200 6553256 "-" "Python-urllib/3.11"
77.79.248.229 - - [06/Feb/2025:07:44:17 +0100] "GET /Jurek/kinghome/feeds/kinghome_leroy.xml HTTP/1.1" 200 5734599 "-" "Python-urllib/3.11"
77.79.248.229 - - [06/Feb/2025:07:44:17 +0100] "GET /Jurek/ekolight/feeds/ekolioght_leroy.xml HTTP/1.1" 200 9051737 "-" "Python-urllib/3.11"
77.79.248.229 - - [06/Feb/2025:07:44:18 +0100] "GET /Jurek/bimboland/feeds/bimboland_leroy.xml HTTP/1.1" 200 2489634 "-" "Python-urllib/3.11"
77.79.248.229 - - [06/Feb/2025:07:44:19 +0100] "GET /Jurek/eroplace/feeds/eroplace_leroy.xml HTTP/1.1" 200 30849275 "-" "Python-urllib/3.11"
77.79.248.229 - - [06/Feb/2025:07:44:19 +0100] "GET /Jurek/hurtmeblowy/feeds/hurtmeblowy_leroy.xml HTTP/1.1" 200 8039251 "-" "Python-urllib/3.11"
77.79.248.229 - - [06/Feb/2025:07:44:19 +0100] "GET /Jurek/fertone/feeds/fertone_leroy.xml HTTP/1.1" 200 668860 "-" "Python-urllib/3.11"
77.79.248.229 - - [06/Feb/2025:07:44:19 +0100] "GET /Jurek/ekuchcikowo/feeds/ekuchcikowo_leroy.xml HTTP/1.1" 200 12895791 "-" "Python-urllib/3.11"
77.79.248.229 - - [06/Feb/2025:07:44:23 +0100] "GET /Jurek/intsell/feeds/intsell_leroy.xml HTTP/1.1" 200 338789484 "-" "Python-urllib/3.11"
77.79.248.229 - - [06/Feb/2025:07:44:23 +0100] "GET /Jurek/velinda/feeds/velinda_leroy.xml HTTP/1.1" 200 4282387 "-" "Python-urllib/3.11"
77.79.248.229 - - [06/Feb/2025:07:44:24 +0100] "GET /Jurek/spali/feeds/spali_leroy.xml HTTP/1.1" 200 101947 "-" "Python-urllib/3.11"
77.79.248.229 - - [06/Feb/2025:07:44:24 +0100] "GET /Jurek/urwiskowo/feeds/urwiskowo_leroy.xml HTTP/1.1" 200 9114849 "-" "Python-urllib/3.11"
77.79.248.229 - - [06/Feb/2025:07:44:25 +0100] "GET /Jurek/erohurtownia/feeds/erohurtownia_leroy.xml HTTP/1.1" 200 23304076 "-" "Python-urllib/3.11"
77.79.248.229 - - [06/Feb/2025:07:44:25 +0100] "GET /Jurek/elecomp/feeds/elecomp_leroy.xml HTTP/1.1" 200 2869626 "-" "Python-urllib/3.11"
46.101.116.244 - - [06/Feb/2025:07:45:28 +0100] "GET /Jurek/aw/feeds/aw_fnacfr.xml HTTP/1.0" 404 3551 "-" "-"
89.161.206.59 - - [06/Feb/2025:07:45:34 +0100] "GET /Jurek/hurtownia_przemyslowa/feeds/hp_amazonFR.xml HTTP/1.0" 200 49866980 "-" "-"
89.161.206.59 - - [06/Feb/2025:07:45:38 +0100] "GET /Jurek/hurtownia_przemyslowa/feeds/hp_amazonIT.xml HTTP/1.0" 200 49867305 "-" "-"
89.161.206.59 - - [06/Feb/2025:07:45:42 +0100] "GET /Jurek/hurtownia_przemyslowa/feeds/hp_amazonNL.xml HTTP/1.0" 200 49866765 "-" "-"
89.161.206.59 - - [06/Feb/2025:07:45:45 +0100] "GET /Jurek/hurtownia_przemyslowa/feeds/hp_amazonSE.xml HTTP/1.0" 200 49882866 "-" "-"
178.21.154.6 - - [06/Feb/2025:07:46:08 +0100] "GET /Jurek/eurofirany/images/390367/0.jpg HTTP/1.1" 200 148504 "-" "-"
46.101.116.244 - - [06/Feb/2025:07:46:13 +0100] "GET /Filip/feeds/xlsx_ceneo.xml HTTP/1.0" 200 6241376 "-" "-"
51.77.52.107 - - [06/Feb/2025:07:46:13 +0100] "POST /Filip/Rovicky/baselinker/baselinker-ceneo-shumee.php HTTP/2.0" 200 106776 "-" "BaseLinker/1.0"
89.161.206.59 - - [06/Feb/2025:07:48:17 +0100] "GET /Jurek/oromed/feeds/oromed_amazones.xml HTTP/1.0" 200 973688 "-" "-"
89.161.206.59 - - [06/Feb/2025:07:48:17 +0100] "GET /Jurek/oromed/feeds/oromed_amazonse.xml HTTP/1.0" 200 973864 "-" "-"
89.161.206.59 - - [06/Feb/2025:07:48:18 +0100] "GET /Jurek/oromed/feeds/oromed_amazonfr.xml HTTP/1.0" 200 973668 "-" "-"
89.161.206.59 - - [06/Feb/2025:07:48:18 +0100] "GET /Jurek/oromed/feeds/oromed_amazonit.xml HTTP/1.0" 200 973689 "-" "-"
46.101.116.244 - - [06/Feb/2025:07:50:30 +0100] "GET /Jurek/aw/feeds/aw_fnacfr.xml HTTP/1.0" 404 3551 "-" "-"
46.101.116.244 - - [06/Feb/2025:07:51:10 +0100] "GET /Filip/feeds/xlsx_ceneo.xml HTTP/1.0" 200 6241376 "-" "-"
51.77.52.107 - - [06/Feb/2025:07:51:11 +0100] "POST /Filip/Rovicky/baselinker/baselinker-ceneo-shumee.php HTTP/2.0" 200 106776 "-" "BaseLinker/1.0"
89.161.206.59 - - [06/Feb/2025:07:51:32 +0100] "GET /Jurek/ekuchcikowo/feeds/ekuchcikowo_skroutz.xml HTTP/1.0" 200 12895930 "-" "-"
77.79.248.229 - - [06/Feb/2025:07:54:08 +0100] "GET /Jurek/vidaSI/feeds/vidaSI_bigbang.xml HTTP/1.1" 200 620900163 "-" "Python-urllib/3.11"
46.101.116.244 - - [06/Feb/2025:07:55:40 +0100] "GET /Jurek/aw/feeds/aw_fnacfr.xml HTTP/1.0" 404 3551 "-" "-"
46.101.116.244 - - [06/Feb/2025:07:56:19 +0100] "GET /Filip/feeds/xlsx_ceneo.xml HTTP/1.0" 200 6241376 "-" "-"
51.77.52.107 - - [06/Feb/2025:07:56:19 +0100] "POST /Filip/Rovicky/baselinker/baselinker-ceneo-shumee.php HTTP/2.0" 200 106776 "-" "BaseLinker/1.0"
89.161.206.59 - - [06/Feb/2025:07:59:20 +0100] "GET /Jurek/eldar/feeds/eldar_emagro.xml HTTP/1.0" 404 3551 "-" "-"
46.101.116.244 - - [06/Feb/2025:08:00:30 +0100] "GET /Jurek/aw/feeds/aw_fnacfr.xml HTTP/1.0" 404 3551 "-" "-"
52.209.168.113 - - [06/Feb/2025:08:00:38 +0100] "GET /marketplaces/ubaldi/results/ubaldi.csv HTTP/1.1" 200 4011007 "-" "Mirakl HttpClient"
85.14.86.141 - - [06/Feb/2025:08:00:40 +0100] "GET /Jurek/vida_morele/feeds/VidaPL_all.xml HTTP/2.0" 200 695070350 "-" "MarketplaceAPI curl/7.64.0 PHP/8"
46.101.116.244 - - [06/Feb/2025:08:01:10 +0100] "GET /Filip/feeds/xlsx_ceneo.xml HTTP/1.0" 200 6241376 "-" "-"
51.77.52.107 - - [06/Feb/2025:08:01:10 +0100] "POST /Filip/Rovicky/baselinker/baselinker-ceneo-shumee.php HTTP/2.0" 200 106776 "-" "BaseLinker/1.0"
89.161.206.59 - - [06/Feb/2025:08:01:26 +0100] "GET /Jurek/bass/feeds/bass_skroutz.xml HTTP/1.0" 200 3983822 "-" "-"
89.161.206.59 - - [06/Feb/2025:08:01:36 +0100] "GET /Jurek/hdwr/feeds/hdwr_skroutz.xml HTTP/1.0" 200 777802 "-" "-"
89.161.206.59 - - [06/Feb/2025:08:01:39 +0100] "GET /Jurek/waks/feeds/waks_skroutz.xml HTTP/1.0" 200 6333024 "-" "-"
89.161.206.59 - - [06/Feb/2025:08:01:53 +0100] "GET /Jurek/pagmil/feeds/pagmil_skroutz.xml HTTP/1.0" 200 1705643 "-" "-"
89.161.206.59 - - [06/Feb/2025:08:01:57 +0100] "GET /Jurek/kambukka/feeds/kambukka_skroutz.xml HTTP/1.0" 200 973336 "-" "-"
89.161.206.59 - - [06/Feb/2025:08:01:58 +0100] "GET /Jurek/benetech/feeds/benetech_skroutz.xml HTTP/1.0" 200 4451837 "-" "-"
52.17.80.36 - - [06/Feb/2025:08:02:11 +0100] "GET /marketplaces/rue/results/rue.csv HTTP/1.1" 200 147219 "-" "Mirakl HttpClient"
89.161.206.59 - - [06/Feb/2025:08:02:13 +0100] "GET /Jurek/sempler/feeds/sempler_skroutz.xml HTTP/1.0" 200 6553239 "-" "-"
89.161.206.59 - - [06/Feb/2025:08:02:14 +0100] "GET /Jurek/eroplace/feeds/eroplace_skroutz.xml HTTP/1.0" 200 30849498 "-" "-"
89.161.206.59 - - [06/Feb/2025:08:02:16 +0100] "GET /Jurek/targethome/feeds/targethome_skroutz.xml HTTP/1.0" 200 683587 "-" "-"
85.14.86.141 - - [06/Feb/2025:08:03:03 +0100] "GET /Jurek/kinghoff/feeds/kinghoff_morele.xml HTTP/2.0" 200 14283653 "-" "MarketplaceAPI curl/7.64.0 PHP/8"
193.33.8.61 - - [06/Feb/2025:08:04:28 +0100] "GET /Jurek/galopibhp/feeds/galopibhp_zero.xml HTTP/2.0" 200 1982736 "https://konsola.dkkapusta1997.usermd.net/" "Mozilla/5.0 (Windows NT 10.0; Win64; x64) AppleWebKit/537.36 (KHTML, like Gecko) Chrome/132.0.0.0 Safari/537.36"
77.79.248.229 - - [06/Feb/2025:08:04:36 +0100] "GET /Jurek/galopibhp/feeds/galopibhp_zero.xml HTTP/1.1" 200 1982736 "-" "Python-urllib/3.11"
89.161.206.59 - - [06/Feb/2025:08:04:46 +0100] "GET /Jurek/pawonik/feeds/pawonik_skroutz.xml HTTP/1.0" 200 2534497 "-" "-"
89.161.206.59 - - [06/Feb/2025:08:04:47 +0100] "GET /Jurek/amzteam/feeds/amzteam_skroutz.xml HTTP/1.0" 200 95906 "-" "-"
89.161.206.59 - - [06/Feb/2025:08:04:48 +0100] "GET /Jurek/mosti/feeds/mosti_skroutz.xml HTTP/1.0" 200 9255560 "-" "-"
89.161.206.59 - - [06/Feb/2025:08:04:52 +0100] "GET /Jurek/swiatecznygoliat/feeds/swiatecznygoliat_skroutz.xml HTTP/1.0" 200 7195869 "-" "-"
89.161.206.59 - - [06/Feb/2025:08:04:53 +0100] "GET /Jurek/artdog/feeds/artdog_skroutz.xml HTTP/1.0" 200 15930033 "-" "-"
85.14.86.141 - - [06/Feb/2025:08:04:53 +0100] "GET /Jurek/eurofirany/feeds/eurofirany_morele.xml HTTP/2.0" 200 18948237 "-" "MarketplaceAPI curl/7.64.0 PHP/8"
85.14.86.141 - - [06/Feb/2025:08:05:08 +0100] "GET /Jurek/vivaldi/feeds/vivaldi_Morele-PL.xml HTTP/2.0" 200 344674 "-" "MarketplaceAPI curl/7.64.0 PHP/8"
46.101.116.244 - - [06/Feb/2025:08:05:28 +0100] "GET /Jurek/aw/feeds/aw_fnacfr.xml HTTP/1.0" 404 3551 "-" "-"
89.161.206.59 - - [06/Feb/2025:08:05:47 +0100] "GET /Jurek/topeshop/feeds/topeshop_cdsc.xml HTTP/1.0" 200 2426936 "-" "-"
46.101.116.244 - - [06/Feb/2025:08:05:55 +0100] "GET /Jurek/aw/feeds/awnarzedzia_cdiscount.xml HTTP/1.0" 200 91436335 "-" "-"
85.14.86.141 - - [06/Feb/2025:08:06:02 +0100] "GET /Jurek/aw/feeds/awnarzedzia_morele.xml HTTP/2.0" 200 91444457 "-" "MarketplaceAPI curl/7.64.0 PHP/8"
46.101.116.244 - - [06/Feb/2025:08:06:14 +0100] "GET /Jurek/action/feeds/action_cdis.xml HTTP/1.0" 200 55046253 "-" "-"
85.14.86.141 - - [06/Feb/2025:08:06:18 +0100] "GET /Jurek/vida_morele/feeds/VidaPL_morele.xml HTTP/2.0" 200 695071558 "-" "MarketplaceAPI curl/7.64.0 PHP/8"
46.101.116.244 - - [06/Feb/2025:08:06:19 +0100] "GET /Jurek/fernity/feeds/fernity_cdiscount.xml HTTP/1.0" 200 5125098 "-" "-"
46.101.116.244 - - [06/Feb/2025:08:06:23 +0100] "GET /Jurek/hurtownia_przemyslowa/feeds/hp_cdiscount.xml HTTP/1.0" 200 49866351 "-" "-"
46.101.116.244 - - [06/Feb/2025:08:06:26 +0100] "GET /Jurek/kinghoff/feeds/kinghoff_cdiscount.xml HTTP/1.0" 200 14283067 "-" "-"
85.14.86.141 - - [06/Feb/2025:08:06:28 +0100] "GET /Jurek/miloohome/feeds/miloohome_morele.xml HTTP/2.0" 200 1421250 "-" "MarketplaceAPI curl/7.64.0 PHP/8"
89.161.206.59 - - [06/Feb/2025:08:06:29 +0100] "GET /Jurek/barbecook/feeds/barbecook_cdis.xml HTTP/1.0" 200 87529 "-" "-"
46.101.116.244 - - [06/Feb/2025:08:06:39 +0100] "GET /Jurek/activeshop/feeds/activeshop_cdis.xml HTTP/1.0" 200 10395876 "-" "-"
85.14.86.141 - - [06/Feb/2025:08:06:45 +0100] "GET /Jurek/beliani/feeds/beliani_morele.xml HTTP/2.0" 200 31923614 "-" "MarketplaceAPI curl/7.64.0 PHP/8"
46.101.116.244 - - [06/Feb/2025:08:07:03 +0100] "GET /Jurek/eurofirany/feeds/eurofirany_cdiscount.xml HTTP/1.0" 200 18946912 "-" "-"
89.161.206.59 - - [06/Feb/2025:08:07:32 +0100] "GET /Jurek/oromed/feeds/oromed_skroutz.xml HTTP/1.0" 200 973652 "-" "-"
89.161.206.59 - - [06/Feb/2025:08:07:33 +0100] "GET /Jurek/ralmetal/feeds/ralmetal_skroutz.xml HTTP/1.0" 200 1786747 "-" "-"
46.101.116.244 - - [06/Feb/2025:08:07:54 +0100] "GET /Filip/feeds/xlsx_ceneo.xml HTTP/1.0" 200 6241376 "-" "-"
51.77.52.107 - - [06/Feb/2025:08:07:55 +0100] "POST /Filip/Rovicky/baselinker/baselinker-ceneo-shumee.php HTTP/2.0" 200 106776 "-" "BaseLinker/1.0"
89.161.206.59 - - [06/Feb/2025:08:07:59 +0100] "GET /Jurek/galopi/feeds/galopi_skroutz.xml HTTP/1.0" 200 1884714 "-" "-"
89.161.206.59 - - [06/Feb/2025:08:08:05 +0100] "GET /Jurek/velinda/feeds/velinda_skroutz.xml HTTP/1.0" 200 4295427 "-" "-"
46.101.116.244 - - [06/Feb/2025:08:10:31 +0100] "GET /Jurek/aw/feeds/aw_fnacfr.xml HTTP/1.0" 404 3551 "-" "-"
193.33.8.61 - - [06/Feb/2025:08:10:34 +0100] "GET /favicon.ico HTTP/2.0" 404 3551 "https://dkkapusta1997.usermd.net/Jurek/eany/" "Mozilla/5.0 (Windows NT 10.0; Win64; x64) AppleWebKit/537.36 (KHTML, like Gecko) Chrome/132.0.0.0 Safari/537.36"
193.33.8.61 - - [06/Feb/2025:08:10:46 +0100] "GET /Jurek/eany/data.csv HTTP/2.0" 200 26271764 "https://dkkapusta1997.usermd.net/Jurek/eany/" "Mozilla/5.0 (Windows NT 10.0; Win64; x64) AppleWebKit/537.36 (KHTML, like Gecko) Chrome/132.0.0.0 Safari/537.36"
46.101.116.244 - - [06/Feb/2025:08:11:13 +0100] "GET /Filip/feeds/xlsx_ceneo.xml HTTP/1.0" 200 6241376 "-" "-"
51.77.52.107 - - [06/Feb/2025:08:11:13 +0100] "POST /Filip/Rovicky/baselinker/baselinker-ceneo-shumee.php HTTP/2.0" 200 106776 "-" "BaseLinker/1.0"
185.6.76.18 - - [06/Feb/2025:08:11:22 +0100] "GET /marketplaces/skroutz/feeds/shumee.xml HTTP/1.1" 200 349570975 "-" "SkroutzBot v1.0"
46.101.116.244 - - [06/Feb/2025:08:11:28 +0100] "GET /Jurek/eurofirany/feeds/eurofirany_empik.xml HTTP/1.0" 200 18948111 "-" "-"
5.134.208.158 - - [06/Feb/2025:08:11:29 +0100] "GET /Jurek/eurofirany/images/457754/0.jpg HTTP/1.1" 206 256 "https://www.ceneo.pl" "Mozilla/5.0 (Windows NT 10.0; Win64; x64) AppleWebKit/537.36 (KHTML, like Gecko) Chrome/87.0.4280.141 Safari/537.36"
89.161.206.59 - - [06/Feb/2025:08:13:44 +0100] "GET /Jurek/fertone/feeds/fertone_skroutz.xml HTTP/1.0" 200 668872 "-" "-"
46.101.116.244 - - [06/Feb/2025:08:15:35 +0100] "GET /Jurek/aw/feeds/aw_fnacfr.xml HTTP/1.0" 404 3551 "-" "-"
46.101.116.244 - - [06/Feb/2025:08:16:18 +0100] "GET /Filip/feeds/xlsx_ceneo.xml HTTP/1.0" 200 6241376 "-" "-"
51.77.52.107 - - [06/Feb/2025:08:16:18 +0100] "POST /Filip/Rovicky/baselinker/baselinker-ceneo-shumee.php HTTP/2.0" 200 106776 "-" "BaseLinker/1.0"
46.101.116.244 - - [06/Feb/2025:08:20:33 +0100] "GET /Jurek/aw/feeds/aw_fnacfr.xml HTTP/1.0" 404 3551 "-" "-"
46.101.116.244 - - [06/Feb/2025:08:20:55 +0100] "GET /Jurek/kinghoff/feeds/kinghoff_ceneo.xml HTTP/1.0" 200 14283824 "-" "-"
46.101.116.244 - - [06/Feb/2025:08:20:56 +0100] "GET /Jurek/barbecook/feeds/barbecook_allegro.xml HTTP/1.0" 200 87554 "-" "-"
46.101.116.244 - - [06/Feb/2025:08:21:09 +0100] "GET /Jurek/vida_morele/feeds/vidaPL_velomarket_category4.xml HTTP/1.0" 200 51939434 "-" "-"
193.33.8.61 - - [06/Feb/2025:08:22:29 +0100] "GET /Jurek/bisanti/feeds/bisanti_zero.xml HTTP/2.0" 200 1132418 "https://konsola.dkkapusta1997.usermd.net/" "Mozilla/5.0 (Windows NT 10.0; Win64; x64) AppleWebKit/537.36 (KHTML, like Gecko) Chrome/132.0.0.0 Safari/537.36"
77.79.248.229 - - [06/Feb/2025:08:22:43 +0100] "GET /Jurek/bisanti/feeds/bisanti_zero.xml HTTP/1.1" 200 1132418 "-" "Python-urllib/3.11"
193.33.8.61 - - [06/Feb/2025:08:28:01 +0100] "GET /Jurek/najtanszysport/feeds/najtanszysport_zero.xml HTTP/2.0" 200 3983326 "https://konsola.dkkapusta1997.usermd.net/" "Mozilla/5.0 (Windows NT 10.0; Win64; x64) AppleWebKit/537.36 (KHTML, like Gecko) Chrome/132.0.0.0 Safari/537.36"
46.101.116.244 - - [06/Feb/2025:08:30:31 +0100] "GET /Jurek/kinghoff/feeds/kinghoff_amazon_de.xml HTTP/1.0" 200 14283047 "-" "-"
46.101.116.244 - - [06/Feb/2025:08:31:15 +0100] "GET /Filip/feeds/xlsx_ceneo.xml HTTP/1.0" 200 6241376 "-" "-"
51.77.52.107 - - [06/Feb/2025:08:31:15 +0100] "POST /Filip/Rovicky/baselinker/baselinker-ceneo-shumee.php HTTP/2.0" 200 106776 "-" "BaseLinker/1.0"
188.26.9.26 - - [06/Feb/2025:08:32:01 +0100] "GET /Jurek/eurofirany/images/333886/2.jpg HTTP/2.0" 200 26359 "https://www.emag.ro/perdea-ready-esim-140x250-cm-alba-eurofirany-333886/pd/DVN68LMBM/" "Mozilla/5.0 (Windows NT 10.0; Win64; x64) AppleWebKit/537.36 (KHTML, like Gecko) Chrome/132.0.0.0 Safari/537.36"
188.26.9.26 - - [06/Feb/2025:08:32:01 +0100] "GET /Jurek/eurofirany/images/333886/1.jpg HTTP/2.0" 200 55732 "https://www.emag.ro/perdea-ready-esim-140x250-cm-alba-eurofirany-333886/pd/DVN68LMBM/" "Mozilla/5.0 (Windows NT 10.0; Win64; x64) AppleWebKit/537.36 (KHTML, like Gecko) Chrome/132.0.0.0 Safari/537.36"
188.26.9.26 - - [06/Feb/2025:08:32:01 +0100] "GET /Jurek/eurofirany/images/333886/3.jpg HTTP/2.0" 200 50905 "https://www.emag.ro/perdea-ready-esim-140x250-cm-alba-eurofirany-333886/pd/DVN68LMBM/" "Mozilla/5.0 (Windows NT 10.0; Win64; x64) AppleWebKit/537.36 (KHTML, like Gecko) Chrome/132.0.0.0 Safari/537.36"
188.26.9.26 - - [06/Feb/2025:08:32:01 +0100] "GET /Jurek/eurofirany/images/333886/5.jpg HTTP/2.0" 200 44556 "https://www.emag.ro/perdea-ready-esim-140x250-cm-alba-eurofirany-333886/pd/DVN68LMBM/" "Mozilla/5.0 (Windows NT 10.0; Win64; x64) AppleWebKit/537.36 (KHTML, like Gecko) Chrome/132.0.0.0 Safari/537.36"
188.26.9.26 - - [06/Feb/2025:08:32:01 +0100] "GET /Jurek/eurofirany/images/333886/4.jpg HTTP/2.0" 200 139282 "https://www.emag.ro/perdea-ready-esim-140x250-cm-alba-eurofirany-333886/pd/DVN68LMBM/" "Mozilla/5.0 (Windows NT 10.0; Win64; x64) AppleWebKit/537.36 (KHTML, like Gecko) Chrome/132.0.0.0 Safari/537.36"
188.26.9.26 - - [06/Feb/2025:08:32:01 +0100] "GET /Jurek/eurofirany/images/333886/6.jpg HTTP/2.0" 200 89803 "https://www.emag.ro/perdea-ready-esim-140x250-cm-alba-eurofirany-333886/pd/DVN68LMBM/" "Mozilla/5.0 (Windows NT 10.0; Win64; x64) AppleWebKit/537.36 (KHTML, like Gecko) Chrome/132.0.0.0 Safari/537.36"
77.79.248.229 - - [06/Feb/2025:08:33:05 +0100] "GET /Jurek/najtanszysport/feeds/najtanszysport_zero.xml HTTP/1.1" 200 3983326 "-" "Python-urllib/3.11"
46.101.116.244 - - [06/Feb/2025:08:35:51 +0100] "GET /Jurek/aw/feeds/aw_fnacfr.xml HTTP/1.0" 404 3551 "-" "-"
46.101.116.244 - - [06/Feb/2025:08:36:29 +0100] "GET /Jurek/vida_morele/feeds/vidaPL_velomarket_category6.xml HTTP/1.0" 200 149621393 "-" "-"
46.101.116.244 - - [06/Feb/2025:08:36:39 +0100] "GET /Jurek/vida_morele/feeds/vidaPL_velomarket_category2.xml HTTP/1.0" 200 41514748 "-" "-"
46.101.116.244 - - [06/Feb/2025:08:36:50 +0100] "GET /Jurek/vida_morele/feeds/vidaPL_velomarket_category5.xml HTTP/1.0" 200 76257051 "-" "-"
52.209.168.113 - - [06/Feb/2025:08:39:21 +0100] "GET /marketplaces/worten2/results/worten.csv HTTP/1.1" 200 147218 "-" "Mirakl HttpClient"
66.249.69.68 - - [06/Feb/2025:08:39:36 +0100] "GET /Jurek/eurofirany/images/391378/4.jpg HTTP/1.1" 200 214067 "-" "Googlebot-Image/1.0"
89.161.206.59 - - [06/Feb/2025:08:42:19 +0100] "GET /Jurek/oromed/feeds/oromed_amazonnl.xml HTTP/1.0" 200 973769 "-" "-"
193.33.8.61 - - [06/Feb/2025:08:44:56 +0100] "GET /Jurek/bass_new/feeds/bass_zero.xml HTTP/2.0" 200 7039336 "https://konsola.dkkapusta1997.usermd.net/" "Mozilla/5.0 (Macintosh; Intel Mac OS X 10_15_7) AppleWebKit/537.36 (KHTML, like Gecko) Chrome/132.0.0.0 Safari/537.36"
193.33.8.61 - - [06/Feb/2025:08:45:00 +0100] "GET /favicon.ico HTTP/2.0" 404 3551 "https://dkkapusta1997.usermd.net/Jurek/bass_new/feeds/bass_zero.xml" "Mozilla/5.0 (Macintosh; Intel Mac OS X 10_15_7) AppleWebKit/537.36 (KHTML, like Gecko) Chrome/132.0.0.0 Safari/537.36"
45.148.43.49 - - [06/Feb/2025:08:45:35 +0100] "GET /Jurek/erohurtownia/feeds/erohurtownia_zero.xml HTTP/2.0" 200 23306010 "https://konsola.dkkapusta1997.usermd.net/" "Mozilla/5.0 (Windows NT 10.0; Win64; x64) AppleWebKit/537.36 (KHTML, like Gecko) Chrome/131.0.0.0 Safari/537.36"
77.79.248.229 - - [06/Feb/2025:08:45:40 +0100] "GET /Jurek/erohurtownia/feeds/erohurtownia_zero.xml HTTP/1.1" 200 23306010 "-" "Python-urllib/3.11"
193.33.8.61 - - [06/Feb/2025:08:46:43 +0100] "GET /Jurek/eany/ HTTP/2.0" 200 634 "-" "Mozilla/5.0 (Windows NT 10.0; Win64; x64) AppleWebKit/537.36 (KHTML, like Gecko) Chrome/132.0.0.0 Safari/537.36"
193.33.8.61 - - [06/Feb/2025:08:46:43 +0100] "GET /Jurek/eany/styles.css HTTP/2.0" 200 2070 "https://dkkapusta1997.usermd.net/Jurek/eany/" "Mozilla/5.0 (Windows NT 10.0; Win64; x64) AppleWebKit/537.36 (KHTML, like Gecko) Chrome/132.0.0.0 Safari/537.36"
193.33.8.61 - - [06/Feb/2025:08:46:43 +0100] "GET /Jurek/eany/script.js HTTP/2.0" 200 4251 "https://dkkapusta1997.usermd.net/Jurek/eany/" "Mozilla/5.0 (Windows NT 10.0; Win64; x64) AppleWebKit/537.36 (KHTML, like Gecko) Chrome/132.0.0.0 Safari/537.36"
193.33.8.61 - - [06/Feb/2025:08:46:43 +0100] "GET /favicon.ico HTTP/2.0" 404 3551 "https://dkkapusta1997.usermd.net/Jurek/eany/" "Mozilla/5.0 (Windows NT 10.0; Win64; x64) AppleWebKit/537.36 (KHTML, like Gecko) Chrome/132.0.0.0 Safari/537.36"
193.33.8.61 - - [06/Feb/2025:08:46:44 +0100] "GET /Jurek/eany/data.csv HTTP/2.0" 200 5242880 "https://dkkapusta1997.usermd.net/Jurek/eany/" "Mozilla/5.0 (Windows NT 10.0; Win64; x64) AppleWebKit/537.36 (KHTML, like Gecko) Chrome/132.0.0.0 Safari/537.36"
46.101.116.244 - - [06/Feb/2025:08:51:11 +0100] "GET /Jurek/kinghoff/feeds/kinghoff_allegro.xml HTTP/1.0" 200 14284560 "-" "-"
77.79.248.229 - - [06/Feb/2025:08:51:59 +0100] "GET /Jurek/intsell/feeds/intsell_zero.xml HTTP/1.1" 200 338794831 "-" "Python-urllib/3.11"
45.148.43.49 - - [06/Feb/2025:08:52:03 +0100] "GET /Jurek/intsell/feeds/intsell_zero.xml HTTP/2.0" 200 14385152 "https://konsola.dkkapusta1997.usermd.net/" "Mozilla/5.0 (Windows NT 10.0; Win64; x64) AppleWebKit/537.36 (KHTML, like Gecko) Chrome/131.0.0.0 Safari/537.36"
193.33.8.61 - - [06/Feb/2025:08:54:02 +0100] "GET /Jurek/eany/data.csv HTTP/2.0" 304 0 "https://dkkapusta1997.usermd.net/Jurek/eany/" "Mozilla/5.0 (Windows NT 10.0; Win64; x64) AppleWebKit/537.36 (KHTML, like Gecko) Chrome/132.0.0.0 Safari/537.36"
89.161.206.59 - - [06/Feb/2025:08:55:50 +0100] "GET /Jurek/artdog/feeds/artdog_allegro.xml HTTP/1.0" 200 15933267 "-" "-"
46.101.116.244 - - [06/Feb/2025:08:56:43 +0100] "GET /Jurek/eurofirany/feeds/eurofirany_ceneo.xml HTTP/1.0" 200 18950336 "-" "-"
46.101.116.244 - - [06/Feb/2025:08:56:57 +0100] "GET /Jurek/topeshop/feeds/topeshop_skr.xml HTTP/1.0" 200 2427009 "-" "-"
89.161.206.59 - - [06/Feb/2025:08:57:38 +0100] "GET /Jurek/eldar/feeds/eldar_emagro.xml HTTP/1.0" 404 3551 "-" "-"
89.161.206.59 - - [06/Feb/2025:08:57:42 +0100] "GET /Jurek/asortymenteu/feeds/asortymenteu_skroutz_great.xml HTTP/1.0" 200 2503348 "-" "-"
46.101.116.244 - - [06/Feb/2025:08:57:56 +0100] "GET /Jurek/ikonka/feeds/ikonka_alza.xml HTTP/2.0" 200 22192657 "-" "-"
193.33.8.61 - - [06/Feb/2025:08:58:08 +0100] "GET /favicon.ico HTTP/2.0" 404 3551 "https://dkkapusta1997.usermd.net/Jurek/eany/" "Mozilla/5.0 (Windows NT 10.0; Win64; x64) AppleWebKit/537.36 (KHTML, like Gecko) Chrome/133.0.0.0 Safari/537.36"
46.101.116.244 - - [06/Feb/2025:08:58:08 +0100] "GET /Jurek/ikonka/feeds/ikonka_kaufcz.xml HTTP/2.0" 200 22192889 "-" "-"
46.101.116.244 - - [06/Feb/2025:08:58:21 +0100] "GET /Jurek/ikonka/feeds/ikonka_kaufde.xml HTTP/2.0" 200 22190184 "-" "-"
193.33.8.61 - - [06/Feb/2025:08:58:25 +0100] "GET /Jurek/eany/data.csv HTTP/2.0" 200 26271764 "https://dkkapusta1997.usermd.net/Jurek/eany/" "Mozilla/5.0 (Windows NT 10.0; Win64; x64) AppleWebKit/537.36 (KHTML, like Gecko) Chrome/133.0.0.0 Safari/537.36"
46.101.116.244 - - [06/Feb/2025:08:59:06 +0100] "GET /Jurek/stema/feeds/stema_alza.xml HTTP/2.0" 200 860926 "-" "-"
193.33.8.61 - - [06/Feb/2025:08:59:11 +0100] "GET /Jurek/bass_new/feeds/bass_cdon_se.xml HTTP/2.0" 200 7043235 "https://konsola.dkkapusta1997.usermd.net/" "Mozilla/5.0 (Macintosh; Intel Mac OS X 10_15_7) AppleWebKit/537.36 (KHTML, like Gecko) Chrome/132.0.0.0 Safari/537.36"
46.101.116.244 - - [06/Feb/2025:08:59:17 +0100] "GET /Jurek/stema/feeds/stema_kaufcz.xml HTTP/2.0" 200 860926 "-" "-"
46.101.116.244 - - [06/Feb/2025:08:59:28 +0100] "GET /Jurek/stema/feeds/stema_kaufde.xml HTTP/2.0" 200 860290 "-" "-"
89.161.206.59 - - [06/Feb/2025:09:00:13 +0100] "GET /Jurek/drops/feeds/dropsofficecolection_allegro.xml HTTP/1.0" 200 788191 "-" "-"
193.33.8.61 - - [06/Feb/2025:09:00:14 +0100] "GET /Jurek/evil/feeds/evil_zero.xml HTTP/2.0" 200 306335 "https://konsola.dkkapusta1997.usermd.net/" "Mozilla/5.0 (Windows NT 10.0; Win64; x64) AppleWebKit/537.36 (KHTML, like Gecko) Chrome/132.0.0.0 Safari/537.36"
52.209.168.113 - - [06/Feb/2025:09:00:40 +0100] "GET /marketplaces/ubaldi/results/ubaldi.csv HTTP/1.1" 200 147219 "-" "Mirakl HttpClient"
85.14.86.141 - - [06/Feb/2025:09:00:42 +0100] "GET /Jurek/vida_morele/feeds/VidaPL_all.xml HTTP/2.0" 200 695070350 "-" "MarketplaceAPI curl/7.64.0 PHP/8"
46.101.116.244 - - [06/Feb/2025:09:01:06 +0100] "GET /Jurek/hurtownia_przemyslowa/feeds/hp_alza.xml HTTP/2.0" 200 49887494 "-" "-"
46.101.116.244 - - [06/Feb/2025:09:01:28 +0100] "GET /Jurek/hurtownia_przemyslowa/feeds/hp_kaufcz.xml HTTP/2.0" 200 49886029 "-" "-"
89.161.206.59 - - [06/Feb/2025:09:01:39 +0100] "GET /Jurek/bass/feeds/bass_amazonfr.xml HTTP/1.0" 200 3983994 "-" "-"
89.161.206.59 - - [06/Feb/2025:09:01:50 +0100] "GET /Jurek/kambukka/feeds/kambukka_amazonfr.xml HTTP/1.0" 200 973331 "-" "-"
89.161.206.59 - - [06/Feb/2025:09:01:50 +0100] "GET /Jurek/kambukka/feeds/kambukka_amazonit.xml HTTP/1.0" 200 973315 "-" "-"
89.161.206.59 - - [06/Feb/2025:09:01:51 +0100] "GET /Jurek/kambukka/feeds/kambukka_amazonnl.xml HTTP/1.0" 200 973320 "-" "-"
89.161.206.59 - - [06/Feb/2025:09:01:51 +0100] "GET /Jurek/kambukka/feeds/kambukka_amazonse.xml HTTP/1.0" 200 973585 "-" "-"
89.161.206.59 - - [06/Feb/2025:09:01:51 +0100] "GET /Jurek/waks/feeds/waks_amazonit.xml HTTP/1.0" 200 6333024 "-" "-"
89.161.206.59 - - [06/Feb/2025:09:01:52 +0100] "GET /Jurek/waks/feeds/waks_amazones.xml HTTP/1.0" 200 6333065 "-" "-"
89.161.206.59 - - [06/Feb/2025:09:01:53 +0100] "GET /Jurek/hdwr/feeds/hdwr_amazonse.xml HTTP/1.0" 200 778085 "-" "-"
89.161.206.59 - - [06/Feb/2025:09:01:53 +0100] "GET /Jurek/targethome/feeds/targethome_amazonde.xml HTTP/1.0" 200 683573 "-" "-"
89.161.206.59 - - [06/Feb/2025:09:01:53 +0100] "GET /Jurek/sempler/feeds/sempler_amazonde.xml HTTP/1.0" 200 6553289 "-" "-"
89.161.206.59 - - [06/Feb/2025:09:01:54 +0100] "GET /Jurek/b3/feeds/b3_amazonde.xml HTTP/1.0" 200 7199852 "-" "-"
89.161.206.59 - - [06/Feb/2025:09:01:55 +0100] "GET /Jurek/sempler/feeds/sempler_amazonfr.xml HTTP/1.0" 200 6553313 "-" "-"
