89.161.206.59 - - [06/Feb/2025:13:03:07 +0100] "GET /Jurek/eroplace/feeds/eroplace_amazones.xml HTTP/1.0" 200 30850090 "-" "-"
89.161.206.59 - - [06/Feb/2025:13:03:09 +0100] "GET /Jurek/b3/feeds/b3_amazonnl.xml HTTP/1.0" 200 7199514 "-" "-"
89.161.206.59 - - [06/Feb/2025:13:03:14 +0100] "GET /Jurek/ralmetal/feeds/ralmetal_amazonde.xml HTTP/1.0" 200 1786757 "-" "-"
89.161.206.59 - - [06/Feb/2025:13:03:14 +0100] "GET /Jurek/oromed/feeds/oromed_amazonde.xml HTTP/1.0" 200 966026 "-" "-"
89.161.206.59 - - [06/Feb/2025:13:03:15 +0100] "GET /Jurek/ralmetal/feeds/ralmetal_amazonfr.xml HTTP/1.0" 200 1786813 "-" "-"
46.101.116.244 - - [06/Feb/2025:13:03:39 +0100] "GET /Jurek/intsell/feeds/intsell_amazonde.xml HTTP/1.0" 200 338789268 "-" "-"
89.161.206.59 - - [06/Feb/2025:13:03:41 +0100] "GET /Jurek/ralmetal/feeds/ralmetal_amazonit.xml HTTP/1.0" 200 1786779 "-" "-"
89.161.206.59 - - [06/Feb/2025:13:03:41 +0100] "GET /Jurek/ralmetal/feeds/ralmetal_amazonnl.xml HTTP/1.0" 200 1786777 "-" "-"
89.161.206.59 - - [06/Feb/2025:13:03:41 +0100] "GET /Jurek/ralmetal/feeds/ralmetal_amazones.xml HTTP/1.0" 200 1786867 "-" "-"
46.101.116.244 - - [06/Feb/2025:13:03:49 +0100] "GET /Jurek/vida_morele/feeds/vida_mallczsh.xml HTTP/2.0" 200 696685559 "-" "-"
46.101.116.244 - - [06/Feb/2025:13:04:20 +0100] "GET /Jurek/hurtownia_przemyslowa/feeds/hp_velomarket.xml HTTP/1.0" 200 49870633 "-" "-"
46.101.116.244 - - [06/Feb/2025:13:04:33 +0100] "GET /Jurek/benbaby/feeds/benbaby_velo.xml HTTP/1.0" 200 3696554 "-" "-"
46.101.116.244 - - [06/Feb/2025:13:04:34 +0100] "GET /Jurek/aw/feeds/awnarzedzia_velomarket.xml HTTP/1.0" 200 8475507 "-" "-"
85.14.86.141 - - [06/Feb/2025:13:05:03 +0100] "GET /Jurek/eurofirany/feeds/eurofirany_morele.xml HTTP/2.0" 200 18966073 "-" "MarketplaceAPI curl/7.64.0 PHP/8"
85.14.86.141 - - [06/Feb/2025:13:05:14 +0100] "GET /Jurek/vivaldi/feeds/vivaldi_Morele-PL.xml HTTP/2.0" 200 344674 "-" "MarketplaceAPI curl/7.64.0 PHP/8"
46.101.116.244 - - [06/Feb/2025:13:05:18 +0100] "GET /Jurek/vida_morele/feeds/vidaPL_velomarket.xml HTTP/1.0" 200 694239652 "-" "-"
85.14.86.141 - - [06/Feb/2025:13:06:25 +0100] "GET /Jurek/aw/feeds/awnarzedzia_morele.xml HTTP/2.0" 200 91444457 "-" "MarketplaceAPI curl/7.64.0 PHP/8"
85.14.86.141 - - [06/Feb/2025:13:06:29 +0100] "GET /Jurek/vida_morele/feeds/VidaPL_morele.xml HTTP/2.0" 200 694235482 "-" "MarketplaceAPI curl/7.64.0 PHP/8"
85.14.86.141 - - [06/Feb/2025:13:06:59 +0100] "GET /Jurek/miloohome/feeds/miloohome_morele.xml HTTP/2.0" 200 1421250 "-" "MarketplaceAPI curl/7.64.0 PHP/8"
85.14.86.141 - - [06/Feb/2025:13:07:15 +0100] "GET /Jurek/beliani/feeds/beliani_morele.xml HTTP/2.0" 200 31923614 "-" "MarketplaceAPI curl/7.64.0 PHP/8"
89.161.206.59 - - [06/Feb/2025:13:10:43 +0100] "GET /Jurek/waks/feeds/waks_amazonnl.xml HTTP/1.0" 200 6333013 "-" "-"
185.6.76.18 - - [06/Feb/2025:13:12:54 +0100] "GET /marketplaces/skroutz/feeds/shumee.xml HTTP/1.1" 200 350647833 "-" "SkroutzBot v1.0"
193.33.8.61 - - [06/Feb/2025:13:14:31 +0100] "GET /Jurek/fertone/feeds/fertone_zero.xml HTTP/2.0" 200 668533 "https://konsola.dkkapusta1997.usermd.net/" "Mozilla/5.0 (Windows NT 10.0; Win64; x64) AppleWebKit/537.36 (KHTML, like Gecko) Chrome/132.0.0.0 Safari/537.36"
77.79.248.229 - - [06/Feb/2025:13:14:40 +0100] "GET /Jurek/fertone/feeds/fertone_zero.xml HTTP/1.1" 200 668533 "-" "Python-urllib/3.11"
193.33.8.61 - - [06/Feb/2025:13:18:10 +0100] "GET /Jurek/eldar/feeds/eldar_zero.xml HTTP/2.0" 200 7322193 "https://konsola.dkkapusta1997.usermd.net/" "Mozilla/5.0 (Windows NT 10.0; Win64; x64) AppleWebKit/537.36 (KHTML, like Gecko) Chrome/132.0.0.0 Safari/537.36"
77.79.248.229 - - [06/Feb/2025:13:18:18 +0100] "GET /Jurek/eldar/feeds/eldar_zero.xml HTTP/1.1" 200 7322193 "-" "Python-urllib/3.11"
85.232.241.194 - - [06/Feb/2025:13:22:04 +0100] "GET /Jurek/aw/feeds/aw_rue.xml HTTP/1.1" 200 91436941 "-" "Python-urllib/3.11"
85.232.241.194 - - [06/Feb/2025:13:22:07 +0100] "GET /Jurek/hurtownia_przemyslowa/feeds/hp_rue.xml HTTP/1.1" 200 49866599 "-" "Python-urllib/3.11"
85.232.241.194 - - [06/Feb/2025:13:22:11 +0100] "GET /Jurek/action/feeds/action_rue.xml HTTP/1.1" 200 55046500 "-" "Python-urllib/3.11"
85.232.241.194 - - [06/Feb/2025:13:22:37 +0100] "GET /Jurek/unimet/feeds/unimet_rue.xml HTTP/1.1" 200 60954847 "-" "Python-urllib/3.11"
85.232.241.194 - - [06/Feb/2025:13:22:37 +0100] "GET /Jurek/ikonka/feeds/ikonka_rue.xml HTTP/1.1" 200 22190197 "-" "Python-urllib/3.11"
85.232.241.194 - - [06/Feb/2025:13:22:37 +0100] "GET /Jurek/kinghome/feeds/kinghome_rue.xml HTTP/1.1" 200 5734772 "-" "Python-urllib/3.11"
85.232.241.194 - - [06/Feb/2025:13:22:38 +0100] "GET /Jurek/fernity/feeds/fernity_rue.xml HTTP/1.1" 200 5125109 "-" "Python-urllib/3.11"
85.232.241.194 - - [06/Feb/2025:13:22:38 +0100] "GET /Jurek/topeshop/feeds/topeshop_rue.xml HTTP/1.1" 200 2433255 "-" "Python-urllib/3.11"
85.232.241.194 - - [06/Feb/2025:13:22:40 +0100] "GET /Jurek/kinghoff/feeds/kinghoff_rue.xml HTTP/1.1" 200 14282975 "-" "Python-urllib/3.11"
85.232.241.194 - - [06/Feb/2025:13:22:40 +0100] "GET /Jurek/emibig/feeds/emibig_rue.xml HTTP/1.1" 200 2522484 "-" "Python-urllib/3.11"
85.232.241.194 - - [06/Feb/2025:13:22:41 +0100] "GET /Jurek/eurofirany/feeds/eurofirany_rue.xml HTTP/1.1" 200 18964553 "-" "Python-urllib/3.11"
85.232.241.194 - - [06/Feb/2025:13:22:41 +0100] "GET /Jurek/amzteam/feeds/amzteam_rue.xml HTTP/1.1" 200 97880 "-" "Python-urllib/3.11"
85.232.241.194 - - [06/Feb/2025:13:22:41 +0100] "GET /Jurek/kambukka/feeds/kambukka_rue.xml HTTP/1.1" 200 973339 "-" "Python-urllib/3.11"
85.232.241.194 - - [06/Feb/2025:13:22:41 +0100] "GET /Jurek/benetech/feeds/benetech_RUE.xml HTTP/1.1" 200 4451828 "-" "Python-urllib/3.11"
85.232.241.194 - - [06/Feb/2025:13:22:42 +0100] "GET /Jurek/swiatecznygoliat/feeds/swiatecznygoliat_RUE.xml HTTP/1.1" 200 7195830 "-" "Python-urllib/3.11"
85.232.241.194 - - [06/Feb/2025:13:22:42 +0100] "GET /Jurek/artdog/feeds/artdog_RUE.xml HTTP/1.1" 200 15929697 "-" "Python-urllib/3.11"
85.232.241.194 - - [06/Feb/2025:13:22:42 +0100] "GET /Jurek/hdwr/feeds/hdwr_RUE.xml HTTP/1.1" 200 777802 "-" "Python-urllib/3.11"
85.232.241.194 - - [06/Feb/2025:13:22:42 +0100] "GET /Jurek/sempler/feeds/sempler_rue.xml HTTP/1.1" 200 6553274 "-" "Python-urllib/3.11"
85.232.241.194 - - [06/Feb/2025:13:22:42 +0100] "GET /Jurek/waks/feeds/waks_RUE.xml HTTP/1.1" 200 6332889 "-" "Python-urllib/3.11"
85.232.241.194 - - [06/Feb/2025:13:22:42 +0100] "GET /Jurek/oromed/feeds/oromed_rue.xml HTTP/1.1" 200 966035 "-" "Python-urllib/3.11"
85.232.241.194 - - [06/Feb/2025:13:22:43 +0100] "GET /Jurek/ekuchcikowo/feeds/ekuchcikowo_rue.xml HTTP/1.1" 200 12895828 "-" "Python-urllib/3.11"
85.232.241.194 - - [06/Feb/2025:13:22:43 +0100] "GET /Jurek/ekolight/feeds/ekolight_rue.xml HTTP/1.1" 200 9051696 "-" "Python-urllib/3.11"
85.232.241.194 - - [06/Feb/2025:13:22:43 +0100] "GET /Jurek/eroplace/feeds/eroplace_RUE.xml HTTP/1.1" 200 30849486 "-" "Python-urllib/3.11"
85.232.241.194 - - [06/Feb/2025:13:22:44 +0100] "GET /Jurek/coppotech/feeds/coppotech_rue.xml HTTP/1.1" 200 38986183 "-" "Python-urllib/3.11"
85.232.241.194 - - [06/Feb/2025:13:22:44 +0100] "GET /Jurek/euroshop/feeds/euroshop_rue.xml HTTP/1.1" 200 17927551 "-" "Python-urllib/3.11"
85.232.241.194 - - [06/Feb/2025:13:22:44 +0100] "GET /Jurek/galopi/feeds/galopi_rue.xml HTTP/1.1" 200 1884702 "-" "Python-urllib/3.11"
85.232.241.194 - - [06/Feb/2025:13:22:44 +0100] "GET /Jurek/szpaklampy/feeds/szpaklampy_rue.xml HTTP/1.1" 200 416451 "-" "Python-urllib/3.11"
85.232.241.194 - - [06/Feb/2025:13:22:46 +0100] "GET /Jurek/intsell/feeds/intsell_rue.xml HTTP/1.1" 200 338788502 "-" "Python-urllib/3.11"
85.232.241.194 - - [06/Feb/2025:13:22:46 +0100] "GET /Jurek/spali/feeds/spali_rue.xml HTTP/1.1" 200 101943 "-" "Python-urllib/3.11"
85.232.241.194 - - [06/Feb/2025:13:22:46 +0100] "GET /Jurek/najtanszysport/feeds/najtanszysport_rue.xml HTTP/1.1" 200 3982880 "-" "Python-urllib/3.11"
85.232.241.194 - - [06/Feb/2025:13:22:46 +0100] "GET /Jurek/maksik/feeds/maksik_rue.xml HTTP/1.1" 200 4084781 "-" "Python-urllib/3.11"
85.232.241.194 - - [06/Feb/2025:13:22:46 +0100] "GET /Jurek/urwiskowo/feeds/urwiskowo_rue.xml HTTP/1.1" 200 9114890 "-" "Python-urllib/3.11"
85.232.241.194 - - [06/Feb/2025:13:28:02 +0100] "GET /Jurek/beliani/feeds/beliani_pl_zero.xml HTTP/1.1" 200 31909880 "-" "python-requests/2.32.3"
85.232.241.194 - - [06/Feb/2025:13:28:03 +0100] "GET /Jurek/beliani/feeds/beliani_cz_zero.xml HTTP/1.1" 200 22396510 "-" "python-requests/2.32.3"
85.232.241.194 - - [06/Feb/2025:13:28:03 +0100] "GET /Jurek/beliani/feeds/beliani_sk_zero.xml HTTP/1.1" 200 22477472 "-" "python-requests/2.32.3"
85.232.241.194 - - [06/Feb/2025:13:28:03 +0100] "GET /Jurek/beliani/feeds/beliani_hu.xml HTTP/1.1" 200 41231759 "-" "python-requests/2.32.3"
85.232.241.194 - - [06/Feb/2025:13:28:03 +0100] "GET /Jurek/fernity/feeds/fernity_zero.xml HTTP/1.1" 200 5125483 "-" "python-requests/2.32.3"
85.232.241.194 - - [06/Feb/2025:13:28:03 +0100] "GET /Jurek/kinghome/feeds/kinghome_mallcz.xml HTTP/1.1" 200 5719930 "-" "python-requests/2.32.3"
85.232.241.194 - - [06/Feb/2025:13:28:05 +0100] "GET /Jurek/octopia/feeds/octopia_zero.xml HTTP/1.1" 200 10650794 "-" "python-requests/2.32.3"
85.232.241.194 - - [06/Feb/2025:13:28:05 +0100] "GET /Jurek/aw/feeds/awnarzedzia_zero.xml HTTP/1.1" 200 91409885 "-" "python-requests/2.32.3"
85.232.241.194 - - [06/Feb/2025:13:28:07 +0100] "GET /Jurek/chemex/feeds/chemex_zero.xml HTTP/1.1" 200 47819491 "-" "python-requests/2.32.3"
85.232.241.194 - - [06/Feb/2025:13:28:07 +0100] "GET /Jurek/stema/feeds/stema_zero.xml HTTP/1.1" 200 860527 "-" "python-requests/2.32.3"
85.232.241.194 - - [06/Feb/2025:13:28:11 +0100] "GET /Jurek/kokiskaCZ/download/kokiskaCZ.xml HTTP/1.1" 200 29445705 "-" "python-requests/2.32.3"
85.232.241.194 - - [06/Feb/2025:13:28:11 +0100] "GET /Jurek/kinghoff/feeds/kinghoff_zero.xml HTTP/1.1" 200 14283502 "-" "python-requests/2.32.3"
85.232.241.194 - - [06/Feb/2025:13:28:13 +0100] "GET /Jurek/bass/feeds/bass_zero.xml HTTP/1.1" 200 3982824 "-" "python-requests/2.32.3"
85.232.241.194 - - [06/Feb/2025:13:28:13 +0100] "GET /Jurek/mosti/feeds/mosti_zero.xml HTTP/1.1" 200 9249876 "-" "python-requests/2.32.3"
178.21.154.6 - - [06/Feb/2025:13:29:10 +0100] "GET /Jurek/eurofirany/images/350263/0.jpg HTTP/1.1" 200 69293 "-" "-"
89.161.206.59 - - [06/Feb/2025:13:32:29 +0100] "GET /Jurek/eroplace/feeds/eroplace_amazonde.xml HTTP/1.0" 200 30849243 "-" "-"
89.161.206.59 - - [06/Feb/2025:13:32:33 +0100] "GET /Jurek/artdog/feeds/artdog_amazonde.xml HTTP/1.0" 200 15929060 "-" "-"
89.161.206.59 - - [06/Feb/2025:13:32:35 +0100] "GET /Jurek/pawonik/feeds/pawonik_amazonde.xml HTTP/1.0" 200 2534442 "-" "-"
52.209.168.113 - - [06/Feb/2025:13:33:57 +0100] "GET /marketplaces/worten2/results/worten.csv HTTP/1.1" 200 147218 "-" "Mirakl HttpClient"
193.33.8.61 - - [06/Feb/2025:13:34:31 +0100] "GET /Jurek/najtanszysport/feeds/najtanszysport_zero.xml HTTP/2.0" 200 3983314 "https://konsola.dkkapusta1997.usermd.net/" "Mozilla/5.0 (Windows NT 10.0; Win64; x64) AppleWebKit/537.36 (KHTML, like Gecko) Chrome/132.0.0.0 Safari/537.36"
77.79.248.229 - - [06/Feb/2025:13:34:36 +0100] "GET /Jurek/najtanszysport/feeds/najtanszysport_zero.xml HTTP/1.1" 200 3983314 "-" "Python-urllib/3.11"
46.101.116.244 - - [06/Feb/2025:13:34:54 +0100] "GET /Jurek/vidaCZ/feeds/vida_mallczod.xml HTTP/2.0" 200 658872368 "-" "-"
89.161.206.59 - - [06/Feb/2025:13:36:00 +0100] "GET /Jurek/swiatecznygoliat/feeds/swiatecznygoliat_allegro.xml HTTP/1.0" 200 7196363 "-" "-"
89.161.206.59 - - [06/Feb/2025:13:36:01 +0100] "GET /Jurek/velinda/feeds/velinda_allegro.xml HTTP/1.0" 200 4283152 "-" "-"
89.161.206.59 - - [06/Feb/2025:13:36:02 +0100] "GET /Jurek/hurtmeblowy/feeds/hurtmeblowy_allegro.xml HTTP/1.0" 200 8040430 "-" "-"
77.79.248.229 - - [06/Feb/2025:13:36:15 +0100] "GET /Jurek/eurofirany/feeds/eurofirany_cdon_se.xml HTTP/1.1" 200 18982151 "-" "python-requests/2.32.3"
77.79.248.229 - - [06/Feb/2025:13:36:15 +0100] "GET /Jurek/eurofirany/feeds/eurofirany_cdon_dk.xml HTTP/1.1" 200 18981614 "-" "python-requests/2.32.3"
77.79.248.229 - - [06/Feb/2025:13:36:16 +0100] "GET /Jurek/eurofirany/feeds/eurofirany_cdon_fi.xml HTTP/1.1" 200 18964736 "-" "python-requests/2.32.3"
77.79.248.229 - - [06/Feb/2025:13:36:16 +0100] "GET /Jurek/stema/feeds/stema_cdon_se.xml HTTP/1.1" 200 860862 "-" "python-requests/2.32.3"
77.79.248.229 - - [06/Feb/2025:13:36:16 +0100] "GET /Jurek/stema/feeds/stema_cdon_dk.xml HTTP/1.1" 200 860715 "-" "python-requests/2.32.3"
77.79.248.229 - - [06/Feb/2025:13:36:16 +0100] "GET /Jurek/stema/feeds/stema_cdon_fi.xml HTTP/1.1" 200 860428 "-" "python-requests/2.32.3"
77.79.248.229 - - [06/Feb/2025:13:36:18 +0100] "GET /Jurek/aw/feeds/awnarzedzia_cdon_se.xml HTTP/1.1" 200 91523490 "-" "python-requests/2.32.3"
77.79.248.229 - - [06/Feb/2025:13:36:19 +0100] "GET /Jurek/aw/feeds/awnarzedzia_cdon_dk.xml HTTP/1.1" 200 91517526 "-" "python-requests/2.32.3"
77.79.248.229 - - [06/Feb/2025:13:36:20 +0100] "GET /Jurek/aw/feeds/awnarzedzia_cdon_fi.xml HTTP/1.1" 200 91433685 "-" "python-requests/2.32.3"
77.79.248.229 - - [06/Feb/2025:13:36:21 +0100] "GET /Jurek/hurtownia_przemyslowa/feeds/hp_cdon_se.xml HTTP/1.1" 200 49882157 "-" "python-requests/2.32.3"
77.79.248.229 - - [06/Feb/2025:13:36:22 +0100] "GET /Jurek/hurtownia_przemyslowa/feeds/hp_cdon_dk.xml HTTP/1.1" 200 49880374 "-" "python-requests/2.32.3"
85.232.241.194 - - [06/Feb/2025:13:36:22 +0100] "GET /Jurek/aw/feeds/aw_rue.xml HTTP/1.1" 200 91436941 "-" "Python-urllib/3.11"
77.79.248.229 - - [06/Feb/2025:13:36:22 +0100] "GET /Jurek/hurtownia_przemyslowa/feeds/hp_cdon_fi.xml HTTP/1.1" 200 49867137 "-" "python-requests/2.32.3"
85.232.241.194 - - [06/Feb/2025:13:36:23 +0100] "GET /Jurek/hurtownia_przemyslowa/feeds/hp_rue.xml HTTP/1.1" 200 49866599 "-" "Python-urllib/3.11"
85.232.241.194 - - [06/Feb/2025:13:36:24 +0100] "GET /Jurek/action/feeds/action_rue.xml HTTP/1.1" 200 55046500 "-" "Python-urllib/3.11"
77.79.248.229 - - [06/Feb/2025:13:36:24 +0100] "GET /Jurek/ikonka/feeds/ikonka_cdon_se.xml HTTP/1.1" 200 22192450 "-" "python-requests/2.32.3"
77.79.248.229 - - [06/Feb/2025:13:36:25 +0100] "GET /Jurek/ikonka/feeds/ikonka_cdon_dk.xml HTTP/1.1" 200 22192323 "-" "python-requests/2.32.3"
77.79.248.229 - - [06/Feb/2025:13:36:25 +0100] "GET /Jurek/ikonka/feeds/ikonka_cdon_fi.xml HTTP/1.1" 200 22190177 "-" "python-requests/2.32.3"
77.79.248.229 - - [06/Feb/2025:13:36:25 +0100] "GET /Jurek/fernity/feeds/fernity_cdon_fi.xml HTTP/1.1" 200 5124849 "-" "python-requests/2.32.3"
77.79.248.229 - - [06/Feb/2025:13:36:25 +0100] "GET /Jurek/fernity/feeds/fernity_cdon_se.xml HTTP/1.1" 200 5128217 "-" "python-requests/2.32.3"
77.79.248.229 - - [06/Feb/2025:13:36:25 +0100] "GET /Jurek/fernity/feeds/fernity_cdon_dk.xml HTTP/1.1" 200 5127724 "-" "python-requests/2.32.3"
77.79.248.229 - - [06/Feb/2025:13:36:26 +0100] "GET /Jurek/activeshop/feeds/activeshop_cdon_se.xml HTTP/1.1" 200 10399514 "-" "python-requests/2.32.3"
77.79.248.229 - - [06/Feb/2025:13:36:26 +0100] "GET /Jurek/activeshop/feeds/activeshop_cdon_dk.xml HTTP/1.1" 200 10399568 "-" "python-requests/2.32.3"
77.79.248.229 - - [06/Feb/2025:13:36:26 +0100] "GET /Jurek/activeshop/feeds/activeshop_cdon_fi.xml HTTP/1.1" 200 10396085 "-" "python-requests/2.32.3"
77.79.248.229 - - [06/Feb/2025:13:36:35 +0100] "GET /Jurek/barbecook/feeds/barbecook_cdon_se.xml HTTP/1.1" 200 87591 "-" "python-requests/2.32.3"
77.79.248.229 - - [06/Feb/2025:13:36:35 +0100] "GET /Jurek/barbecook/feeds/barbecook_cdon_dk.xml HTTP/1.1" 200 87589 "-" "python-requests/2.32.3"
77.79.248.229 - - [06/Feb/2025:13:36:35 +0100] "GET /Jurek/barbecook/feeds/barbecook_cdon_fi.xml HTTP/1.1" 200 87532 "-" "python-requests/2.32.3"
77.79.248.229 - - [06/Feb/2025:13:36:37 +0100] "GET /Jurek/action/feeds/action_cdon_se.xml HTTP/1.1" 200 55079002 "-" "python-requests/2.32.3"
85.232.241.194 - - [06/Feb/2025:13:36:37 +0100] "GET /Jurek/unimet/feeds/unimet_rue.xml HTTP/1.1" 200 60954847 "-" "Python-urllib/3.11"
85.232.241.194 - - [06/Feb/2025:13:36:37 +0100] "GET /Jurek/ikonka/feeds/ikonka_rue.xml HTTP/1.1" 200 22190197 "-" "Python-urllib/3.11"
85.232.241.194 - - [06/Feb/2025:13:36:37 +0100] "GET /Jurek/kinghome/feeds/kinghome_rue.xml HTTP/1.1" 200 5734772 "-" "Python-urllib/3.11"
77.79.248.229 - - [06/Feb/2025:13:36:37 +0100] "GET /Jurek/action/feeds/action_cdon_dk.xml HTTP/1.1" 200 55073309 "-" "python-requests/2.32.3"
85.232.241.194 - - [06/Feb/2025:13:36:37 +0100] "GET /Jurek/fernity/feeds/fernity_rue.xml HTTP/1.1" 200 5125109 "-" "Python-urllib/3.11"
85.232.241.194 - - [06/Feb/2025:13:36:38 +0100] "GET /Jurek/topeshop/feeds/topeshop_rue.xml HTTP/1.1" 200 2433255 "-" "Python-urllib/3.11"
77.79.248.229 - - [06/Feb/2025:13:36:38 +0100] "GET /Jurek/action/feeds/action_cdon_fi.xml HTTP/1.1" 200 55048496 "-" "python-requests/2.32.3"
77.79.248.229 - - [06/Feb/2025:13:36:39 +0100] "GET /Jurek/kinghoff/feeds/kinghoff_cdon_se.xml HTTP/1.1" 200 14285580 "-" "python-requests/2.32.3"
77.79.248.229 - - [06/Feb/2025:13:36:39 +0100] "GET /Jurek/kinghoff/feeds/kinghoff_cdon_dk.xml HTTP/1.1" 200 14285304 "-" "python-requests/2.32.3"
77.79.248.229 - - [06/Feb/2025:13:36:39 +0100] "GET /Jurek/kinghoff/feeds/kinghoff_cdon_fi.xml HTTP/1.1" 200 14283213 "-" "python-requests/2.32.3"
85.232.241.194 - - [06/Feb/2025:13:36:40 +0100] "GET /Jurek/kinghoff/feeds/kinghoff_rue.xml HTTP/1.1" 200 14282975 "-" "Python-urllib/3.11"
85.232.241.194 - - [06/Feb/2025:13:36:40 +0100] "GET /Jurek/emibig/feeds/emibig_rue.xml HTTP/1.1" 200 2522484 "-" "Python-urllib/3.11"
85.232.241.194 - - [06/Feb/2025:13:36:40 +0100] "GET /Jurek/eurofirany/feeds/eurofirany_rue.xml HTTP/1.1" 200 18964553 "-" "Python-urllib/3.11"
85.232.241.194 - - [06/Feb/2025:13:36:40 +0100] "GET /Jurek/amzteam/feeds/amzteam_rue.xml HTTP/1.1" 200 97880 "-" "Python-urllib/3.11"
85.232.241.194 - - [06/Feb/2025:13:36:41 +0100] "GET /Jurek/kambukka/feeds/kambukka_rue.xml HTTP/1.1" 200 973339 "-" "Python-urllib/3.11"
85.232.241.194 - - [06/Feb/2025:13:36:41 +0100] "GET /Jurek/benetech/feeds/benetech_RUE.xml HTTP/1.1" 200 4451828 "-" "Python-urllib/3.11"
85.232.241.194 - - [06/Feb/2025:13:36:41 +0100] "GET /Jurek/swiatecznygoliat/feeds/swiatecznygoliat_RUE.xml HTTP/1.1" 200 7195830 "-" "Python-urllib/3.11"
85.232.241.194 - - [06/Feb/2025:13:36:41 +0100] "GET /Jurek/artdog/feeds/artdog_RUE.xml HTTP/1.1" 200 15929697 "-" "Python-urllib/3.11"
85.232.241.194 - - [06/Feb/2025:13:36:41 +0100] "GET /Jurek/hdwr/feeds/hdwr_RUE.xml HTTP/1.1" 200 777802 "-" "Python-urllib/3.11"
85.232.241.194 - - [06/Feb/2025:13:36:41 +0100] "GET /Jurek/sempler/feeds/sempler_rue.xml HTTP/1.1" 200 6553274 "-" "Python-urllib/3.11"
85.232.241.194 - - [06/Feb/2025:13:36:41 +0100] "GET /Jurek/waks/feeds/waks_RUE.xml HTTP/1.1" 200 6332889 "-" "Python-urllib/3.11"
85.232.241.194 - - [06/Feb/2025:13:36:41 +0100] "GET /Jurek/oromed/feeds/oromed_rue.xml HTTP/1.1" 200 966035 "-" "Python-urllib/3.11"
85.232.241.194 - - [06/Feb/2025:13:36:41 +0100] "GET /Jurek/ekuchcikowo/feeds/ekuchcikowo_rue.xml HTTP/1.1" 200 12895828 "-" "Python-urllib/3.11"
85.232.241.194 - - [06/Feb/2025:13:36:41 +0100] "GET /Jurek/ekolight/feeds/ekolight_rue.xml HTTP/1.1" 200 9051696 "-" "Python-urllib/3.11"
85.232.241.194 - - [06/Feb/2025:13:36:42 +0100] "GET /Jurek/eroplace/feeds/eroplace_RUE.xml HTTP/1.1" 200 30849486 "-" "Python-urllib/3.11"
85.232.241.194 - - [06/Feb/2025:13:36:42 +0100] "GET /Jurek/coppotech/feeds/coppotech_rue.xml HTTP/1.1" 200 38986183 "-" "Python-urllib/3.11"
85.232.241.194 - - [06/Feb/2025:13:36:42 +0100] "GET /Jurek/euroshop/feeds/euroshop_rue.xml HTTP/1.1" 200 17927551 "-" "Python-urllib/3.11"
85.232.241.194 - - [06/Feb/2025:13:36:42 +0100] "GET /Jurek/galopi/feeds/galopi_rue.xml HTTP/1.1" 200 1884702 "-" "Python-urllib/3.11"
85.232.241.194 - - [06/Feb/2025:13:36:42 +0100] "GET /Jurek/szpaklampy/feeds/szpaklampy_rue.xml HTTP/1.1" 200 416451 "-" "Python-urllib/3.11"
85.232.241.194 - - [06/Feb/2025:13:36:43 +0100] "GET /Jurek/intsell/feeds/intsell_rue.xml HTTP/1.1" 200 338788502 "-" "Python-urllib/3.11"
85.232.241.194 - - [06/Feb/2025:13:36:43 +0100] "GET /Jurek/spali/feeds/spali_rue.xml HTTP/1.1" 200 101943 "-" "Python-urllib/3.11"
85.232.241.194 - - [06/Feb/2025:13:36:43 +0100] "GET /Jurek/najtanszysport/feeds/najtanszysport_rue.xml HTTP/1.1" 200 3982880 "-" "Python-urllib/3.11"
85.232.241.194 - - [06/Feb/2025:13:36:43 +0100] "GET /Jurek/maksik/feeds/maksik_rue.xml HTTP/1.1" 200 4084781 "-" "Python-urllib/3.11"
85.232.241.194 - - [06/Feb/2025:13:36:43 +0100] "GET /Jurek/urwiskowo/feeds/urwiskowo_rue.xml HTTP/1.1" 200 9114890 "-" "Python-urllib/3.11"
89.161.206.59 - - [06/Feb/2025:13:36:44 +0100] "GET /Jurek/eurofirany/feeds/eurofirany_manomanofr.xml HTTP/1.0" 200 18964708 "-" "-"
77.79.248.229 - - [06/Feb/2025:13:38:15 +0100] "GET /Jurek/vidaSI/feeds/vidaSI_bigbang.xml HTTP/1.1" 200 620037977 "-" "Python-urllib/3.11"
77.79.248.229 - - [06/Feb/2025:13:38:17 +0100] "GET /Jurek/aw/feeds/awnarzedzia_bigbang.xml HTTP/1.1" 200 91429792 "-" "Python-urllib/3.11"
77.79.248.229 - - [06/Feb/2025:13:38:19 +0100] "GET /Jurek/hurtownia_przemyslowa/feeds/hp_bigbang.xml HTTP/1.1" 200 49865962 "-" "Python-urllib/3.11"
77.79.248.229 - - [06/Feb/2025:13:38:21 +0100] "GET /Jurek/action/feeds/action_bigbang.xml HTTP/1.1" 200 55044475 "-" "Python-urllib/3.11"
77.79.248.229 - - [06/Feb/2025:13:38:24 +0100] "GET /Jurek/unimet/feeds/unimet_bigbang.xml HTTP/1.1" 200 60953442 "-" "Python-urllib/3.11"
77.79.248.229 - - [06/Feb/2025:13:38:24 +0100] "GET /Jurek/ikonka/feeds/ikonka_bigbang.xml HTTP/1.1" 200 22190167 "-" "Python-urllib/3.11"
77.79.248.229 - - [06/Feb/2025:13:38:24 +0100] "GET /Jurek/bass/feeds/bass_bigbang.xml HTTP/1.1" 200 3983773 "-" "Python-urllib/3.11"
77.79.248.229 - - [06/Feb/2025:13:38:27 +0100] "GET /Jurek/kinghoff/feeds/kinghoff_bigbang.xml HTTP/1.1" 200 14282923 "-" "Python-urllib/3.11"
77.79.248.229 - - [06/Feb/2025:13:38:28 +0100] "GET /Jurek/activeshop/feeds/activeshop_bigbang.xml HTTP/1.1" 200 10395997 "-" "Python-urllib/3.11"
77.79.248.229 - - [06/Feb/2025:13:38:29 +0100] "GET /Jurek/octopia/feeds/octopia_bigbang.xml HTTP/1.1" 200 6356823 "-" "Python-urllib/3.11"
77.79.248.229 - - [06/Feb/2025:13:38:29 +0100] "GET /Jurek/topeshop/feeds/topeshop_bigbang.xml HTTP/1.1" 200 2433214 "-" "Python-urllib/3.11"
77.79.248.229 - - [06/Feb/2025:13:38:29 +0100] "GET /Jurek/b3/feeds/b3_bigbang.xml HTTP/1.1" 200 7199459 "-" "Python-urllib/3.11"
77.79.248.229 - - [06/Feb/2025:13:38:29 +0100] "GET /Jurek/asortymenteu/feeds/asortymenteu_bigbang.xml HTTP/1.1" 200 2496105 "-" "Python-urllib/3.11"
77.79.248.229 - - [06/Feb/2025:13:38:30 +0100] "GET /Jurek/eroplace/feeds/eroplace_bigbang.xml HTTP/1.1" 200 30849304 "-" "Python-urllib/3.11"
77.79.248.229 - - [06/Feb/2025:13:38:33 +0100] "GET /Jurek/intsell/feeds/intsell_bigbang.xml HTTP/1.1" 200 338788233 "-" "Python-urllib/3.11"
77.79.248.229 - - [06/Feb/2025:13:38:34 +0100] "GET /Jurek/coppotech/feeds/coppotech_bigbang.xml HTTP/1.1" 200 38986228 "-" "Python-urllib/3.11"
77.79.248.229 - - [06/Feb/2025:13:38:34 +0100] "GET /Jurek/stema/feeds/stema_bigbang.xml HTTP/1.1" 200 860350 "-" "Python-urllib/3.11"
77.79.248.229 - - [06/Feb/2025:13:38:34 +0100] "GET /Jurek/sempler/feeds/sempler_bigbang.xml HTTP/1.1" 200 6553276 "-" "Python-urllib/3.11"
77.79.248.229 - - [06/Feb/2025:13:38:35 +0100] "GET /Jurek/benetech/feeds/benetech_bigbang.xml HTTP/1.1" 200 4451832 "-" "Python-urllib/3.11"
77.79.248.229 - - [06/Feb/2025:13:38:35 +0100] "GET /Jurek/ekuchcikowo/feeds/ekuchcikowo_bigbang.xml HTTP/1.1" 200 12895763 "-" "Python-urllib/3.11"
89.161.206.59 - - [06/Feb/2025:13:40:29 +0100] "GET /Jurek/ikonka/feeds/ikonka_skroutz.xml HTTP/1.0" 200 22190135 "-" "-"
77.79.248.229 - - [06/Feb/2025:13:40:31 +0100] "GET /Jurek/kinghoff/feeds/kinghoff_SkroutzGR.xml HTTP/1.1" 200 14283110 "-" "Python-urllib/3.11"
77.79.248.229 - - [06/Feb/2025:13:40:35 +0100] "GET /Jurek/aw/feeds/awnarzedzia_skroutz.xml HTTP/1.1" 200 91433516 "-" "Python-urllib/3.11"
77.79.248.229 - - [06/Feb/2025:13:40:35 +0100] "GET /Jurek/eurofirany/feeds/eurofirany_skroutz.xml HTTP/1.1" 200 18966240 "-" "Python-urllib/3.11"
77.79.248.229 - - [06/Feb/2025:13:40:36 +0100] "GET /Jurek/fernity/feeds/fernity_skroutz.xml HTTP/1.1" 200 5125454 "-" "Python-urllib/3.11"
178.21.154.6 - - [06/Feb/2025:13:42:00 +0100] "GET /Jurek/eurofirany/images/457748/0.jpg HTTP/1.1" 200 148285 "-" "-"
193.33.8.61 - - [06/Feb/2025:13:43:06 +0100] "GET /Jurek/kobi/feeds/kobi_zero.xml HTTP/2.0" 200 1993285 "https://konsola.dkkapusta1997.usermd.net/" "Mozilla/5.0 (Windows NT 10.0; Win64; x64) AppleWebKit/537.36 (KHTML, like Gecko) Chrome/132.0.0.0 Safari/537.36"
77.79.248.229 - - [06/Feb/2025:13:43:12 +0100] "GET /Jurek/kobi/feeds/kobi_zero.xml HTTP/1.1" 200 1993285 "-" "Python-urllib/3.11"
77.79.248.229 - - [06/Feb/2025:13:44:13 +0100] "GET /Jurek/kinghoff/feeds/kinghoff_rakuten.xml HTTP/1.1" 200 14282784 "-" "Python-urllib/3.11"
46.101.116.244 - - [06/Feb/2025:13:44:28 +0100] "GET /Jurek/chemex/feeds/chemex_empik.xml HTTP/1.0" 200 47822490 "-" "-"
46.101.116.244 - - [06/Feb/2025:13:46:09 +0100] "GET /Jurek/aw/feeds/awnarzedzia_skroutz.xml HTTP/1.0" 200 91433516 "-" "-"
193.33.8.61 - - [06/Feb/2025:13:46:20 +0100] "GET /Jurek/reman/feeds/reman_zero.xml HTTP/2.0" 200 1394831 "https://konsola.dkkapusta1997.usermd.net/" "Mozilla/5.0 (Windows NT 10.0; Win64; x64) AppleWebKit/537.36 (KHTML, like Gecko) Chrome/132.0.0.0 Safari/537.36"
77.79.248.229 - - [06/Feb/2025:13:46:24 +0100] "GET /Jurek/reman/feeds/reman_zero.xml HTTP/1.1" 200 1394831 "-" "Python-urllib/3.11"
46.101.116.244 - - [06/Feb/2025:13:47:19 +0100] "GET /Jurek/kokiska/feeds/kokiska_allegro.xml HTTP/1.0" 200 10951218 "-" "-"
46.101.116.244 - - [06/Feb/2025:13:47:23 +0100] "GET /Jurek/vivaldi/feeds/vivaldi_allegro.xml HTTP/1.0" 200 344685 "-" "-"
193.33.8.61 - - [06/Feb/2025:13:48:15 +0100] "GET /Jurek/wenom/feeds/wenom_zero.xml HTTP/2.0" 200 583188 "https://konsola.dkkapusta1997.usermd.net/" "Mozilla/5.0 (Windows NT 10.0; Win64; x64) AppleWebKit/537.36 (KHTML, like Gecko) Chrome/132.0.0.0 Safari/537.36"
77.79.248.229 - - [06/Feb/2025:13:48:22 +0100] "GET /Jurek/wenom/feeds/wenom_zero.xml HTTP/1.1" 200 583188 "-" "Python-urllib/3.11"
89.161.206.59 - - [06/Feb/2025:13:48:50 +0100] "GET /Jurek/eurofirany/feeds/eurofirany_skroutz.xml HTTP/1.0" 200 18966240 "-" "-"
193.33.8.61 - - [06/Feb/2025:13:50:18 +0100] "GET /Jurek/evil/output.txt HTTP/2.0" 200 2773 "https://konsola.dkkapusta1997.usermd.net/" "Mozilla/5.0 (Windows NT 10.0; Win64; x64) AppleWebKit/537.36 (KHTML, like Gecko) Chrome/132.0.0.0 Safari/537.36"
89.161.206.59 - - [06/Feb/2025:13:50:57 +0100] "GET /Jurek/ikonka/feeds/ikonka_allegro_cz.xml HTTP/1.0" 200 22202102 "-" "-"
193.33.8.61 - - [06/Feb/2025:13:52:37 +0100] "GET /Jurek/qbox/feeds/qbox_zero.xml HTTP/2.0" 200 398731 "https://konsola.dkkapusta1997.usermd.net/" "Mozilla/5.0 (Windows NT 10.0; Win64; x64) AppleWebKit/537.36 (KHTML, like Gecko) Chrome/132.0.0.0 Safari/537.36"
46.101.116.244 - - [06/Feb/2025:13:52:43 +0100] "GET /Jurek/topeshop/feeds/topeshop_skr.xml HTTP/1.0" 200 2433343 "-" "-"
77.79.248.229 - - [06/Feb/2025:13:52:43 +0100] "GET /Jurek/qbox/feeds/qbox_zero.xml HTTP/1.1" 200 398731 "-" "Python-urllib/3.11"
77.79.248.229 - - [06/Feb/2025:13:52:46 +0100] "GET /Jurek/reman/feeds/reman_zero.xml HTTP/1.1" 200 1394831 "-" "Python-urllib/3.11"
89.161.206.59 - - [06/Feb/2025:13:53:02 +0100] "GET /Jurek/eroplace/feeds/eroplace_amazonit.xml HTTP/1.0" 200 30850089 "-" "-"
89.161.206.59 - - [06/Feb/2025:13:53:31 +0100] "GET /Jurek/asortymenteu/feeds/asortymenteu_skroutz_great.xml HTTP/1.0" 200 2506746 "-" "-"
193.33.8.61 - - [06/Feb/2025:13:54:02 +0100] "GET /Jurek/kobi/output.txt HTTP/2.0" 200 3035 "https://konsola.dkkapusta1997.usermd.net/" "Mozilla/5.0 (Windows NT 10.0; Win64; x64) AppleWebKit/537.36 (KHTML, like Gecko) Chrome/132.0.0.0 Safari/537.36"
46.101.116.244 - - [06/Feb/2025:13:54:09 +0100] "GET /Jurek/intsell/feeds/intsell_skroutz.xml HTTP/1.0" 200 338791360 "-" "-"
89.161.206.59 - - [06/Feb/2025:13:55:45 +0100] "GET /Jurek/swiatecznygoliat/feeds/swiatecznygoliat_amazonde.xml HTTP/1.0" 200 7195850 "-" "-"
89.161.206.59 - - [06/Feb/2025:13:55:47 +0100] "GET /Jurek/b3/feeds/b3_amazonfr.xml HTTP/1.0" 200 7199538 "-" "-"
89.161.206.59 - - [06/Feb/2025:13:55:49 +0100] "GET /Jurek/b3/feeds/b3_amazonit.xml HTTP/1.0" 200 7199647 "-" "-"
85.232.241.194 - - [06/Feb/2025:13:56:19 +0100] "GET /Jurek/amzteam/feeds/amzteam_cdon_se.xml HTTP/1.1" 200 97930 "-" "python-requests/2.32.3"
85.232.241.194 - - [06/Feb/2025:13:56:19 +0100] "GET /Jurek/amzteam/feeds/amzteam_cdon_dk.xml HTTP/1.1" 200 97921 "-" "python-requests/2.32.3"
85.232.241.194 - - [06/Feb/2025:13:56:19 +0100] "GET /Jurek/amzteam/feeds/amzteam_cdon_fi.xml HTTP/1.1" 200 97880 "-" "python-requests/2.32.3"
85.232.241.194 - - [06/Feb/2025:13:56:19 +0100] "GET /Jurek/b3/feeds/b3_cdon_se.xml HTTP/1.1" 200 7227541 "-" "python-requests/2.32.3"
85.232.241.194 - - [06/Feb/2025:13:56:20 +0100] "GET /Jurek/b3/feeds/b3_cdon_dk.xml HTTP/1.1" 200 7227208 "-" "python-requests/2.32.3"
85.232.241.194 - - [06/Feb/2025:13:56:20 +0100] "GET /Jurek/b3/feeds/b3_cdon_fi.xml HTTP/1.1" 200 7224482 "-" "python-requests/2.32.3"
85.232.241.194 - - [06/Feb/2025:13:56:20 +0100] "GET /Jurek/oromed/feeds/oromed_cdon_se.xml HTTP/1.1" 200 966198 "-" "python-requests/2.32.3"
85.232.241.194 - - [06/Feb/2025:13:56:20 +0100] "GET /Jurek/oromed/feeds/oromed_cdon_dk.xml HTTP/1.1" 200 966182 "-" "python-requests/2.32.3"
85.232.241.194 - - [06/Feb/2025:13:56:20 +0100] "GET /Jurek/oromed/feeds/oromed_cdon_fi.xml HTTP/1.1" 200 966039 "-" "python-requests/2.32.3"
85.232.241.194 - - [06/Feb/2025:13:56:20 +0100] "GET /Jurek/ralmetal/feeds/ralmetal_cdon_se.xml HTTP/1.1" 200 1787591 "-" "python-requests/2.32.3"
85.232.241.194 - - [06/Feb/2025:13:56:20 +0100] "GET /Jurek/ralmetal/feeds/ralmetal_cdon_dk.xml HTTP/1.1" 200 1787484 "-" "python-requests/2.32.3"
85.232.241.194 - - [06/Feb/2025:13:56:20 +0100] "GET /Jurek/ralmetal/feeds/ralmetal_cdon_fi.xml HTTP/1.1" 200 1786819 "-" "python-requests/2.32.3"
85.232.241.194 - - [06/Feb/2025:13:56:20 +0100] "GET /Jurek/drops/feeds/dropsofficecolection_cdon_se.xml HTTP/1.1" 200 788401 "-" "python-requests/2.32.3"
85.232.241.194 - - [06/Feb/2025:13:56:20 +0100] "GET /Jurek/drops/feeds/dropsofficecolection_cdon_dk.xml HTTP/1.1" 200 788423 "-" "python-requests/2.32.3"
85.232.241.194 - - [06/Feb/2025:13:56:20 +0100] "GET /Jurek/drops/feeds/dropsofficecolection_cdon_fi.xml HTTP/1.1" 200 787909 "-" "python-requests/2.32.3"
85.232.241.194 - - [06/Feb/2025:13:56:20 +0100] "GET /Jurek/narzbud/feeds/narzbud_cdon_se.xml HTTP/1.1" 200 1612498 "-" "python-requests/2.32.3"
85.232.241.194 - - [06/Feb/2025:13:56:20 +0100] "GET /Jurek/narzbud/feeds/narzbud_cdon_dk.xml HTTP/1.1" 200 1612509 "-" "python-requests/2.32.3"
85.232.241.194 - - [06/Feb/2025:13:56:20 +0100] "GET /Jurek/narzbud/feeds/narzbud_cdon_fi.xml HTTP/1.1" 200 1611782 "-" "python-requests/2.32.3"
85.232.241.194 - - [06/Feb/2025:13:56:20 +0100] "GET /Jurek/szpaklampy/feeds/szpaklampy_cdon_se.xml HTTP/1.1" 200 416631 "-" "python-requests/2.32.3"
85.232.241.194 - - [06/Feb/2025:13:56:20 +0100] "GET /Jurek/szpaklampy/feeds/szpaklampy_cdon_dk.xml HTTP/1.1" 200 416577 "-" "python-requests/2.32.3"
85.232.241.194 - - [06/Feb/2025:13:56:20 +0100] "GET /Jurek/szpaklampy/feeds/szpaklampy_cdon_fi.xml HTTP/1.1" 200 416462 "-" "python-requests/2.32.3"
85.232.241.194 - - [06/Feb/2025:13:56:20 +0100] "GET /Jurek/fertone/feeds/fertone_cdon_se.xml HTTP/1.1" 200 669250 "-" "python-requests/2.32.3"
85.232.241.194 - - [06/Feb/2025:13:56:20 +0100] "GET /Jurek/fertone/feeds/fertone_cdon_dk.xml HTTP/1.1" 200 669224 "-" "python-requests/2.32.3"
85.232.241.194 - - [06/Feb/2025:13:56:20 +0100] "GET /Jurek/fertone/feeds/fertone_cdon_fi.xml HTTP/1.1" 200 668860 "-" "python-requests/2.32.3"
85.232.241.194 - - [06/Feb/2025:13:56:20 +0100] "GET /Jurek/ekuchcikowo/feeds/ekuchcikowo_cdon_se.xml HTTP/1.1" 200 12898374 "-" "python-requests/2.32.3"
85.232.241.194 - - [06/Feb/2025:13:56:20 +0100] "GET /Jurek/ekuchcikowo/feeds/ekuchcikowo_cdon_dk.xml HTTP/1.1" 200 12898103 "-" "python-requests/2.32.3"
85.232.241.194 - - [06/Feb/2025:13:56:20 +0100] "GET /Jurek/ekuchcikowo/feeds/ekuchcikowo_cdon_fi.xml HTTP/1.1" 200 12895785 "-" "python-requests/2.32.3"
85.232.241.194 - - [06/Feb/2025:13:56:21 +0100] "GET /Jurek/galopi/feeds/galopi_cdon_se.xml HTTP/1.1" 200 1885160 "-" "python-requests/2.32.3"
85.232.241.194 - - [06/Feb/2025:13:56:21 +0100] "GET /Jurek/galopi/feeds/galopi_cdon_dk.xml HTTP/1.1" 200 1885145 "-" "python-requests/2.32.3"
85.232.241.194 - - [06/Feb/2025:13:56:21 +0100] "GET /Jurek/galopi/feeds/galopi_cdon_fi.xml HTTP/1.1" 200 1884682 "-" "python-requests/2.32.3"
85.232.241.194 - - [06/Feb/2025:13:56:21 +0100] "GET /Jurek/spali/feeds/spali_cdon_se.xml HTTP/1.1" 200 101977 "-" "python-requests/2.32.3"
85.232.241.194 - - [06/Feb/2025:13:56:21 +0100] "GET /Jurek/spali/feeds/spali_cdon_dk.xml HTTP/1.1" 200 101976 "-" "python-requests/2.32.3"
85.232.241.194 - - [06/Feb/2025:13:56:21 +0100] "GET /Jurek/spali/feeds/spali_cdon_fi.xml HTTP/1.1" 200 101951 "-" "python-requests/2.32.3"
85.232.241.194 - - [06/Feb/2025:13:56:21 +0100] "GET /Jurek/combine/feeds/combine_cdon_se.xml HTTP/1.1" 200 210579 "-" "python-requests/2.32.3"
85.232.241.194 - - [06/Feb/2025:13:56:21 +0100] "GET /Jurek/combine/feeds/combine_cdon_dk.xml HTTP/1.1" 200 210578 "-" "python-requests/2.32.3"
85.232.241.194 - - [06/Feb/2025:13:56:21 +0100] "GET /Jurek/combine/feeds/combine_cdon_fi.xml HTTP/1.1" 200 210553 "-" "python-requests/2.32.3"
85.232.241.194 - - [06/Feb/2025:13:56:21 +0100] "GET /Jurek/targethome/feeds/targethome_cdon_se.xml HTTP/1.1" 200 683708 "-" "python-requests/2.32.3"
85.232.241.194 - - [06/Feb/2025:13:56:21 +0100] "GET /Jurek/targethome/feeds/targethome_cdon_dk.xml HTTP/1.1" 200 683688 "-" "python-requests/2.32.3"
85.232.241.194 - - [06/Feb/2025:13:56:21 +0100] "GET /Jurek/targethome/feeds/targethome_cdon_fi.xml HTTP/1.1" 200 683584 "-" "python-requests/2.32.3"
85.232.241.194 - - [06/Feb/2025:13:56:21 +0100] "GET /Jurek/ekolight/feeds/ekolioght_cdon_se.xml HTTP/1.1" 200 9055568 "-" "python-requests/2.32.3"
85.232.241.194 - - [06/Feb/2025:13:56:21 +0100] "GET /Jurek/ekolight/feeds/ekolioght_cdon_dk.xml HTTP/1.1" 200 9054880 "-" "python-requests/2.32.3"
85.232.241.194 - - [06/Feb/2025:13:56:21 +0100] "GET /Jurek/ekolight/feeds/ekolioght_cdon_fi.xml HTTP/1.1" 200 9051647 "-" "python-requests/2.32.3"
85.232.241.194 - - [06/Feb/2025:13:56:21 +0100] "GET /Jurek/eroplace/feeds/eroplace_cdon_se.xml HTTP/1.1" 200 30863203 "-" "python-requests/2.32.3"
85.232.241.194 - - [06/Feb/2025:13:56:21 +0100] "GET /Jurek/eroplace/feeds/eroplace_cdon_dk.xml HTTP/1.1" 200 30862392 "-" "python-requests/2.32.3"
85.232.241.194 - - [06/Feb/2025:13:56:21 +0100] "GET /Jurek/eroplace/feeds/eroplace_cdon_fi.xml HTTP/1.1" 200 30849738 "-" "python-requests/2.32.3"
85.232.241.194 - - [06/Feb/2025:13:56:21 +0100] "GET /Jurek/velinda/feeds/velinda_cdon_se.xml HTTP/1.1" 200 4297165 "-" "python-requests/2.32.3"
85.232.241.194 - - [06/Feb/2025:13:56:22 +0100] "GET /Jurek/velinda/feeds/velinda_cdon_dk.xml HTTP/1.1" 200 4283570 "-" "python-requests/2.32.3"
85.232.241.194 - - [06/Feb/2025:13:56:22 +0100] "GET /Jurek/velinda/feeds/velinda_cdon_fi.xml HTTP/1.1" 200 4282507 "-" "python-requests/2.32.3"
85.232.241.194 - - [06/Feb/2025:13:56:22 +0100] "GET /Jurek/bass_new/feeds/bass_cdon_se.xml HTTP/1.1" 200 7043225 "-" "python-requests/2.32.3"
85.232.241.194 - - [06/Feb/2025:13:56:22 +0100] "GET /Jurek/bass_new/feeds/bass_cdon_dk.xml HTTP/1.1" 200 7042944 "-" "python-requests/2.32.3"
85.232.241.194 - - [06/Feb/2025:13:56:22 +0100] "GET /Jurek/bass_new/feeds/bass_cdon_fi.xml HTTP/1.1" 200 7041013 "-" "python-requests/2.32.3"
193.33.8.61 - - [06/Feb/2025:13:56:56 +0100] "GET /Jurek/qbox/output.txt HTTP/2.0" 200 2171 "https://konsola.dkkapusta1997.usermd.net/" "Mozilla/5.0 (Windows NT 10.0; Win64; x64) AppleWebKit/537.36 (KHTML, like Gecko) Chrome/132.0.0.0 Safari/537.36"
89.161.206.59 - - [06/Feb/2025:13:57:45 +0100] "GET /Jurek/amzteam/feeds/amzteam_emagro.xml HTTP/1.0" 200 97907 "-" "-"
89.161.206.59 - - [06/Feb/2025:13:57:45 +0100] "GET /Jurek/slayo/feeds/slayo_emagro.xml HTTP/1.0" 200 195548 "-" "-"
89.161.206.59 - - [06/Feb/2025:13:57:45 +0100] "GET /Jurek/pagmil/feeds/pagmil_emagro.xml HTTP/1.0" 200 1705797 "-" "-"
89.161.206.59 - - [06/Feb/2025:13:57:45 +0100] "GET /Jurek/kambukka/feeds/kambukka_emagro.xml HTTP/1.0" 200 973449 "-" "-"
89.161.206.59 - - [06/Feb/2025:13:57:45 +0100] "GET /Jurek/benetech/feeds/benetech_emagro.xml HTTP/1.0" 200 4452137 "-" "-"
89.161.206.59 - - [06/Feb/2025:13:57:45 +0100] "GET /Jurek/hdwr/feeds/hdwr_emagro.xml HTTP/1.0" 200 777972 "-" "-"
89.161.206.59 - - [06/Feb/2025:13:57:46 +0100] "GET /Jurek/bass/feeds/bass_emagro.xml HTTP/1.0" 200 3985190 "-" "-"
89.161.206.59 - - [06/Feb/2025:13:57:46 +0100] "GET /Jurek/waks/feeds/waks_emagro.xml HTTP/1.0" 200 6334399 "-" "-"
89.161.206.59 - - [06/Feb/2025:13:57:46 +0100] "GET /Jurek/eroplace/feeds/eroplace_emagro.xml HTTP/1.0" 200 30859843 "-" "-"
89.161.206.59 - - [06/Feb/2025:13:57:46 +0100] "GET /Jurek/sempler/feeds/sempler_emagro.xml HTTP/1.0" 200 6554042 "-" "-"
89.161.206.59 - - [06/Feb/2025:13:57:46 +0100] "GET /Jurek/b3/feeds/b3_emagro.xml HTTP/1.0" 200 7202055 "-" "-"
89.161.206.59 - - [06/Feb/2025:13:57:46 +0100] "GET /Jurek/kinghoff/feeds/kinghoff_emagro.xml HTTP/1.0" 200 14284914 "-" "-"
89.161.206.59 - - [06/Feb/2025:13:57:46 +0100] "GET /Jurek/ralmetal/feeds/ralmetal_emag.xml HTTP/1.0" 200 1787426 "-" "-"
89.161.206.59 - - [06/Feb/2025:13:57:47 +0100] "GET /Jurek/oromed/feeds/oromed_emagro.xml HTTP/1.0" 200 966184 "-" "-"
89.161.206.59 - - [06/Feb/2025:13:57:47 +0100] "GET /Jurek/narzbud/feeds/narzbud_emagro.xml HTTP/1.0" 200 1611957 "-" "-"
89.161.206.59 - - [06/Feb/2025:13:57:47 +0100] "GET /Jurek/swiatecznygoliat/feeds/swiatecznygoliat_emagro.xml HTTP/1.0" 200 7196998 "-" "-"
89.161.206.59 - - [06/Feb/2025:13:57:47 +0100] "GET /Jurek/drops/feeds/dropsofficecolection_emagro.xml HTTP/1.0" 200 788357 "-" "-"
89.161.206.59 - - [06/Feb/2025:13:57:47 +0100] "GET /Jurek/szpaklampy/feeds/szpaklampy_emagro.xml HTTP/1.0" 200 416588 "-" "-"
89.161.206.59 - - [06/Feb/2025:13:57:48 +0100] "GET /Jurek/spali/feeds/spali_emagro.xml HTTP/1.0" 200 101970 "-" "-"
89.161.206.59 - - [06/Feb/2025:13:57:48 +0100] "GET /Jurek/eldar/feeds/eldar_emagro.xml HTTP/1.0" 404 3551 "-" "-"
89.161.206.59 - - [06/Feb/2025:13:57:48 +0100] "GET /Jurek/combine/feeds/combine_EMAGRO.xml HTTP/1.0" 200 210578 "-" "-"
89.161.206.59 - - [06/Feb/2025:13:57:48 +0100] "GET /Jurek/edruk/feeds/edruk_emagro.xml HTTP/1.0" 200 13455244 "-" "-"
89.161.206.59 - - [06/Feb/2025:13:57:48 +0100] "GET /Jurek/velinda/feeds/velinda_emagro.xml HTTP/1.0" 200 4283286 "-" "-"
89.161.206.59 - - [06/Feb/2025:13:57:48 +0100] "GET /Jurek/urwiskowo/feeds/urwiskowo_emagro.xml HTTP/1.0" 200 9117017 "-" "-"
89.161.206.59 - - [06/Feb/2025:13:57:48 +0100] "GET /Jurek/reman/feeds/reman_emagro.xml HTTP/1.0" 200 1394928 "-" "-"
89.161.206.59 - - [06/Feb/2025:13:57:49 +0100] "GET /Jurek/erohurtownia/feeds/erohurtownia_emagro.xml HTTP/1.0" 200 23316042 "-" "-"
77.79.248.229 - - [06/Feb/2025:13:58:04 +0100] "GET /Filip/zalando/zalando-logo.jpg HTTP/1.1" 200 5121 "-" "-"
77.79.248.229 - - [06/Feb/2025:13:58:04 +0100] "GET /Filip/zalando/zalando-logo.jpg HTTP/1.1" 200 5121 "-" "-"
77.79.248.229 - - [06/Feb/2025:13:58:10 +0100] "GET /Filip/zalando/zalando-logo.jpg HTTP/1.1" 200 5121 "-" "-"
77.79.248.229 - - [06/Feb/2025:13:58:10 +0100] "GET /Filip/zalando/zalando-logo.jpg HTTP/1.1" 200 5121 "-" "-"
77.79.248.229 - - [06/Feb/2025:13:58:15 +0100] "GET /Filip/zalando/zalando-logo.jpg HTTP/1.1" 200 5121 "-" "-"
77.79.248.229 - - [06/Feb/2025:13:58:16 +0100] "GET /Filip/zalando/zalando-logo.jpg HTTP/1.1" 200 5121 "-" "-"
77.79.248.229 - - [06/Feb/2025:13:58:22 +0100] "GET /Filip/zalando/zalando-logo.jpg HTTP/1.1" 200 5121 "-" "-"
77.79.248.229 - - [06/Feb/2025:13:58:23 +0100] "GET /Filip/zalando/zalando-logo.jpg HTTP/1.1" 200 5121 "-" "-"
77.79.248.229 - - [06/Feb/2025:13:58:29 +0100] "GET /Filip/zalando/zalando-logo.jpg HTTP/1.1" 200 5121 "-" "-"
77.79.248.229 - - [06/Feb/2025:13:58:29 +0100] "GET /Filip/zalando/zalando-logo.jpg HTTP/1.1" 200 5121 "-" "-"
193.33.8.61 - - [06/Feb/2025:13:59:52 +0100] "GET /Jurek/antiodor/feeds/antiodor_zero.xml HTTP/2.0" 200 137838 "https://konsola.dkkapusta1997.usermd.net/" "Mozilla/5.0 (Windows NT 10.0; Win64; x64) AppleWebKit/537.36 (KHTML, like Gecko) Chrome/132.0.0.0 Safari/537.36"
77.79.248.229 - - [06/Feb/2025:14:00:00 +0100] "GET /Jurek/antiodor/feeds/antiodor_zero.xml HTTP/1.1" 200 137838 "-" "Python-urllib/3.11"
52.209.168.113 - - [06/Feb/2025:14:00:48 +0100] "GET /marketplaces/ubaldi/results/ubaldi.csv HTTP/1.1" 200 147219 "-" "Mirakl HttpClient"
85.14.86.141 - - [06/Feb/2025:14:01:39 +0100] "GET /Jurek/vida_morele/feeds/VidaPL_all.xml HTTP/2.0" 200 694234281 "-" "MarketplaceAPI curl/7.64.0 PHP/8"
52.17.80.36 - - [06/Feb/2025:14:02:11 +0100] "GET /marketplaces/rue/results/rue.csv HTTP/1.1" 200 6469294 "-" "Mirakl HttpClient"
77.79.248.229 - - [06/Feb/2025:14:02:24 +0100] "GET /Jurek/antiodor/feeds/antiodor_zero.xml HTTP/1.1" 200 137838 "-" "Python-urllib/3.11"
193.33.8.61 - - [06/Feb/2025:14:02:29 +0100] "GET /Jurek/evil/feeds/evil_zero.xml HTTP/2.0" 200 306335 "https://konsola.dkkapusta1997.usermd.net/" "Mozilla/5.0 (Windows NT 10.0; Win64; x64) AppleWebKit/537.36 (KHTML, like Gecko) Chrome/132.0.0.0 Safari/537.36"
77.79.248.229 - - [06/Feb/2025:14:02:39 +0100] "GET /Jurek/evil/feeds/evil_zero.xml HTTP/1.1" 200 306335 "-" "Python-urllib/3.11"
85.14.86.141 - - [06/Feb/2025:14:03:05 +0100] "GET /Jurek/kinghoff/feeds/kinghoff_morele.xml HTTP/2.0" 200 14283653 "-" "MarketplaceAPI curl/7.64.0 PHP/8"
89.161.206.59 - - [06/Feb/2025:14:03:52 +0100] "GET /Jurek/eurofryz/feeds/eurofryz_skroutz.xml HTTP/1.0" 200 2388371 "-" "-"
85.14.86.141 - - [06/Feb/2025:14:05:13 +0100] "GET /Jurek/eurofirany/feeds/eurofirany_morele.xml HTTP/2.0" 200 18967722 "-" "MarketplaceAPI curl/7.64.0 PHP/8"
85.14.86.141 - - [06/Feb/2025:14:05:32 +0100] "GET /Jurek/vivaldi/feeds/vivaldi_Morele-PL.xml HTTP/2.0" 200 344674 "-" "MarketplaceAPI curl/7.64.0 PHP/8"
89.161.206.59 - - [06/Feb/2025:14:05:54 +0100] "GET /Jurek/kambukka/feeds/kambukka_allegro.xml HTTP/1.0" 200 973399 "-" "-"
193.33.8.61 - - [06/Feb/2025:14:05:56 +0100] "GET /Jurek/motofan/output.txt HTTP/2.0" 200 3252 "https://konsola.dkkapusta1997.usermd.net/" "Mozilla/5.0 (Windows NT 10.0; Win64; x64) AppleWebKit/537.36 (KHTML, like Gecko) Chrome/132.0.0.0 Safari/537.36"
89.161.206.59 - - [06/Feb/2025:14:05:57 +0100] "GET /Jurek/combine/feeds/combine_allegro.xml HTTP/1.0" 200 210574 "-" "-"
89.161.206.59 - - [06/Feb/2025:14:05:58 +0100] "GET /Jurek/spali/feeds/spali_allegro.xml HTTP/1.0" 200 101958 "-" "-"
193.33.8.61 - - [06/Feb/2025:14:06:05 +0100] "GET /Jurek/motofan/feeds/motofan_zero.xml HTTP/2.0" 200 2392300 "https://konsola.dkkapusta1997.usermd.net/" "Mozilla/5.0 (Windows NT 10.0; Win64; x64) AppleWebKit/537.36 (KHTML, like Gecko) Chrome/132.0.0.0 Safari/537.36"
77.79.248.229 - - [06/Feb/2025:14:06:11 +0100] "GET /Jurek/motofan/feeds/motofan_zero.xml HTTP/1.1" 200 2392300 "-" "Python-urllib/3.11"
85.14.86.141 - - [06/Feb/2025:14:06:33 +0100] "GET /Jurek/aw/feeds/awnarzedzia_morele.xml HTTP/2.0" 200 91444457 "-" "MarketplaceAPI curl/7.64.0 PHP/8"
85.14.86.141 - - [06/Feb/2025:14:07:03 +0100] "GET /Jurek/miloohome/feeds/miloohome_morele.xml HTTP/2.0" 200 1421250 "-" "MarketplaceAPI curl/7.64.0 PHP/8"
193.33.8.61 - - [06/Feb/2025:14:07:04 +0100] "GET /Jurek/drewdon/output.txt HTTP/2.0" 200 886 "https://konsola.dkkapusta1997.usermd.net/" "Mozilla/5.0 (Windows NT 10.0; Win64; x64) AppleWebKit/537.36 (KHTML, like Gecko) Chrome/132.0.0.0 Safari/537.36"
85.14.86.141 - - [06/Feb/2025:14:07:15 +0100] "GET /Jurek/beliani/feeds/beliani_morele.xml HTTP/2.0" 200 31923614 "-" "MarketplaceAPI curl/7.64.0 PHP/8"
85.14.86.141 - - [06/Feb/2025:14:07:18 +0100] "GET /Jurek/vida_morele/feeds/VidaPL_morele.xml HTTP/2.0" 200 694235482 "-" "MarketplaceAPI curl/7.64.0 PHP/8"
193.33.8.61 - - [06/Feb/2025:14:07:54 +0100] "GET /Jurek/twojsklep/feeds/twojsklep_zero.xml HTTP/2.0" 200 126718 "https://konsola.dkkapusta1997.usermd.net/" "Mozilla/5.0 (Windows NT 10.0; Win64; x64) AppleWebKit/537.36 (KHTML, like Gecko) Chrome/132.0.0.0 Safari/537.36"
77.79.248.229 - - [06/Feb/2025:14:08:01 +0100] "GET /Jurek/twojsklep/feeds/twojsklep_zero.xml HTTP/1.1" 200 126718 "-" "Python-urllib/3.11"
193.33.8.61 - - [06/Feb/2025:14:08:11 +0100] "GET /Jurek/sartrix/output.txt HTTP/2.0" 200 2216 "https://konsola.dkkapusta1997.usermd.net/" "Mozilla/5.0 (Windows NT 10.0; Win64; x64) AppleWebKit/537.36 (KHTML, like Gecko) Chrome/132.0.0.0 Safari/537.36"
85.232.241.194 - - [06/Feb/2025:14:10:03 +0100] "GET /Jurek/aw/feeds/aw_altex.xml HTTP/1.1" 200 91511904 "-" "Python-urllib/3.11"
77.79.248.229 - - [06/Feb/2025:14:10:04 +0100] "GET /Jurek/ikonka/feeds/ikonka_cdon_se.xml HTTP/1.1" 200 22203701 "-" "python-requests/2.32.3"
85.232.241.194 - - [06/Feb/2025:14:10:04 +0100] "GET /Jurek/unimet/feeds/unimet_altex.xml HTTP/1.1" 200 60998224 "-" "Python-urllib/3.11"
77.79.248.229 - - [06/Feb/2025:14:10:04 +0100] "GET /Jurek/ikonka/feeds/ikonka_cdon_dk.xml HTTP/1.1" 200 22203577 "-" "python-requests/2.32.3"
77.79.248.229 - - [06/Feb/2025:14:10:05 +0100] "GET /Jurek/ikonka/feeds/ikonka_cdon_fi.xml HTTP/1.1" 200 22201428 "-" "python-requests/2.32.3"
85.232.241.194 - - [06/Feb/2025:14:10:10 +0100] "GET /Jurek/action/feeds/action_altex.xml HTTP/1.1" 200 55068195 "-" "Python-urllib/3.11"
85.232.241.194 - - [06/Feb/2025:14:10:10 +0100] "GET /Jurek/kinghoff/feeds/kinghoff_altex.xml HTTP/1.1" 200 14285242 "-" "Python-urllib/3.11"
77.79.248.229 - - [06/Feb/2025:14:10:11 +0100] "GET /Jurek/rovicky/feeds/rovicky_cdonSE.xml HTTP/1.1" 200 14066116 "-" "python-requests/2.32.3"
77.79.248.229 - - [06/Feb/2025:14:10:11 +0100] "GET /Jurek/rovicky/feeds/rovicky_cdonDK.xml HTTP/1.1" 200 14065652 "-" "python-requests/2.32.3"
77.79.248.229 - - [06/Feb/2025:14:10:11 +0100] "GET /Jurek/rovicky/feeds/rovicky_cdonFI.xml HTTP/1.1" 200 14060987 "-" "python-requests/2.32.3"
77.79.248.229 - - [06/Feb/2025:14:10:11 +0100] "GET /Jurek/benbaby/feeds/benbaby_cdon_se.xml HTTP/1.1" 200 3698853 "-" "python-requests/2.32.3"
77.79.248.229 - - [06/Feb/2025:14:10:11 +0100] "GET /Jurek/benbaby/feeds/benbaby_cdon_dk.xml HTTP/1.1" 200 3698820 "-" "python-requests/2.32.3"
77.79.248.229 - - [06/Feb/2025:14:10:11 +0100] "GET /Jurek/benbaby/feeds/benbaby_cdon_fi.xml HTTP/1.1" 200 3696264 "-" "python-requests/2.32.3"
77.79.248.229 - - [06/Feb/2025:14:10:12 +0100] "GET /Jurek/candellux/feeds/candellux_cdon_se.xml HTTP/1.1" 200 466166 "-" "python-requests/2.32.3"
77.79.248.229 - - [06/Feb/2025:14:10:12 +0100] "GET /Jurek/candellux/feeds/candellux_cdon_dk.xml HTTP/1.1" 200 466129 "-" "python-requests/2.32.3"
77.79.248.229 - - [06/Feb/2025:14:10:12 +0100] "GET /Jurek/candellux/feeds/candellux_cdon_fi.xml HTTP/1.1" 200 465745 "-" "python-requests/2.32.3"
77.79.248.229 - - [06/Feb/2025:14:10:13 +0100] "GET /Jurek/hurtownia_przemyslowa/feeds/hp_cdon_se.xml HTTP/1.1" 200 49882157 "-" "python-requests/2.32.3"
77.79.248.229 - - [06/Feb/2025:14:10:15 +0100] "GET /Jurek/hurtownia_przemyslowa/feeds/hp_cdon_dk.xml HTTP/1.1" 200 49880374 "-" "python-requests/2.32.3"
77.79.248.229 - - [06/Feb/2025:14:10:16 +0100] "GET /Jurek/hurtownia_przemyslowa/feeds/hp_cdon_fi.xml HTTP/1.1" 200 49867137 "-" "python-requests/2.32.3"
77.79.248.229 - - [06/Feb/2025:14:10:16 +0100] "GET /Jurek/topeshop/feeds/topeshop_cdon_se.xml HTTP/1.1" 200 2434044 "-" "python-requests/2.32.3"
77.79.248.229 - - [06/Feb/2025:14:10:16 +0100] "GET /Jurek/topeshop/feeds/topeshop_cdon_dk.xml HTTP/1.1" 200 2433856 "-" "python-requests/2.32.3"
77.79.248.229 - - [06/Feb/2025:14:10:16 +0100] "GET /Jurek/topeshop/feeds/topeshop_cdon_fi.xml HTTP/1.1" 200 2433406 "-" "python-requests/2.32.3"
77.79.248.229 - - [06/Feb/2025:14:10:16 +0100] "GET /Jurek/asortymenteu/feeds/asortymenteu_cdon_se.xml HTTP/1.1" 200 2497036 "-" "python-requests/2.32.3"
77.79.248.229 - - [06/Feb/2025:14:10:16 +0100] "GET /Jurek/asortymenteu/feeds/asortymenteu_cdon_dk.xml HTTP/1.1" 200 2496987 "-" "python-requests/2.32.3"
77.79.248.229 - - [06/Feb/2025:14:10:16 +0100] "GET /Jurek/asortymenteu/feeds/asortymenteu_cdon_fi.xml HTTP/1.1" 200 2496077 "-" "python-requests/2.32.3"
77.79.248.229 - - [06/Feb/2025:14:10:17 +0100] "GET /Jurek/fernity/feeds/fernity_cdon_se.xml HTTP/1.1" 200 5128217 "-" "python-requests/2.32.3"
77.79.248.229 - - [06/Feb/2025:14:10:17 +0100] "GET /Jurek/fernity/feeds/fernity_cdon_dk.xml HTTP/1.1" 200 5127724 "-" "python-requests/2.32.3"
77.79.248.229 - - [06/Feb/2025:14:10:17 +0100] "GET /Jurek/fernity/feeds/fernity_cdon_fi.xml HTTP/1.1" 200 5124849 "-" "python-requests/2.32.3"
77.79.248.229 - - [06/Feb/2025:14:10:18 +0100] "GET /Jurek/aw/feeds/awnarzedzia_cdon_se.xml HTTP/1.1" 200 91523490 "-" "python-requests/2.32.3"
77.79.248.229 - - [06/Feb/2025:14:10:19 +0100] "GET /Jurek/aw/feeds/awnarzedzia_cdon_dk.xml HTTP/1.1" 200 91517526 "-" "python-requests/2.32.3"
77.79.248.229 - - [06/Feb/2025:14:10:26 +0100] "GET /Jurek/aw/feeds/awnarzedzia_cdon_fi.xml HTTP/1.1" 200 91433685 "-" "python-requests/2.32.3"
77.79.248.229 - - [06/Feb/2025:14:10:26 +0100] "GET /Jurek/activeshop/feeds/activeshop_cdon_se.xml HTTP/1.1" 200 10399514 "-" "python-requests/2.32.3"
77.79.248.229 - - [06/Feb/2025:14:10:26 +0100] "GET /Jurek/activeshop/feeds/activeshop_cdon_dk.xml HTTP/1.1" 200 10399568 "-" "python-requests/2.32.3"
77.79.248.229 - - [06/Feb/2025:14:10:27 +0100] "GET /Jurek/activeshop/feeds/activeshop_cdon_fi.xml HTTP/1.1" 200 10396085 "-" "python-requests/2.32.3"
77.79.248.229 - - [06/Feb/2025:14:10:28 +0100] "GET /Jurek/ikonka/feeds/ikonka_cdon_se.xml HTTP/1.1" 200 22203701 "-" "python-requests/2.32.3"
