85.232.241.194 - - [05/Feb/2025:09:56:20 +0100] "GET /Jurek/galopi/feeds/galopi_cdon_fi.xml HTTP/1.1" 200 1884682 "-" "python-requests/2.32.3"
85.232.241.194 - - [05/Feb/2025:09:56:20 +0100] "GET /Jurek/spali/feeds/spali_cdon_se.xml HTTP/1.1" 200 101977 "-" "python-requests/2.32.3"
85.232.241.194 - - [05/Feb/2025:09:56:20 +0100] "GET /Jurek/spali/feeds/spali_cdon_dk.xml HTTP/1.1" 200 101976 "-" "python-requests/2.32.3"
85.232.241.194 - - [05/Feb/2025:09:56:20 +0100] "GET /Jurek/spali/feeds/spali_cdon_fi.xml HTTP/1.1" 200 101951 "-" "python-requests/2.32.3"
85.232.241.194 - - [05/Feb/2025:09:56:20 +0100] "GET /Jurek/combine/feeds/combine_cdon_se.xml HTTP/1.1" 200 210579 "-" "python-requests/2.32.3"
85.232.241.194 - - [05/Feb/2025:09:56:20 +0100] "GET /Jurek/combine/feeds/combine_cdon_dk.xml HTTP/1.1" 200 210578 "-" "python-requests/2.32.3"
85.232.241.194 - - [05/Feb/2025:09:56:20 +0100] "GET /Jurek/combine/feeds/combine_cdon_fi.xml HTTP/1.1" 200 210553 "-" "python-requests/2.32.3"
85.232.241.194 - - [05/Feb/2025:09:56:20 +0100] "GET /Jurek/targethome/feeds/targethome_cdon_se.xml HTTP/1.1" 200 683708 "-" "python-requests/2.32.3"
85.232.241.194 - - [05/Feb/2025:09:56:20 +0100] "GET /Jurek/targethome/feeds/targethome_cdon_dk.xml HTTP/1.1" 200 683688 "-" "python-requests/2.32.3"
85.232.241.194 - - [05/Feb/2025:09:56:20 +0100] "GET /Jurek/targethome/feeds/targethome_cdon_fi.xml HTTP/1.1" 200 683584 "-" "python-requests/2.32.3"
85.232.241.194 - - [05/Feb/2025:09:56:20 +0100] "GET /Jurek/ekolight/feeds/ekolioght_cdon_se.xml HTTP/1.1" 200 9055584 "-" "python-requests/2.32.3"
85.232.241.194 - - [05/Feb/2025:09:56:20 +0100] "GET /Jurek/ekolight/feeds/ekolioght_cdon_dk.xml HTTP/1.1" 200 9054896 "-" "python-requests/2.32.3"
85.232.241.194 - - [05/Feb/2025:09:56:20 +0100] "GET /Jurek/ekolight/feeds/ekolioght_cdon_fi.xml HTTP/1.1" 200 9051663 "-" "python-requests/2.32.3"
85.232.241.194 - - [05/Feb/2025:09:56:20 +0100] "GET /Jurek/eroplace/feeds/eroplace_cdon_se.xml HTTP/1.1" 200 30863277 "-" "python-requests/2.32.3"
85.232.241.194 - - [05/Feb/2025:09:56:20 +0100] "GET /Jurek/eroplace/feeds/eroplace_cdon_dk.xml HTTP/1.1" 200 30862467 "-" "python-requests/2.32.3"
85.232.241.194 - - [05/Feb/2025:09:56:21 +0100] "GET /Jurek/eroplace/feeds/eroplace_cdon_fi.xml HTTP/1.1" 200 30849814 "-" "python-requests/2.32.3"
85.232.241.194 - - [05/Feb/2025:09:56:21 +0100] "GET /Jurek/velinda/feeds/velinda_cdon_se.xml HTTP/1.1" 200 4297165 "-" "python-requests/2.32.3"
85.232.241.194 - - [05/Feb/2025:09:56:21 +0100] "GET /Jurek/velinda/feeds/velinda_cdon_dk.xml HTTP/1.1" 200 4283570 "-" "python-requests/2.32.3"
85.232.241.194 - - [05/Feb/2025:09:56:21 +0100] "GET /Jurek/velinda/feeds/velinda_cdon_fi.xml HTTP/1.1" 200 4282507 "-" "python-requests/2.32.3"
85.232.241.194 - - [05/Feb/2025:09:56:21 +0100] "GET /Jurek/bass_new/feeds/bass_cdon_se.xml HTTP/1.1" 200 7043229 "-" "python-requests/2.32.3"
85.232.241.194 - - [05/Feb/2025:09:56:21 +0100] "GET /Jurek/bass_new/feeds/bass_cdon_dk.xml HTTP/1.1" 200 7042949 "-" "python-requests/2.32.3"
85.232.241.194 - - [05/Feb/2025:09:56:21 +0100] "GET /Jurek/bass_new/feeds/bass_cdon_fi.xml HTTP/1.1" 200 7041018 "-" "python-requests/2.32.3"
193.33.8.61 - - [05/Feb/2025:09:56:26 +0100] "GET /Jurek/ekuchcikowo/feeds/ekuchcikowo_mallsish.xml HTTP/2.0" 200 12905145 "https://konsola.dkkapusta1997.usermd.net/" "Mozilla/5.0 (Windows NT 10.0; Win64; x64) AppleWebKit/537.36 (KHTML, like Gecko) Chrome/132.0.0.0 Safari/537.36"
46.101.116.244 - - [05/Feb/2025:09:56:37 +0100] "GET /Jurek/beliani/feeds/beliani_cz_mallcz.xml HTTP/2.0" 200 22364505 "-" "-"
193.33.8.61 - - [05/Feb/2025:09:57:02 +0100] "GET /favicon.ico HTTP/2.0" 404 3551 "https://dkkapusta1997.usermd.net/Jurek/ekuchcikowo/feeds/ekuchcikowo_mallsish.xml" "Mozilla/5.0 (Windows NT 10.0; Win64; x64) AppleWebKit/537.36 (KHTML, like Gecko) Chrome/132.0.0.0 Safari/537.36"
46.101.116.244 - - [05/Feb/2025:09:57:22 +0100] "GET /Jurek/rovicky/feeds/rovicky_mallczsh.xml HTTP/2.0" 200 14201223 "-" "-"
46.101.116.244 - - [05/Feb/2025:09:57:33 +0100] "GET /Jurek/detian/feeds/detian_mallczsh.xml HTTP/2.0" 404 3551 "-" "-"
193.33.8.61 - - [05/Feb/2025:09:57:37 +0100] "GET /Jurek/artdog/feeds/artdog_cdon_se.xml HTTP/2.0" 200 15938143 "https://konsola.dkkapusta1997.usermd.net/" "Mozilla/5.0 (Windows NT 10.0; Win64; x64) AppleWebKit/537.36 (KHTML, like Gecko) Chrome/132.0.0.0 Safari/537.36"
77.79.248.229 - - [05/Feb/2025:09:57:38 +0100] "GET /Jurek/artdog/feeds/artdog_cdon_se.xml HTTP/1.1" 200 15938143 "-" "Python-urllib/3.11"
89.161.206.59 - - [05/Feb/2025:09:57:39 +0100] "GET /Jurek/eldar/feeds/eldar_emagro.xml HTTP/1.0" 404 3551 "-" "-"
46.101.116.244 - - [05/Feb/2025:09:57:45 +0100] "GET /Jurek/ikonka/feeds/ikonka_mallczsh.xml HTTP/2.0" 200 22780449 "-" "-"
46.101.116.244 - - [05/Feb/2025:09:57:59 +0100] "GET /Jurek/candellux/feeds/candellux_mallczsh.xml HTTP/2.0" 200 466317 "-" "-"
46.101.116.244 - - [05/Feb/2025:09:58:06 +0100] "GET /Jurek/intsell/feeds/intsell_emagro.xml HTTP/1.0" 200 338897188 "-" "-"
77.79.248.229 - - [05/Feb/2025:09:58:09 +0100] "GET /Filip/zalando/zalando-logo.jpg HTTP/1.1" 200 5121 "-" "-"
77.79.248.229 - - [05/Feb/2025:09:58:10 +0100] "GET /Filip/zalando/zalando-logo.jpg HTTP/1.1" 200 5121 "-" "-"
46.101.116.244 - - [05/Feb/2025:09:58:10 +0100] "GET /Jurek/andex/feeds/andex_mallczsh.xml HTTP/2.0" 200 1954518 "-" "-"
77.79.248.229 - - [05/Feb/2025:09:58:16 +0100] "GET /Filip/zalando/zalando-logo.jpg HTTP/1.1" 200 5121 "-" "-"
77.79.248.229 - - [05/Feb/2025:09:58:17 +0100] "GET /Filip/zalando/zalando-logo.jpg HTTP/1.1" 200 5121 "-" "-"
46.101.116.244 - - [05/Feb/2025:09:58:21 +0100] "GET /Jurek/barbecook/feeds/barbecook_mallczsh.xml HTTP/2.0" 200 87609 "-" "-"
77.79.248.229 - - [05/Feb/2025:09:58:21 +0100] "GET /Filip/zalando/zalando-logo.jpg HTTP/1.1" 200 5121 "-" "-"
77.79.248.229 - - [05/Feb/2025:09:58:22 +0100] "GET /Filip/zalando/zalando-logo.jpg HTTP/1.1" 200 5121 "-" "-"
77.79.248.229 - - [05/Feb/2025:09:58:26 +0100] "GET /Filip/zalando/zalando-logo.jpg HTTP/1.1" 200 5121 "-" "-"
77.79.248.229 - - [05/Feb/2025:09:58:26 +0100] "GET /Filip/zalando/zalando-logo.jpg HTTP/1.1" 200 5121 "-" "-"
46.101.116.244 - - [05/Feb/2025:09:58:31 +0100] "GET /Jurek/duka/feeds/duka_mallczsh.xml HTTP/2.0" 200 57 "-" "-"
46.101.116.244 - - [05/Feb/2025:09:58:42 +0100] "GET /Jurek/miloohome/feeds/miloohome_mallczsh.xml HTTP/2.0" 200 1421876 "-" "-"
46.101.116.244 - - [05/Feb/2025:09:58:53 +0100] "GET /Jurek/stema/feeds/stema_mallczsh.xml HTTP/2.0" 200 860908 "-" "-"
46.101.116.244 - - [05/Feb/2025:09:59:13 +0100] "GET /Jurek/aw/feeds/awnarzedzia_mallczsh.xml HTTP/2.0" 200 90583447 "-" "-"
5.134.208.158 - - [05/Feb/2025:09:59:15 +0100] "GET /Jurek/eurofirany/images/333655/0.jpg HTTP/1.1" 200 102885 "-" "-"
34.250.103.72 - - [05/Feb/2025:09:59:37 +0100] "GET /Jurek/intsell/feeds/intsell_alza.xml HTTP/1.1" 200 147213 "-" "Mozilla/5.0 (Macintosh; Intel Mac OS X 10_13_6) AppleWebKit/537.36 (KHTML, like Gecko) Chrome/73.0.3669.0 Safari/537.36"
164.92.232.189 - - [05/Feb/2025:10:00:02 +0100] "GET /subskrypcje/AMD/feeds/amd_cz.xml HTTP/1.1" 200 518486 "-" "-"
164.92.232.189 - - [05/Feb/2025:10:00:13 +0100] "GET /subskrypcje/AMD/feeds/amd_sk.xml HTTP/1.1" 200 528562 "-" "-"
164.92.232.189 - - [05/Feb/2025:10:00:13 +0100] "GET /subskrypcje/OverHorse/overhorse_mallcz.xml HTTP/1.1" 200 112935 "-" "-"
164.92.232.189 - - [05/Feb/2025:10:00:23 +0100] "GET /subskrypcje/mondex/feeds/mondex_mall_cz.xml HTTP/1.1" 200 2203515 "-" "-"
85.14.86.141 - - [05/Feb/2025:10:00:38 +0100] "GET /Jurek/vida_morele/feeds/VidaPL_all.xml HTTP/2.0" 200 695334407 "-" "MarketplaceAPI curl/7.64.0 PHP/8"
52.17.80.36 - - [05/Feb/2025:10:00:43 +0100] "GET /marketplaces/ubaldi/results/ubaldi.csv HTTP/1.1" 200 147219 "-" "Mirakl HttpClient"
46.101.116.244 - - [05/Feb/2025:10:01:03 +0100] "GET /Jurek/update_twm_on_mall/feeds/twm_all_cats.xml HTTP/1.1" 200 132749 "-" "-"
31.183.134.251 - - [05/Feb/2025:10:01:57 +0100] "GET /Jurek/intsell/feeds/intsell_alza.xml HTTP/2.0" 200 19939238 "-" "Mozilla/5.0 (X11; Linux x86_64) AppleWebKit/537.36 (KHTML, like Gecko) Chrome/132.0.0.0 Safari/537.36"
52.18.22.0 - - [05/Feb/2025:10:02:21 +0100] "GET /marketplaces/rue/results/rue.csv HTTP/1.1" 200 6473734 "-" "Mirakl HttpClient"
46.101.116.244 - - [05/Feb/2025:10:02:46 +0100] "GET /Jurek/vida_morele/feeds/vida_mallczsh.xml HTTP/2.0" 200 697762890 "-" "-"
54.228.8.124 - - [05/Feb/2025:10:03:07 +0100] "GET /Jurek/sempler/feeds/sempler_mallsish.xml HTTP/1.1" 200 147217 "-" "Mozilla/5.0 (Macintosh; Intel Mac OS X 10_13_6) AppleWebKit/537.36 (KHTML, like Gecko) Chrome/73.0.3669.0 Safari/537.36"
85.14.86.141 - - [05/Feb/2025:10:03:08 +0100] "GET /Jurek/kinghoff/feeds/kinghoff_morele.xml HTTP/2.0" 200 14341853 "-" "MarketplaceAPI curl/7.64.0 PHP/8"
31.183.134.251 - - [05/Feb/2025:10:03:08 +0100] "GET /Jurek/sempler/feeds/sempler_mallsish.xml HTTP/2.0" 200 6553286 "-" "Mozilla/5.0 (X11; Linux x86_64) AppleWebKit/537.36 (KHTML, like Gecko) Chrome/132.0.0.0 Safari/537.36"
18.157.125.26 - - [05/Feb/2025:10:03:31 +0100] "GET /Jurek/eurofirany/images/401738/0.jpg HTTP/2.0" 200 114004 "-" "Mozilla/5.0 (Windows NT 10.0; Win64; x64) AppleWebKit/537.36 (KHTML, like Gecko) Chrome/109.0.0.0 Safari/537.36"
34.251.233.56 - - [05/Feb/2025:10:03:41 +0100] "GET /Jurek/sempler/feeds/sempler_mallsi.xml HTTP/1.1" 200 147217 "-" "Mozilla/5.0 (Macintosh; Intel Mac OS X 10_13_6) AppleWebKit/537.36 (KHTML, like Gecko) Chrome/73.0.3669.0 Safari/537.36"
31.183.134.251 - - [05/Feb/2025:10:03:42 +0100] "GET /Jurek/sempler/feeds/sempler_mallsi.xml HTTP/2.0" 200 6553286 "-" "Mozilla/5.0 (X11; Linux x86_64) AppleWebKit/537.36 (KHTML, like Gecko) Chrome/132.0.0.0 Safari/537.36"
85.14.86.141 - - [05/Feb/2025:10:05:38 +0100] "GET /Jurek/vivaldi/feeds/vivaldi_Morele-PL.xml HTTP/2.0" 200 344674 "-" "MarketplaceAPI curl/7.64.0 PHP/8"
85.14.86.141 - - [05/Feb/2025:10:05:39 +0100] "GET /Jurek/eurofirany/feeds/eurofirany_morele.xml HTTP/2.0" 200 18942396 "-" "MarketplaceAPI curl/7.64.0 PHP/8"
34.251.233.56 - - [05/Feb/2025:10:06:04 +0100] "GET /Jurek/ekuchcikowo/feeds/ekuchcikowo_mallsish.xml HTTP/1.1" 200 147216 "-" "Mozilla/5.0 (Macintosh; Intel Mac OS X 10_13_6) AppleWebKit/537.36 (KHTML, like Gecko) Chrome/73.0.3669.0 Safari/537.36"
193.33.8.61 - - [05/Feb/2025:10:06:26 +0100] "GET /Jurek/eany/data.csv HTTP/2.0" 200 26273790 "https://dkkapusta1997.usermd.net/Jurek/eany/" "Mozilla/5.0 (Windows NT 10.0; Win64; x64) AppleWebKit/537.36 (KHTML, like Gecko) Chrome/132.0.0.0 Safari/537.36"
31.183.134.251 - - [05/Feb/2025:10:06:49 +0100] "GET /Jurek/ekuchcikowo/feeds/ekuchcikowo_mallsish.xml HTTP/2.0" 200 9895936 "-" "Mozilla/5.0 (X11; Linux x86_64) AppleWebKit/537.36 (KHTML, like Gecko) Chrome/132.0.0.0 Safari/537.36"
54.228.8.124 - - [05/Feb/2025:10:07:19 +0100] "GET /Jurek/ekuchcikowo/feeds/ekuchcikowo_mallsi.xml HTTP/1.1" 200 147216 "-" "Mozilla/5.0 (Macintosh; Intel Mac OS X 10_13_6) AppleWebKit/537.36 (KHTML, like Gecko) Chrome/73.0.3669.0 Safari/537.36"
31.183.134.251 - - [05/Feb/2025:10:07:22 +0100] "GET /Jurek/ekuchcikowo/feeds/ekuchcikowo_mallsi.xml HTTP/2.0" 200 9445331 "-" "Mozilla/5.0 (X11; Linux x86_64) AppleWebKit/537.36 (KHTML, like Gecko) Chrome/132.0.0.0 Safari/537.36"
85.14.86.141 - - [05/Feb/2025:10:08:02 +0100] "GET /Jurek/aw/feeds/awnarzedzia_morele.xml HTTP/2.0" 200 90490404 "-" "MarketplaceAPI curl/7.64.0 PHP/8"
85.14.86.141 - - [05/Feb/2025:10:08:10 +0100] "GET /Jurek/miloohome/feeds/miloohome_morele.xml HTTP/2.0" 200 1421250 "-" "MarketplaceAPI curl/7.64.0 PHP/8"
5.134.208.158 - - [05/Feb/2025:10:08:26 +0100] "GET /Jurek/eurofirany/images/432597/0.jpg HTTP/1.1" 200 33 "-" "-"
5.134.208.158 - - [05/Feb/2025:10:08:26 +0100] "GET /Jurek/eurofirany/images/407950/0.jpg HTTP/1.1" 200 134546 "-" "-"
5.134.208.158 - - [05/Feb/2025:10:08:26 +0100] "GET /Jurek/eurofirany/images/432597/0.jpg HTTP/1.1" 200 33 "-" "-"
66.249.69.70 - - [05/Feb/2025:10:08:37 +0100] "GET /robots.txt HTTP/1.1" 404 3551 "-" "Mozilla/5.0 (compatible; Googlebot/2.1; +http://www.google.com/bot.html)"
66.249.69.70 - - [05/Feb/2025:10:08:37 +0100] "GET /Jurek/eurofirany/images/398409/4.jpg HTTP/1.1" 200 210952 "-" "Googlebot-Image/1.0"
85.14.86.141 - - [05/Feb/2025:10:08:56 +0100] "GET /Jurek/beliani/feeds/beliani_morele.xml HTTP/2.0" 200 31930555 "-" "MarketplaceAPI curl/7.64.0 PHP/8"
85.232.241.194 - - [05/Feb/2025:10:10:03 +0100] "GET /Jurek/aw/feeds/aw_altex.xml HTTP/1.1" 200 90557579 "-" "Python-urllib/3.11"
85.232.241.194 - - [05/Feb/2025:10:10:03 +0100] "GET /Jurek/unimet/feeds/unimet_altex.xml HTTP/1.1" 200 61037879 "-" "Python-urllib/3.11"
85.14.86.141 - - [05/Feb/2025:10:10:04 +0100] "GET /Jurek/vida_morele/feeds/VidaPL_morele.xml HTTP/2.0" 200 695335548 "-" "MarketplaceAPI curl/7.64.0 PHP/8"
77.79.248.229 - - [05/Feb/2025:10:10:08 +0100] "GET /Jurek/ikonka/feeds/ikonka_cdon_se.xml HTTP/1.1" 200 22780262 "-" "python-requests/2.32.3"
77.79.248.229 - - [05/Feb/2025:10:10:09 +0100] "GET /Jurek/ikonka/feeds/ikonka_cdon_dk.xml HTTP/1.1" 200 22780135 "-" "python-requests/2.32.3"
77.79.248.229 - - [05/Feb/2025:10:10:10 +0100] "GET /Jurek/ikonka/feeds/ikonka_cdon_fi.xml HTTP/1.1" 200 22777935 "-" "python-requests/2.32.3"
85.232.241.194 - - [05/Feb/2025:10:10:12 +0100] "GET /Jurek/action/feeds/action_altex.xml HTTP/1.1" 200 55068191 "-" "Python-urllib/3.11"
85.232.241.194 - - [05/Feb/2025:10:10:12 +0100] "GET /Jurek/kinghoff/feeds/kinghoff_altex.xml HTTP/1.1" 200 14343452 "-" "Python-urllib/3.11"
77.79.248.229 - - [05/Feb/2025:10:10:22 +0100] "GET /Jurek/rovicky/feeds/rovicky_cdonSE.xml HTTP/1.1" 200 14201520 "-" "python-requests/2.32.3"
77.79.248.229 - - [05/Feb/2025:10:10:22 +0100] "GET /Jurek/rovicky/feeds/rovicky_cdonDK.xml HTTP/1.1" 200 14201048 "-" "python-requests/2.32.3"
77.79.248.229 - - [05/Feb/2025:10:10:23 +0100] "GET /Jurek/rovicky/feeds/rovicky_cdonFI.xml HTTP/1.1" 200 14196357 "-" "python-requests/2.32.3"
77.79.248.229 - - [05/Feb/2025:10:10:23 +0100] "GET /Jurek/benbaby/feeds/benbaby_cdon_se.xml HTTP/1.1" 200 3698853 "-" "python-requests/2.32.3"
77.79.248.229 - - [05/Feb/2025:10:10:23 +0100] "GET /Jurek/benbaby/feeds/benbaby_cdon_dk.xml HTTP/1.1" 200 3698820 "-" "python-requests/2.32.3"
77.79.248.229 - - [05/Feb/2025:10:10:23 +0100] "GET /Jurek/benbaby/feeds/benbaby_cdon_fi.xml HTTP/1.1" 200 3696264 "-" "python-requests/2.32.3"
77.79.248.229 - - [05/Feb/2025:10:10:25 +0100] "GET /Jurek/candellux/feeds/candellux_cdon_se.xml HTTP/1.1" 200 466166 "-" "python-requests/2.32.3"
77.79.248.229 - - [05/Feb/2025:10:10:25 +0100] "GET /Jurek/candellux/feeds/candellux_cdon_dk.xml HTTP/1.1" 200 466129 "-" "python-requests/2.32.3"
77.79.248.229 - - [05/Feb/2025:10:10:25 +0100] "GET /Jurek/candellux/feeds/candellux_cdon_fi.xml HTTP/1.1" 200 465745 "-" "python-requests/2.32.3"
77.79.248.229 - - [05/Feb/2025:10:10:27 +0100] "GET /Jurek/hurtownia_przemyslowa/feeds/hp_cdon_se.xml HTTP/1.1" 200 49885915 "-" "python-requests/2.32.3"
77.79.248.229 - - [05/Feb/2025:10:10:29 +0100] "GET /Jurek/hurtownia_przemyslowa/feeds/hp_cdon_dk.xml HTTP/1.1" 200 49884129 "-" "python-requests/2.32.3"
77.79.248.229 - - [05/Feb/2025:10:10:31 +0100] "GET /Jurek/hurtownia_przemyslowa/feeds/hp_cdon_fi.xml HTTP/1.1" 200 49870889 "-" "python-requests/2.32.3"
77.79.248.229 - - [05/Feb/2025:10:10:31 +0100] "GET /Jurek/topeshop/feeds/topeshop_cdon_se.xml HTTP/1.1" 200 2444393 "-" "python-requests/2.32.3"
77.79.248.229 - - [05/Feb/2025:10:10:31 +0100] "GET /Jurek/topeshop/feeds/topeshop_cdon_dk.xml HTTP/1.1" 200 2444204 "-" "python-requests/2.32.3"
77.79.248.229 - - [05/Feb/2025:10:10:32 +0100] "GET /Jurek/topeshop/feeds/topeshop_cdon_fi.xml HTTP/1.1" 200 2443750 "-" "python-requests/2.32.3"
77.79.248.229 - - [05/Feb/2025:10:10:32 +0100] "GET /Jurek/asortymenteu/feeds/asortymenteu_cdon_se.xml HTTP/1.1" 200 2493636 "-" "python-requests/2.32.3"
77.79.248.229 - - [05/Feb/2025:10:10:32 +0100] "GET /Jurek/asortymenteu/feeds/asortymenteu_cdon_dk.xml HTTP/1.1" 200 2493587 "-" "python-requests/2.32.3"
77.79.248.229 - - [05/Feb/2025:10:10:32 +0100] "GET /Jurek/asortymenteu/feeds/asortymenteu_cdon_fi.xml HTTP/1.1" 200 2492678 "-" "python-requests/2.32.3"
77.79.248.229 - - [05/Feb/2025:10:10:33 +0100] "GET /Jurek/fernity/feeds/fernity_cdon_se.xml HTTP/1.1" 200 4987669 "-" "python-requests/2.32.3"
77.79.248.229 - - [05/Feb/2025:10:10:33 +0100] "GET /Jurek/fernity/feeds/fernity_cdon_dk.xml HTTP/1.1" 200 4987189 "-" "python-requests/2.32.3"
77.79.248.229 - - [05/Feb/2025:10:10:33 +0100] "GET /Jurek/fernity/feeds/fernity_cdon_fi.xml HTTP/1.1" 200 4984385 "-" "python-requests/2.32.3"
77.79.248.229 - - [05/Feb/2025:10:10:36 +0100] "GET /Jurek/aw/feeds/awnarzedzia_cdon_se.xml HTTP/1.1" 200 90568969 "-" "python-requests/2.32.3"
77.79.248.229 - - [05/Feb/2025:10:10:40 +0100] "GET /Jurek/aw/feeds/awnarzedzia_cdon_dk.xml HTTP/1.1" 200 90563067 "-" "python-requests/2.32.3"
77.79.248.229 - - [05/Feb/2025:10:10:44 +0100] "GET /Jurek/aw/feeds/awnarzedzia_cdon_fi.xml HTTP/1.1" 200 90479936 "-" "python-requests/2.32.3"
77.79.248.229 - - [05/Feb/2025:10:10:44 +0100] "GET /Jurek/activeshop/feeds/activeshop_cdon_se.xml HTTP/1.1" 200 10401927 "-" "python-requests/2.32.3"
77.79.248.229 - - [05/Feb/2025:10:10:45 +0100] "GET /Jurek/activeshop/feeds/activeshop_cdon_dk.xml HTTP/1.1" 200 10401981 "-" "python-requests/2.32.3"
77.79.248.229 - - [05/Feb/2025:10:10:45 +0100] "GET /Jurek/activeshop/feeds/activeshop_cdon_fi.xml HTTP/1.1" 200 10398498 "-" "python-requests/2.32.3"
95.87.224.188 - - [05/Feb/2025:10:10:47 +0100] "GET /Jurek/eurofirany/images/349462/3.jpg HTTP/2.0" 200 165499 "https://www.emag.bg/kuvertjura-sofija-220h240-sm-tymnosin-o-eurofirany-349462/pd/DRSXRLMBM/?" "Mozilla/5.0 (Windows NT 10.0; Win64; x64) AppleWebKit/537.36 (KHTML, like Gecko) Chrome/132.0.0.0 Safari/537.36"
95.87.224.188 - - [05/Feb/2025:10:10:47 +0100] "GET /Jurek/eurofirany/images/349462/2.jpg HTTP/2.0" 200 190295 "https://www.emag.bg/kuvertjura-sofija-220h240-sm-tymnosin-o-eurofirany-349462/pd/DRSXRLMBM/?" "Mozilla/5.0 (Windows NT 10.0; Win64; x64) AppleWebKit/537.36 (KHTML, like Gecko) Chrome/132.0.0.0 Safari/537.36"
95.87.224.188 - - [05/Feb/2025:10:10:47 +0100] "GET /Jurek/eurofirany/images/349462/1.jpg HTTP/2.0" 200 112182 "https://www.emag.bg/kuvertjura-sofija-220h240-sm-tymnosin-o-eurofirany-349462/pd/DRSXRLMBM/?" "Mozilla/5.0 (Windows NT 10.0; Win64; x64) AppleWebKit/537.36 (KHTML, like Gecko) Chrome/132.0.0.0 Safari/537.36"
77.79.248.229 - - [05/Feb/2025:10:10:47 +0100] "GET /Jurek/ikonka/feeds/ikonka_cdon_se.xml HTTP/1.1" 200 22780262 "-" "python-requests/2.32.3"
77.79.248.229 - - [05/Feb/2025:10:10:48 +0100] "GET /Jurek/ikonka/feeds/ikonka_cdon_dk.xml HTTP/1.1" 200 22780135 "-" "python-requests/2.32.3"
77.79.248.229 - - [05/Feb/2025:10:10:49 +0100] "GET /Jurek/ikonka/feeds/ikonka_cdon_fi.xml HTTP/1.1" 200 22777935 "-" "python-requests/2.32.3"
77.79.248.229 - - [05/Feb/2025:10:10:49 +0100] "GET /Jurek/swiatecznygoliat/feeds/swiatecznygoliat_cdon_se.xml HTTP/1.1" 200 7198484 "-" "python-requests/2.32.3"
77.79.248.229 - - [05/Feb/2025:10:10:50 +0100] "GET /Jurek/swiatecznygoliat/feeds/swiatecznygoliat_cdon_dk.xml HTTP/1.1" 200 7198396 "-" "python-requests/2.32.3"
77.79.248.229 - - [05/Feb/2025:10:10:50 +0100] "GET /Jurek/swiatecznygoliat/feeds/swiatecznygoliat_cdon_fi.xml HTTP/1.1" 200 7195888 "-" "python-requests/2.32.3"
77.79.248.229 - - [05/Feb/2025:10:10:50 +0100] "GET /Jurek/slayo/feeds/slayo_cdon_se.xml HTTP/1.1" 200 195556 "-" "python-requests/2.32.3"
77.79.248.229 - - [05/Feb/2025:10:10:50 +0100] "GET /Jurek/slayo/feeds/slayo_cdon_dk.xml HTTP/1.1" 200 195555 "-" "python-requests/2.32.3"
77.79.248.229 - - [05/Feb/2025:10:10:50 +0100] "GET /Jurek/slayo/feeds/slayo_cdon_fi.xml HTTP/1.1" 200 195540 "-" "python-requests/2.32.3"
77.79.248.229 - - [05/Feb/2025:10:10:52 +0100] "GET /Jurek/bass/feeds/bass_cdon_se.xml HTTP/1.1" 200 3985704 "-" "python-requests/2.32.3"
77.79.248.229 - - [05/Feb/2025:10:10:52 +0100] "GET /Jurek/bass/feeds/bass_cdon_dk.xml HTTP/1.1" 200 3985499 "-" "python-requests/2.32.3"
77.79.248.229 - - [05/Feb/2025:10:10:52 +0100] "GET /Jurek/bass/feeds/bass_cdon_fi.xml HTTP/1.1" 200 3983961 "-" "python-requests/2.32.3"
77.79.248.229 - - [05/Feb/2025:10:10:53 +0100] "GET /Jurek/benetech/feeds/benetech_cdon_se.xml HTTP/1.1" 200 4452259 "-" "python-requests/2.32.3"
77.79.248.229 - - [05/Feb/2025:10:10:53 +0100] "GET /Jurek/benetech/feeds/benetech_cdon_dk.xml HTTP/1.1" 200 4452207 "-" "python-requests/2.32.3"
77.79.248.229 - - [05/Feb/2025:10:10:53 +0100] "GET /Jurek/benetech/feeds/benetech_cdon_fi.xml HTTP/1.1" 200 4451860 "-" "python-requests/2.32.3"
77.79.248.229 - - [05/Feb/2025:10:10:53 +0100] "GET /Jurek/waks/feeds/waks_cdon_se.xml HTTP/1.1" 200 6335435 "-" "python-requests/2.32.3"
77.79.248.229 - - [05/Feb/2025:10:10:53 +0100] "GET /Jurek/waks/feeds/waks_cdon_dk.xml HTTP/1.1" 200 6335332 "-" "python-requests/2.32.3"
77.79.248.229 - - [05/Feb/2025:10:10:54 +0100] "GET /Jurek/waks/feeds/waks_cdon_fi.xml HTTP/1.1" 200 6333041 "-" "python-requests/2.32.3"
77.79.248.229 - - [05/Feb/2025:10:10:54 +0100] "GET /Jurek/kambukka/feeds/kambukka_cdon_se.xml HTTP/1.1" 200 973595 "-" "python-requests/2.32.3"
77.79.248.229 - - [05/Feb/2025:10:10:54 +0100] "GET /Jurek/kambukka/feeds/kambukka_cdon_dk.xml HTTP/1.1" 200 973593 "-" "python-requests/2.32.3"
77.79.248.229 - - [05/Feb/2025:10:10:54 +0100] "GET /Jurek/kambukka/feeds/kambukka_cdon_fi.xml HTTP/1.1" 200 973338 "-" "python-requests/2.32.3"
77.79.248.229 - - [05/Feb/2025:10:10:54 +0100] "GET /Jurek/hdwr/feeds/hdwr_cdon_se.xml HTTP/1.1" 200 778086 "-" "python-requests/2.32.3"
77.79.248.229 - - [05/Feb/2025:10:10:54 +0100] "GET /Jurek/hdwr/feeds/hdwr_cdon_dk.xml HTTP/1.1" 200 778035 "-" "python-requests/2.32.3"
77.79.248.229 - - [05/Feb/2025:10:10:54 +0100] "GET /Jurek/hdwr/feeds/hdwr_cdon_fi.xml HTTP/1.1" 200 777824 "-" "python-requests/2.32.3"
77.79.248.229 - - [05/Feb/2025:10:10:54 +0100] "GET /Jurek/pagmil/feeds/pagmil_cdon_se.xml HTTP/1.1" 200 1706035 "-" "python-requests/2.32.3"
77.79.248.229 - - [05/Feb/2025:10:10:55 +0100] "GET /Jurek/pagmil/feeds/pagmil_cdon_dk.xml HTTP/1.1" 200 1706024 "-" "python-requests/2.32.3"
77.79.248.229 - - [05/Feb/2025:10:10:55 +0100] "GET /Jurek/pagmil/feeds/pagmil_cdon_fi.xml HTTP/1.1" 200 1705650 "-" "python-requests/2.32.3"
77.79.248.229 - - [05/Feb/2025:10:10:55 +0100] "GET /Jurek/targethome/feeds/targethome_cdon_se.xml HTTP/1.1" 200 683708 "-" "python-requests/2.32.3"
77.79.248.229 - - [05/Feb/2025:10:10:55 +0100] "GET /Jurek/targethome/feeds/targethome_cdon_dk.xml HTTP/1.1" 200 683688 "-" "python-requests/2.32.3"
77.79.248.229 - - [05/Feb/2025:10:10:55 +0100] "GET /Jurek/targethome/feeds/targethome_cdon_fi.xml HTTP/1.1" 200 683584 "-" "python-requests/2.32.3"
77.79.248.229 - - [05/Feb/2025:10:10:56 +0100] "GET /Jurek/eroplace/feeds/eroplace_cdon_se.xml HTTP/1.1" 200 30863277 "-" "python-requests/2.32.3"
77.79.248.229 - - [05/Feb/2025:10:10:57 +0100] "GET /Jurek/eroplace/feeds/eroplace_cdon_dk.xml HTTP/1.1" 200 30862467 "-" "python-requests/2.32.3"
77.79.248.229 - - [05/Feb/2025:10:10:59 +0100] "GET /Jurek/eroplace/feeds/eroplace_cdon_fi.xml HTTP/1.1" 200 30849814 "-" "python-requests/2.32.3"
77.79.248.229 - - [05/Feb/2025:10:11:00 +0100] "GET /Jurek/artdog/feeds/artdog_cdon_se.xml HTTP/1.1" 200 15938143 "-" "python-requests/2.32.3"
77.79.248.229 - - [05/Feb/2025:10:11:01 +0100] "GET /Jurek/artdog/feeds/artdog_cdon_dk.xml HTTP/1.1" 200 15936112 "-" "python-requests/2.32.3"
77.79.248.229 - - [05/Feb/2025:10:11:02 +0100] "GET /Jurek/artdog/feeds/artdog_cdon_fi.xml HTTP/1.1" 200 15930456 "-" "python-requests/2.32.3"
77.79.248.229 - - [05/Feb/2025:10:11:03 +0100] "GET /Jurek/sempler/feeds/sempler_cdon_se.xml HTTP/1.1" 200 6554486 "-" "python-requests/2.32.3"
77.79.248.229 - - [05/Feb/2025:10:11:03 +0100] "GET /Jurek/sempler/feeds/sempler_cdon_dk.xml HTTP/1.1" 200 6554457 "-" "python-requests/2.32.3"
77.79.248.229 - - [05/Feb/2025:10:11:03 +0100] "GET /Jurek/sempler/feeds/sempler_cdon_fi.xml HTTP/1.1" 200 6553294 "-" "python-requests/2.32.3"
77.79.248.229 - - [05/Feb/2025:10:11:03 +0100] "GET /Jurek/oromed/feeds/oromed_cdon_se.xml HTTP/1.1" 200 961380 "-" "python-requests/2.32.3"
77.79.248.229 - - [05/Feb/2025:10:11:04 +0100] "GET /Jurek/oromed/feeds/oromed_cdon_dk.xml HTTP/1.1" 200 961363 "-" "python-requests/2.32.3"
77.79.248.229 - - [05/Feb/2025:10:11:04 +0100] "GET /Jurek/oromed/feeds/oromed_cdon_fi.xml HTTP/1.1" 200 961220 "-" "python-requests/2.32.3"
77.79.248.229 - - [05/Feb/2025:10:11:05 +0100] "GET /Jurek/hurtmeblowy/feeds/hurtmeblowy_cdon_se.xml HTTP/1.1" 200 8041541 "-" "python-requests/2.32.3"
77.79.248.229 - - [05/Feb/2025:10:11:05 +0100] "GET /Jurek/hurtmeblowy/feeds/hurtmeblowy_cdon_dk.xml HTTP/1.1" 200 8040919 "-" "python-requests/2.32.3"
77.79.248.229 - - [05/Feb/2025:10:11:05 +0100] "GET /Jurek/hurtmeblowy/feeds/hurtmeblowy_cdon_fi.xml HTTP/1.1" 200 8039506 "-" "python-requests/2.32.3"
77.79.248.229 - - [05/Feb/2025:10:11:06 +0100] "GET /Jurek/narzbud/feeds/narzbud_cdon_se.xml HTTP/1.1" 200 1612501 "-" "python-requests/2.32.3"
77.79.248.229 - - [05/Feb/2025:10:11:06 +0100] "GET /Jurek/narzbud/feeds/narzbud_cdon_dk.xml HTTP/1.1" 200 1612512 "-" "python-requests/2.32.3"
77.79.248.229 - - [05/Feb/2025:10:11:06 +0100] "GET /Jurek/narzbud/feeds/narzbud_cdon_fi.xml HTTP/1.1" 200 1611785 "-" "python-requests/2.32.3"
77.79.248.229 - - [05/Feb/2025:10:11:06 +0100] "GET /Jurek/livinhill/feeds/livinhill_cdon_se.xml HTTP/1.1" 200 1459124 "-" "python-requests/2.32.3"
77.79.248.229 - - [05/Feb/2025:10:11:06 +0100] "GET /Jurek/livinhill/feeds/livinhill_cdon_dk.xml HTTP/1.1" 200 1459015 "-" "python-requests/2.32.3"
77.79.248.229 - - [05/Feb/2025:10:11:06 +0100] "GET /Jurek/livinhill/feeds/livinhill_cdon_fi.xml HTTP/1.1" 200 1458545 "-" "python-requests/2.32.3"
77.79.248.229 - - [05/Feb/2025:10:11:07 +0100] "GET /Jurek/ekuchcikowo/feeds/ekuchcikowo_cdon_se.xml HTTP/1.1" 200 12907711 "-" "python-requests/2.32.3"
77.79.248.229 - - [05/Feb/2025:10:11:08 +0100] "GET /Jurek/ekuchcikowo/feeds/ekuchcikowo_cdon_dk.xml HTTP/1.1" 200 12907440 "-" "python-requests/2.32.3"
77.79.248.229 - - [05/Feb/2025:10:11:08 +0100] "GET /Jurek/ekuchcikowo/feeds/ekuchcikowo_cdon_fi.xml HTTP/1.1" 200 12905120 "-" "python-requests/2.32.3"
77.79.248.229 - - [05/Feb/2025:10:11:08 +0100] "GET /Jurek/fertone/feeds/fertone_cdon_se.xml HTTP/1.1" 200 669255 "-" "python-requests/2.32.3"
77.79.248.229 - - [05/Feb/2025:10:11:08 +0100] "GET /Jurek/fertone/feeds/fertone_cdon_dk.xml HTTP/1.1" 200 669228 "-" "python-requests/2.32.3"
77.79.248.229 - - [05/Feb/2025:10:11:09 +0100] "GET /Jurek/fertone/feeds/fertone_cdon_fi.xml HTTP/1.1" 200 668864 "-" "python-requests/2.32.3"
77.79.248.229 - - [05/Feb/2025:10:11:09 +0100] "GET /Jurek/ekolight/feeds/ekolioght_cdon_se.xml HTTP/1.1" 200 9055584 "-" "python-requests/2.32.3"
77.79.248.229 - - [05/Feb/2025:10:11:09 +0100] "GET /Jurek/ekolight/feeds/ekolioght_cdon_dk.xml HTTP/1.1" 200 9054896 "-" "python-requests/2.32.3"
77.79.248.229 - - [05/Feb/2025:10:11:10 +0100] "GET /Jurek/ekolight/feeds/ekolioght_cdon_fi.xml HTTP/1.1" 200 9051663 "-" "python-requests/2.32.3"
77.79.248.229 - - [05/Feb/2025:10:11:10 +0100] "GET /Jurek/cbdgreen/feeds/cbdgreen_cdon_se.xml HTTP/1.1" 200 50242 "-" "python-requests/2.32.3"
77.79.248.229 - - [05/Feb/2025:10:11:10 +0100] "GET /Jurek/cbdgreen/feeds/cbdgreen_cdon_dk.xml HTTP/1.1" 200 50242 "-" "python-requests/2.32.3"
77.79.248.229 - - [05/Feb/2025:10:11:10 +0100] "GET /Jurek/cbdgreen/feeds/cbdgreen_cdon_fi.xml HTTP/1.1" 200 50235 "-" "python-requests/2.32.3"
77.79.248.229 - - [05/Feb/2025:10:11:10 +0100] "GET /Jurek/pawonik/feeds/pawonik_cdon_se.xml HTTP/1.1" 200 2534946 "-" "python-requests/2.32.3"
77.79.248.229 - - [05/Feb/2025:10:11:10 +0100] "GET /Jurek/pawonik/feeds/pawonik_cdon_dk.xml HTTP/1.1" 200 2534906 "-" "python-requests/2.32.3"
77.79.248.229 - - [05/Feb/2025:10:11:11 +0100] "GET /Jurek/pawonik/feeds/pawonik_cdon_fi.xml HTTP/1.1" 200 2534491 "-" "python-requests/2.32.3"
77.79.248.229 - - [05/Feb/2025:10:11:11 +0100] "GET /Jurek/mosti/feeds/mosti_cdon_se.xml HTTP/1.1" 200 9257174 "-" "python-requests/2.32.3"
77.79.248.229 - - [05/Feb/2025:10:11:11 +0100] "GET /Jurek/mosti/feeds/mosti_cdon_dk.xml HTTP/1.1" 200 9257360 "-" "python-requests/2.32.3"
77.79.248.229 - - [05/Feb/2025:10:11:12 +0100] "GET /Jurek/mosti/feeds/mosti_cdon_fi.xml HTTP/1.1" 200 9255735 "-" "python-requests/2.32.3"
77.79.248.229 - - [05/Feb/2025:10:11:12 +0100] "GET /Jurek/winoszarnia/feeds/winoszarnia_cdon_se.xml HTTP/1.1" 200 6132080 "-" "python-requests/2.32.3"
77.79.248.229 - - [05/Feb/2025:10:11:12 +0100] "GET /Jurek/winoszarnia/feeds/winoszarnia_cdon_dk.xml HTTP/1.1" 200 6132011 "-" "python-requests/2.32.3"
77.79.248.229 - - [05/Feb/2025:10:11:12 +0100] "GET /Jurek/winoszarnia/feeds/winoszarnia_cdon_fi.xml HTTP/1.1" 200 6130732 "-" "python-requests/2.32.3"
89.161.206.59 - - [05/Feb/2025:10:11:30 +0100] "GET /Jurek/b3/feeds/b3_amazonse.xml HTTP/1.0" 200 7173783 "-" "-"
89.161.206.59 - - [05/Feb/2025:10:11:33 +0100] "GET /Jurek/narzbud/feeds/narzbud_allegro.xml HTTP/1.0" 200 1611879 "-" "-"
89.161.206.59 - - [05/Feb/2025:10:11:36 +0100] "GET /Jurek/ekolight/feeds/ekolight_allegro.xml HTTP/1.0" 200 9053685 "-" "-"
89.161.206.59 - - [05/Feb/2025:10:11:36 +0100] "GET /Jurek/galopi/feeds/galopi_allegro.xml HTTP/1.0" 200 1884828 "-" "-"
85.232.241.194 - - [05/Feb/2025:10:12:02 +0100] "GET /Jurek/vida_morele/feeds/VidaPL_empik_gs.xml HTTP/1.1" 404 3551 "-" "Python-urllib/3.11"
85.232.241.194 - - [05/Feb/2025:10:12:03 +0100] "GET /Jurek/eurofirany/feeds/eurofirany_empik.xml HTTP/1.1" 200 18942266 "-" "Python-urllib/3.11"
85.232.241.194 - - [05/Feb/2025:10:12:04 +0100] "GET /Jurek/chemex/feeds/chemex_empik.xml HTTP/1.1" 200 47822490 "-" "Python-urllib/3.11"
89.161.206.59 - - [05/Feb/2025:10:12:42 +0100] "GET /Jurek/ekuchcikowo/feeds/ekuchcikowo_skroutz.xml HTTP/1.0" 200 12905265 "-" "-"
185.6.76.18 - - [05/Feb/2025:10:13:16 +0100] "GET /marketplaces/skroutz/feeds/shumee.xml HTTP/1.1" 200 349555444 "-" "SkroutzBot v1.0"
77.79.248.229 - - [05/Feb/2025:10:14:38 +0100] "GET /Jurek/vida_morele/feeds/vidaPL_erli.xml HTTP/1.1" 200 695307320 "-" "Python-urllib/3.11"
193.33.8.61 - - [05/Feb/2025:10:15:59 +0100] "GET /Jurek/bisanti/output.txt HTTP/2.0" 200 3527 "https://konsola.dkkapusta1997.usermd.net/" "Mozilla/5.0 (Windows NT 10.0; Win64; x64) AppleWebKit/537.36 (KHTML, like Gecko) Chrome/132.0.0.0 Safari/537.36"
77.79.248.229 - - [05/Feb/2025:10:16:18 +0100] "GET /Jurek/vida_morele/feeds/vidaPL_erli.xml HTTP/1.1" 200 695307320 "-" "Python-urllib/3.11"
193.33.8.61 - - [05/Feb/2025:10:16:39 +0100] "GET /Jurek/artdog/feeds/artdog_cdon_dk.xml HTTP/2.0" 200 15936112 "https://konsola.dkkapusta1997.usermd.net/" "Mozilla/5.0 (Windows NT 10.0; Win64; x64) AppleWebKit/537.36 (KHTML, like Gecko) Chrome/132.0.0.0 Safari/537.36"
77.79.248.229 - - [05/Feb/2025:10:16:39 +0100] "GET /Jurek/artdog/feeds/artdog_cdon_dk.xml HTTP/1.1" 200 15936112 "-" "Python-urllib/3.11"
193.33.8.61 - - [05/Feb/2025:10:16:50 +0100] "GET /Jurek/artdog/feeds/artdog_cdon_fi.xml HTTP/2.0" 200 15930456 "https://konsola.dkkapusta1997.usermd.net/" "Mozilla/5.0 (Windows NT 10.0; Win64; x64) AppleWebKit/537.36 (KHTML, like Gecko) Chrome/132.0.0.0 Safari/537.36"
193.33.8.61 - - [05/Feb/2025:10:17:09 +0100] "GET /Jurek/eany/ HTTP/2.0" 200 634 "-" "Mozilla/5.0 (Windows NT 10.0; Win64; x64) AppleWebKit/537.36 (KHTML, like Gecko) Chrome/132.0.0.0 Safari/537.36"
193.33.8.61 - - [05/Feb/2025:10:17:10 +0100] "GET /favicon.ico HTTP/2.0" 404 3551 "https://dkkapusta1997.usermd.net/Jurek/eany/" "Mozilla/5.0 (Windows NT 10.0; Win64; x64) AppleWebKit/537.36 (KHTML, like Gecko) Chrome/132.0.0.0 Safari/537.36"
193.33.8.61 - - [05/Feb/2025:10:17:21 +0100] "GET /Jurek/eany/data.csv HTTP/2.0" 200 26273790 "https://dkkapusta1997.usermd.net/Jurek/eany/" "Mozilla/5.0 (Windows NT 10.0; Win64; x64) AppleWebKit/537.36 (KHTML, like Gecko) Chrome/132.0.0.0 Safari/537.36"
193.33.8.61 - - [05/Feb/2025:10:17:24 +0100] "GET /favicon.ico HTTP/2.0" 404 3551 "https://dkkapusta1997.usermd.net/Jurek/artdog/feeds/artdog_cdon_dk.xml" "Mozilla/5.0 (Windows NT 10.0; Win64; x64) AppleWebKit/537.36 (KHTML, like Gecko) Chrome/132.0.0.0 Safari/537.36"
77.79.248.229 - - [05/Feb/2025:10:18:07 +0100] "GET /Jurek/artdog/feeds/artdog_cdon_fi.xml HTTP/1.1" 200 15930456 "-" "Python-urllib/3.11"
77.79.248.229 - - [05/Feb/2025:10:18:22 +0100] "GET /Jurek/vida_morele/feeds/vidaPL_erli.xml HTTP/1.1" 200 695307320 "-" "Python-urllib/3.11"
66.249.69.70 - - [05/Feb/2025:10:18:49 +0100] "GET /matikrol/texas/5908297524054_2.jpg.jpg HTTP/1.1" 404 3551 "-" "Googlebot-Image/1.0"
46.101.116.244 - - [05/Feb/2025:10:19:11 +0100] "GET /Filip/feeds/xlsx_ceneo.xml HTTP/1.0" 200 6241376 "-" "-"
51.77.52.107 - - [05/Feb/2025:10:19:11 +0100] "POST /Filip/Rovicky/baselinker/baselinker-ceneo-shumee.php HTTP/2.0" 200 106776 "-" "BaseLinker/1.0"
46.101.116.244 - - [05/Feb/2025:10:20:16 +0100] "GET /Jurek/action/feeds/action_mallhu.xml HTTP/1.1" 200 55126016 "-" "-"
46.101.116.244 - - [05/Feb/2025:10:20:39 +0100] "GET /Jurek/aw/feeds/aw_fnacfr.xml HTTP/1.0" 404 3551 "-" "-"
46.101.116.244 - - [05/Feb/2025:10:21:33 +0100] "GET /Filip/feeds/xlsx_ceneo.xml HTTP/1.0" 200 6241376 "-" "-"
51.77.52.107 - - [05/Feb/2025:10:21:34 +0100] "POST /Filip/Rovicky/baselinker/baselinker-ceneo-shumee.php HTTP/2.0" 200 106776 "-" "BaseLinker/1.0"
193.33.8.61 - - [05/Feb/2025:10:23:29 +0100] "GET /Jurek/spali/output.txt HTTP/2.0" 200 8464 "https://konsola.dkkapusta1997.usermd.net/" "Mozilla/5.0 (Windows NT 10.0; Win64; x64) AppleWebKit/537.36 (KHTML, like Gecko) Chrome/132.0.0.0 Safari/537.36"
66.249.69.69 - - [05/Feb/2025:10:23:55 +0100] "GET /Jurek/eurofirany/images/402429/6.jpg HTTP/1.1" 200 261656 "-" "Googlebot-Image/1.0"
46.101.116.244 - - [05/Feb/2025:10:25:28 +0100] "GET /Jurek/aw/feeds/aw_fnacfr.xml HTTP/1.0" 404 3551 "-" "-"
46.101.116.244 - - [05/Feb/2025:10:26:13 +0100] "GET /Filip/feeds/xlsx_ceneo.xml HTTP/1.0" 200 6241376 "-" "-"
51.77.52.107 - - [05/Feb/2025:10:26:13 +0100] "POST /Filip/Rovicky/baselinker/baselinker-ceneo-shumee.php HTTP/2.0" 200 106776 "-" "BaseLinker/1.0"
193.33.8.61 - - [05/Feb/2025:10:29:45 +0100] "GET /Jurek/edruk/output.txt HTTP/2.0" 200 94203 "https://konsola.dkkapusta1997.usermd.net/" "Mozilla/5.0 (Windows NT 10.0; Win64; x64) AppleWebKit/537.36 (KHTML, like Gecko) Chrome/132.0.0.0 Safari/537.36"
193.33.8.61 - - [05/Feb/2025:10:30:05 +0100] "GET /Jurek/awparts/feeds/awparts_zero.xml HTTP/2.0" 200 12591104 "https://konsola.dkkapusta1997.usermd.net/" "Mozilla/5.0 (Windows NT 10.0; Win64; x64) AppleWebKit/537.36 (KHTML, like Gecko) Chrome/132.0.0.0 Safari/537.36"
77.79.248.229 - - [05/Feb/2025:10:30:21 +0100] "GET /Jurek/awparts/feeds/awparts_zero.xml HTTP/1.1" 200 1155051054 "-" "Python-urllib/3.11"
46.101.116.244 - - [05/Feb/2025:10:30:38 +0100] "GET /Jurek/aw/feeds/aw_fnacfr.xml HTTP/1.0" 404 3551 "-" "-"
46.101.116.244 - - [05/Feb/2025:10:31:21 +0100] "GET /Filip/feeds/xlsx_ceneo.xml HTTP/1.0" 200 6241376 "-" "-"
51.77.52.107 - - [05/Feb/2025:10:31:22 +0100] "POST /Filip/Rovicky/baselinker/baselinker-ceneo-shumee.php HTTP/2.0" 200 106776 "-" "BaseLinker/1.0"
52.209.168.113 - - [05/Feb/2025:10:35:26 +0100] "GET /marketplaces/worten2/results/worten.csv HTTP/1.1" 200 147218 "-" "Mirakl HttpClient"
46.101.116.244 - - [05/Feb/2025:10:35:45 +0100] "GET /Jurek/vidaCZ/feeds/vida_mallczod.xml HTTP/2.0" 200 660077292 "-" "-"
46.101.116.244 - - [05/Feb/2025:10:35:51 +0100] "GET /Jurek/aw/feeds/aw_fnacfr.xml HTTP/1.0" 404 3551 "-" "-"
89.161.206.59 - - [05/Feb/2025:10:36:17 +0100] "GET /Jurek/sempler/feeds/sempler_allegro.xml HTTP/1.0" 200 6553728 "-" "-"
89.161.206.59 - - [05/Feb/2025:10:36:18 +0100] "GET /Jurek/ekuchcikowo/feeds/ekuchcikowo_allegro.xml HTTP/1.0" 200 12906648 "-" "-"
89.161.206.59 - - [05/Feb/2025:10:36:19 +0100] "GET /Jurek/livinhill/feeds/livinhill_allegro.xml HTTP/1.0" 200 1437021 "-" "-"
89.161.206.59 - - [05/Feb/2025:10:36:19 +0100] "GET /Jurek/urwiskowo/feeds/urwiskowo_allegro.xml HTTP/1.0" 200 9115898 "-" "-"
89.161.206.59 - - [05/Feb/2025:10:36:20 +0100] "GET /Jurek/reman/feeds/reman_allegro.xml HTTP/1.0" 200 1394887 "-" "-"
89.161.206.59 - - [05/Feb/2025:10:36:21 +0100] "GET /Jurek/szpaklampy/feeds/szpaklampy_allegro.xml HTTP/1.0" 200 416572 "-" "-"
46.101.116.244 - - [05/Feb/2025:10:36:33 +0100] "GET /Filip/feeds/xlsx_ceneo.xml HTTP/1.0" 200 6241376 "-" "-"
51.77.52.107 - - [05/Feb/2025:10:36:34 +0100] "POST /Filip/Rovicky/baselinker/baselinker-ceneo-shumee.php HTTP/2.0" 200 106776 "-" "BaseLinker/1.0"
193.33.8.61 - - [05/Feb/2025:10:37:28 +0100] "GET /Jurek/eany/data.csv HTTP/2.0" 304 0 "https://dkkapusta1997.usermd.net/Jurek/eany/" "Mozilla/5.0 (Windows NT 10.0; Win64; x64) AppleWebKit/537.36 (KHTML, like Gecko) Chrome/132.0.0.0 Safari/537.36"
46.101.116.244 - - [05/Feb/2025:10:40:47 +0100] "GET /Jurek/aw/feeds/aw_fnacfr.xml HTTP/1.0" 404 3551 "-" "-"
46.101.116.244 - - [05/Feb/2025:10:41:28 +0100] "GET /Filip/feeds/xlsx_ceneo.xml HTTP/1.0" 200 6241376 "-" "-"
51.77.52.107 - - [05/Feb/2025:10:41:29 +0100] "POST /Filip/Rovicky/baselinker/baselinker-ceneo-shumee.php HTTP/2.0" 200 106776 "-" "BaseLinker/1.0"
66.249.69.68 - - [05/Feb/2025:10:44:19 +0100] "GET /Jurek/eurofirany/images/387144/1.jpg HTTP/1.1" 200 101923 "-" "Googlebot-Image/1.0"
193.33.8.61 - - [05/Feb/2025:10:45:20 +0100] "GET /Jurek/awparts/feeds/awparts_zero.xml HTTP/2.0" 206 1 "https://konsola.dkkapusta1997.usermd.net/" "Mozilla/5.0 (Windows NT 10.0; Win64; x64) AppleWebKit/537.36 (KHTML, like Gecko) Chrome/132.0.0.0 Safari/537.36"
193.33.8.61 - - [05/Feb/2025:10:45:25 +0100] "GET /Jurek/awparts/feeds/awparts_zero.xml HTTP/2.0" 206 3555328 "https://konsola.dkkapusta1997.usermd.net/" "Mozilla/5.0 (Windows NT 10.0; Win64; x64) AppleWebKit/537.36 (KHTML, like Gecko) Chrome/132.0.0.0 Safari/537.36"
46.101.116.244 - - [05/Feb/2025:10:45:39 +0100] "GET /Jurek/aw/feeds/aw_fnacfr.xml HTTP/1.0" 404 3551 "-" "-"
77.79.248.229 - - [05/Feb/2025:10:45:42 +0100] "GET /Jurek/awparts/feeds/awparts_zero.xml HTTP/1.1" 200 1155051054 "-" "Python-urllib/3.11"
193.33.8.61 - - [05/Feb/2025:10:45:55 +0100] "GET /Jurek/eldar/output.txt HTTP/2.0" 200 5365 "https://konsola.dkkapusta1997.usermd.net/" "Mozilla/5.0 (Windows NT 10.0; Win64; x64) AppleWebKit/537.36 (KHTML, like Gecko) Chrome/132.0.0.0 Safari/537.36"
46.101.116.244 - - [05/Feb/2025:10:46:22 +0100] "GET /Filip/feeds/xlsx_ceneo.xml HTTP/1.0" 200 6241376 "-" "-"
51.77.52.107 - - [05/Feb/2025:10:46:22 +0100] "POST /Filip/Rovicky/baselinker/baselinker-ceneo-shumee.php HTTP/2.0" 200 106776 "-" "BaseLinker/1.0"
46.101.116.244 - - [05/Feb/2025:10:50:34 +0100] "GET /Jurek/aw/feeds/aw_fnacfr.xml HTTP/1.0" 404 3551 "-" "-"
193.33.8.61 - - [05/Feb/2025:10:50:34 +0100] "GET /Jurek/awparts/feeds/awparts_zero.xml HTTP/2.0" 206 1 "-" "Mozilla/5.0 (Windows NT 10.0; Win64; x64) AppleWebKit/537.36 (KHTML, like Gecko) Chrome/132.0.0.0 Safari/537.36"
193.33.8.61 - - [05/Feb/2025:10:50:36 +0100] "GET /Jurek/awparts/feeds/awparts_zero.xml HTTP/2.0" 206 147456 "-" "Mozilla/5.0 (Windows NT 10.0; Win64; x64) AppleWebKit/537.36 (KHTML, like Gecko) Chrome/132.0.0.0 Safari/537.36"
77.79.248.229 - - [05/Feb/2025:10:50:59 +0100] "GET /Jurek/awparts/feeds/awparts_zero.xml HTTP/1.1" 200 1155051054 "-" "Python-urllib/3.11"
89.161.206.59 - - [05/Feb/2025:10:51:11 +0100] "GET /Jurek/hurtownia_przemyslowa/feeds/hp_allegro_cz.xml HTTP/1.0" 200 49876961 "-" "-"
46.101.116.244 - - [05/Feb/2025:10:51:15 +0100] "GET /Filip/feeds/xlsx_ceneo.xml HTTP/1.0" 200 6241376 "-" "-"
51.77.52.107 - - [05/Feb/2025:10:51:15 +0100] "POST /Filip/Rovicky/baselinker/baselinker-ceneo-shumee.php HTTP/2.0" 200 106776 "-" "BaseLinker/1.0"
89.161.206.59 - - [05/Feb/2025:10:51:29 +0100] "GET /Jurek/waks/feeds/waks_allegro.xml HTTP/1.0" 200 6333840 "-" "-"
89.161.206.59 - - [05/Feb/2025:10:51:30 +0100] "GET /Jurek/oromed/feeds/oromed_allegro.xml HTTP/1.0" 200 961330 "-" "-"
89.161.206.59 - - [05/Feb/2025:10:51:32 +0100] "GET /Jurek/fertone/feeds/fertone_allegro.xml HTTP/1.0" 200 668989 "-" "-"
193.33.8.61 - - [05/Feb/2025:10:52:37 +0100] "GET /Jurek/combine/output.txt HTTP/2.0" 200 5671 "https://konsola.dkkapusta1997.usermd.net/" "Mozilla/5.0 (Windows NT 10.0; Win64; x64) AppleWebKit/537.36 (KHTML, like Gecko) Chrome/132.0.0.0 Safari/537.36"
178.21.154.6 - - [05/Feb/2025:10:54:00 +0100] "GET /Jurek/eurofirany/images/382252/0.jpg HTTP/1.1" 200 133518 "-" "-"
85.232.241.194 - - [05/Feb/2025:10:54:04 +0100] "GET /Jurek/topeshop/feeds/topeshop_xxxlutz.xml HTTP/1.1" 200 2443498 "-" "Python-urllib/3.11"
85.232.241.194 - - [05/Feb/2025:10:54:04 +0100] "GET /Jurek/hurtownia_przemyslowa/feeds/hp_xxxlutz.xml HTTP/1.1" 200 49869930 "-" "Python-urllib/3.11"
85.232.241.194 - - [05/Feb/2025:10:54:04 +0100] "GET /Jurek/fernity/feeds/fernity_xxxlutz.xml HTTP/1.1" 200 4984376 "-" "Python-urllib/3.11"
85.232.241.194 - - [05/Feb/2025:10:54:06 +0100] "GET /Jurek/benetech/feeds/benetech_xxlutz.xml HTTP/1.1" 200 4451757 "-" "Python-urllib/3.11"
85.232.241.194 - - [05/Feb/2025:10:54:06 +0100] "GET /Jurek/ekolight/feeds/ekolioght_xxlutz.xml HTTP/1.1" 200 9051716 "-" "Python-urllib/3.11"
85.232.241.194 - - [05/Feb/2025:10:54:06 +0100] "GET /Jurek/waks/feeds/waks_xxlutz.xml HTTP/1.1" 200 6332998 "-" "Python-urllib/3.11"
85.232.241.194 - - [05/Feb/2025:10:54:07 +0100] "GET /Jurek/ekuchcikowo/feeds/ekuchcikowo_xxxlutz.xml HTTP/1.1" 200 12905142 "-" "Python-urllib/3.11"
85.232.241.194 - - [05/Feb/2025:10:54:07 +0100] "GET /Jurek/fertone/feeds/fertone_xxlutz.xml HTTP/1.1" 200 668853 "-" "Python-urllib/3.11"
85.232.241.194 - - [05/Feb/2025:10:54:09 +0100] "GET /Jurek/intsell/feeds/intsell_xxxlutz.xml HTTP/1.1" 200 338826775 "-" "Python-urllib/3.11"
66.249.69.70 - - [05/Feb/2025:10:54:30 +0100] "GET /Jurek/eurofirany/images/367111/5.jpg HTTP/1.1" 200 112085 "-" "Googlebot-Image/1.0"
46.101.116.244 - - [05/Feb/2025:10:55:31 +0100] "GET /Jurek/aw/feeds/aw_fnacfr.xml HTTP/1.0" 404 3551 "-" "-"
46.101.116.244 - - [05/Feb/2025:10:56:15 +0100] "GET /Filip/feeds/xlsx_ceneo.xml HTTP/1.0" 200 6241376 "-" "-"
51.77.52.107 - - [05/Feb/2025:10:56:16 +0100] "POST /Filip/Rovicky/baselinker/baselinker-ceneo-shumee.php HTTP/2.0" 200 106776 "-" "BaseLinker/1.0"
193.33.8.61 - - [05/Feb/2025:10:57:29 +0100] "GET /Jurek/motofan/feeds/motofan_zero.xml HTTP/2.0" 200 2392298 "https://konsola.dkkapusta1997.usermd.net/" "Mozilla/5.0 (Windows NT 10.0; Win64; x64) AppleWebKit/537.36 (KHTML, like Gecko) Chrome/132.0.0.0 Safari/537.36"
77.79.248.229 - - [05/Feb/2025:10:57:39 +0100] "GET /Jurek/motofan/feeds/motofan_zero.xml HTTP/1.1" 200 2392298 "-" "Python-urllib/3.11"
77.79.248.229 - - [05/Feb/2025:10:58:03 +0100] "GET /Jurek/eurofirany/feeds/eurofirany_manomanode.xml HTTP/1.1" 200 18940754 "-" "Python-urllib/3.11"
77.79.248.229 - - [05/Feb/2025:10:58:06 +0100] "GET /Jurek/hurtownia_przemyslowa/feeds/hp_manomanode.xml HTTP/1.1" 200 49870093 "-" "Python-urllib/3.11"
77.79.248.229 - - [05/Feb/2025:10:58:07 +0100] "GET /Jurek/topeshop/feeds/topeshop_manoDE.xml HTTP/1.1" 200 2443523 "-" "Python-urllib/3.11"
77.79.248.229 - - [05/Feb/2025:10:58:09 +0100] "GET /Jurek/aw/feeds/awnarzedzia_manomanoDE.xml HTTP/1.1" 200 90476991 "-" "Python-urllib/3.11"
77.79.248.229 - - [05/Feb/2025:10:58:10 +0100] "GET /Jurek/action/feeds/action_manomano_DE.xml HTTP/1.1" 200 55045719 "-" "Python-urllib/3.11"
77.79.248.229 - - [05/Feb/2025:10:58:10 +0100] "GET /Jurek/fernity/feeds/fernity_manomano.xml HTTP/1.1" 200 4984406 "-" "Python-urllib/3.11"
77.79.248.229 - - [05/Feb/2025:10:58:11 +0100] "GET /Jurek/eurofirany/feeds/eurofirany_manomanofr.xml HTTP/1.1" 200 18941032 "-" "Python-urllib/3.11"
77.79.248.229 - - [05/Feb/2025:10:58:12 +0100] "GET /Jurek/hurtownia_przemyslowa/feeds/hp_manomanofr.xml HTTP/1.1" 200 49870814 "-" "Python-urllib/3.11"
77.79.248.229 - - [05/Feb/2025:10:58:13 +0100] "GET /Jurek/kinghome/feeds/kinghome_manomanofr.xml HTTP/1.1" 200 5716376 "-" "Python-urllib/3.11"
77.79.248.229 - - [05/Feb/2025:10:58:13 +0100] "GET /Jurek/topeshop/feeds/topeshop_manoFR.xml HTTP/1.1" 200 2443589 "-" "Python-urllib/3.11"
77.79.248.229 - - [05/Feb/2025:10:58:14 +0100] "GET /Jurek/activeshop/feeds/activeshop_manomanofr.xml HTTP/1.1" 200 10398496 "-" "Python-urllib/3.11"
77.79.248.229 - - [05/Feb/2025:10:58:16 +0100] "GET /Jurek/aw/feeds/awnarzedzia_manomanofr.xml HTTP/1.1" 200 90478646 "-" "Python-urllib/3.11"
77.79.248.229 - - [05/Feb/2025:10:58:17 +0100] "GET /Jurek/hurtownia_przemyslowa/feeds/hp_manomanoit.xml HTTP/1.1" 200 49870765 "-" "Python-urllib/3.11"
77.79.248.229 - - [05/Feb/2025:10:58:18 +0100] "GET /Jurek/eurofirany/feeds/eurofirany_manomanoit.xml HTTP/1.1" 200 18940958 "-" "Python-urllib/3.11"
77.79.248.229 - - [05/Feb/2025:10:58:20 +0100] "GET /Jurek/fernity/feeds/fernity_manoIT.xml HTTP/1.1" 200 4984936 "-" "Python-urllib/3.11"
77.79.248.229 - - [05/Feb/2025:10:58:20 +0100] "GET /Jurek/topeshop/feeds/topeshop_manoIT.xml HTTP/1.1" 200 2443627 "-" "Python-urllib/3.11"
77.79.248.229 - - [05/Feb/2025:10:58:22 +0100] "GET /Jurek/action/feeds/action_manomano_IT.xml HTTP/1.1" 200 55046763 "-" "Python-urllib/3.11"
77.79.248.229 - - [05/Feb/2025:10:58:22 +0100] "GET /Jurek/activeshop/feeds/activeshop_manomanoit.xml HTTP/1.1" 200 10398668 "-" "Python-urllib/3.11"
77.79.248.229 - - [05/Feb/2025:10:58:27 +0100] "GET /Jurek/aw/feeds/awnarzedzia_manomanoIT.xml HTTP/1.1" 200 90479214 "-" "Python-urllib/3.11"
77.79.248.229 - - [05/Feb/2025:10:58:28 +0100] "GET /Jurek/barbecook/feeds/barbecook_manoit.xml HTTP/1.1" 200 87530 "-" "Python-urllib/3.11"
89.161.206.59 - - [05/Feb/2025:10:58:36 +0100] "GET /Jurek/amzteam/feeds/amzteam_emagro.xml HTTP/1.0" 200 97907 "-" "-"
89.161.206.59 - - [05/Feb/2025:10:58:36 +0100] "GET /Jurek/kambukka/feeds/kambukka_emagro.xml HTTP/1.0" 200 973455 "-" "-"
89.161.206.59 - - [05/Feb/2025:10:58:36 +0100] "GET /Jurek/benetech/feeds/benetech_emagro.xml HTTP/1.0" 200 4452138 "-" "-"
89.161.206.59 - - [05/Feb/2025:10:58:36 +0100] "GET /Jurek/pawonik/feeds/pawonik_emagro.xml HTTP/1.0" 200 2534817 "-" "-"
89.161.206.59 - - [05/Feb/2025:10:58:36 +0100] "GET /Jurek/slayo/feeds/slayo_emagro.xml HTTP/1.0" 200 195556 "-" "-"
89.161.206.59 - - [05/Feb/2025:10:58:37 +0100] "GET /Jurek/pagmil/feeds/pagmil_emagro.xml HTTP/1.0" 200 1705799 "-" "-"
89.161.206.59 - - [05/Feb/2025:10:58:37 +0100] "GET /Jurek/mosti/feeds/mosti_emagro.xml HTTP/1.0" 200 9250029 "-" "-"
89.161.206.59 - - [05/Feb/2025:10:58:37 +0100] "GET /Jurek/hdwr/feeds/hdwr_emagro.xml HTTP/1.0" 200 777976 "-" "-"
89.161.206.59 - - [05/Feb/2025:10:58:37 +0100] "GET /Jurek/sempler/feeds/sempler_emagro.xml HTTP/1.0" 200 6554044 "-" "-"
89.161.206.59 - - [05/Feb/2025:10:58:37 +0100] "GET /Jurek/waks/feeds/waks_emagro.xml HTTP/1.0" 200 6334402 "-" "-"
89.161.206.59 - - [05/Feb/2025:10:58:38 +0100] "GET /Jurek/eroplace/feeds/eroplace_emagro.xml HTTP/1.0" 200 30859918 "-" "-"
89.161.206.59 - - [05/Feb/2025:10:58:38 +0100] "GET /Jurek/kinghoff/feeds/kinghoff_emagro.xml HTTP/1.0" 200 14334975 "-" "-"
89.161.206.59 - - [05/Feb/2025:10:58:39 +0100] "GET /Jurek/b3/feeds/b3_emagro.xml HTTP/1.0" 200 7173029 "-" "-"
89.161.206.59 - - [05/Feb/2025:10:58:39 +0100] "GET /Jurek/bass/feeds/bass_emagro.xml HTTP/1.0" 200 3985195 "-" "-"
89.161.206.59 - - [05/Feb/2025:10:58:39 +0100] "GET /Jurek/eurofirany/feeds/eurofirany_emagro.xml HTTP/1.0" 200 18952907 "-" "-"
89.161.206.59 - - [05/Feb/2025:10:58:39 +0100] "GET /Jurek/ikonka/feeds/ikonka_emagro.xml HTTP/1.0" 200 22779293 "-" "-"
89.161.206.59 - - [05/Feb/2025:10:58:40 +0100] "GET /Jurek/hurtmeblowy/feeds/hurtmeblowy_emagro.xml HTTP/1.0" 200 8040585 "-" "-"
89.161.206.59 - - [05/Feb/2025:10:58:40 +0100] "GET /Jurek/ralmetal/feeds/ralmetal_emag.xml HTTP/1.0" 200 1787426 "-" "-"
89.161.206.59 - - [05/Feb/2025:10:58:40 +0100] "GET /Jurek/oromed/feeds/oromed_emagro.xml HTTP/1.0" 200 961366 "-" "-"
89.161.206.59 - - [05/Feb/2025:10:58:41 +0100] "GET /Jurek/artdog/feeds/artdog_emagro.xml HTTP/1.0" 200 15936239 "-" "-"
89.161.206.59 - - [05/Feb/2025:10:58:41 +0100] "GET /Jurek/ekolight/feeds/ekolioght_emagro.xml HTTP/1.0" 200 9054085 "-" "-"
89.161.206.59 - - [05/Feb/2025:10:58:42 +0100] "GET /Jurek/narzbud/feeds/narzbud_emagro.xml HTTP/1.0" 200 1611960 "-" "-"
89.161.206.59 - - [05/Feb/2025:10:58:42 +0100] "GET /Jurek/swiatecznygoliat/feeds/swiatecznygoliat_emagro.xml HTTP/1.0" 200 7196998 "-" "-"
89.161.206.59 - - [05/Feb/2025:10:58:42 +0100] "GET /Jurek/drops/feeds/dropsofficecolection_emagro.xml HTTP/1.0" 200 788357 "-" "-"
89.161.206.59 - - [05/Feb/2025:10:58:42 +0100] "GET /Jurek/szpaklampy/feeds/szpaklampy_emagro.xml HTTP/1.0" 200 416588 "-" "-"
89.161.206.59 - - [05/Feb/2025:10:58:43 +0100] "GET /Jurek/ekuchcikowo/feeds/ekuchcikowo_emagro.xml HTTP/1.0" 200 12907305 "-" "-"
89.161.206.59 - - [05/Feb/2025:10:58:43 +0100] "GET /Jurek/spali/feeds/spali_emagro.xml HTTP/1.0" 200 101970 "-" "-"
89.161.206.59 - - [05/Feb/2025:10:58:43 +0100] "GET /Jurek/eldar/feeds/eldar_emagro.xml HTTP/1.0" 404 3551 "-" "-"
89.161.206.59 - - [05/Feb/2025:10:58:43 +0100] "GET /Jurek/combine/feeds/combine_EMAGRO.xml HTTP/1.0" 200 210578 "-" "-"
89.161.206.59 - - [05/Feb/2025:10:58:43 +0100] "GET /Jurek/edruk/feeds/edruk_emagro.xml HTTP/1.0" 200 13455244 "-" "-"
89.161.206.59 - - [05/Feb/2025:10:58:44 +0100] "GET /Jurek/velinda/feeds/velinda_emagro.xml HTTP/1.0" 200 4283286 "-" "-"
89.161.206.59 - - [05/Feb/2025:10:58:44 +0100] "GET /Jurek/reman/feeds/reman_emagro.xml HTTP/1.0" 200 1394930 "-" "-"
89.161.206.59 - - [05/Feb/2025:10:58:44 +0100] "GET /Jurek/urwiskowo/feeds/urwiskowo_emagro.xml HTTP/1.0" 200 9116996 "-" "-"
89.161.206.59 - - [05/Feb/2025:10:58:44 +0100] "GET /Jurek/erohurtownia/feeds/erohurtownia_emagro.xml HTTP/1.0" 200 23315972 "-" "-"
66.249.69.69 - - [05/Feb/2025:10:59:36 +0100] "GET /Jurek/eurofirany/images/385860/2.jpg HTTP/1.1" 200 85451 "-" "Googlebot-Image/1.0"
