85.14.86.141 - - [05/Feb/2025:13:03:12 +0100] "GET /Jurek/kinghoff/feeds/kinghoff_morele.xml HTTP/2.0" 200 14333707 "-" "MarketplaceAPI curl/7.64.0 PHP/8"
46.101.116.244 - - [05/Feb/2025:13:03:29 +0100] "GET /Jurek/rovicky/feeds/rovicky_mallczsh.xml HTTP/2.0" 200 14201223 "-" "-"
46.101.116.244 - - [05/Feb/2025:13:03:41 +0100] "GET /Jurek/detian/feeds/detian_mallczsh.xml HTTP/2.0" 404 3551 "-" "-"
46.101.116.244 - - [05/Feb/2025:13:03:52 +0100] "GET /Jurek/ikonka/feeds/ikonka_mallczsh.xml HTTP/2.0" 200 22780449 "-" "-"
46.101.116.244 - - [05/Feb/2025:13:04:06 +0100] "GET /Jurek/candellux/feeds/candellux_mallczsh.xml HTTP/2.0" 200 466317 "-" "-"
46.101.116.244 - - [05/Feb/2025:13:04:18 +0100] "GET /Jurek/andex/feeds/andex_mallczsh.xml HTTP/2.0" 200 1954518 "-" "-"
46.101.116.244 - - [05/Feb/2025:13:04:28 +0100] "GET /Jurek/barbecook/feeds/barbecook_mallczsh.xml HTTP/2.0" 200 87609 "-" "-"
34.249.177.182 - - [05/Feb/2025:13:04:37 +0100] "GET /Jurek/topeshop/downloaded_images/5904507209391_profilowe.jpg HTTP/1.1" 404 3551 "-" "Mozilla/5.0 (X11; Ubuntu; Linux x86_64; rv:65.0) Gecko/20100101 Firefox/65.0"
34.249.177.182 - - [05/Feb/2025:13:04:37 +0100] "GET /Jurek/topeshop/downloaded_images/5904507209391_3.jpg HTTP/1.1" 404 3551 "-" "Mozilla/5.0 (X11; Ubuntu; Linux x86_64; rv:65.0) Gecko/20100101 Firefox/65.0"
34.249.177.182 - - [05/Feb/2025:13:04:37 +0100] "GET /Jurek/topeshop/downloaded_images/5904507209391_1-2Artisanorginal.png HTTP/1.1" 404 3551 "-" "Mozilla/5.0 (X11; Ubuntu; Linux x86_64; rv:65.0) Gecko/20100101 Firefox/65.0"
34.249.177.182 - - [05/Feb/2025:13:04:37 +0100] "GET /Jurek/topeshop/downloaded_images/5904507209391_1.jpg HTTP/1.1" 404 3551 "-" "Mozilla/5.0 (X11; Ubuntu; Linux x86_64; rv:65.0) Gecko/20100101 Firefox/65.0"
52.209.181.45 - - [05/Feb/2025:13:04:38 +0100] "GET /Jurek/topeshop/downloaded_images/5904507209018_1op.jpg HTTP/1.1" 404 3551 "-" "Mozilla/5.0 (X11; Ubuntu; Linux x86_64; rv:65.0) Gecko/20100101 Firefox/65.0"
52.209.181.45 - - [05/Feb/2025:13:04:38 +0100] "GET /Jurek/topeshop/downloaded_images/5904507209391_1-1artisanorginal.png HTTP/1.1" 404 3551 "-" "Mozilla/5.0 (X11; Ubuntu; Linux x86_64; rv:65.0) Gecko/20100101 Firefox/65.0"
52.209.181.45 - - [05/Feb/2025:13:04:38 +0100] "GET /Jurek/topeshop/downloaded_images/5904507209391_1-3ArtisanOrgina%C5%82.png HTTP/1.1" 404 3551 "-" "Mozilla/5.0 (X11; Ubuntu; Linux x86_64; rv:65.0) Gecko/20100101 Firefox/65.0"
46.101.116.244 - - [05/Feb/2025:13:04:39 +0100] "GET /Jurek/duka/feeds/duka_mallczsh.xml HTTP/2.0" 200 57 "-" "-"
46.101.116.244 - - [05/Feb/2025:13:04:50 +0100] "GET /Jurek/miloohome/feeds/miloohome_mallczsh.xml HTTP/2.0" 200 1421876 "-" "-"
46.101.116.244 - - [05/Feb/2025:13:05:00 +0100] "GET /Jurek/hurtownia_przemyslowa/feeds/hp_mallsksh.xml HTTP/2.0" 200 49869999 "-" "-"
77.79.248.229 - - [05/Feb/2025:13:05:00 +0100] "GET /Jurek/kambukka/feeds/kambukka_cdon_dk.xml HTTP/1.1" 200 973593 "-" "Python-urllib/3.11"
46.101.116.244 - - [05/Feb/2025:13:05:01 +0100] "GET /Jurek/stema/feeds/stema_mallczsh.xml HTTP/2.0" 200 860907 "-" "-"
46.101.116.244 - - [05/Feb/2025:13:05:19 +0100] "GET /Jurek/aw/feeds/awnarzedzia_mallczsh.xml HTTP/2.0" 200 90583447 "-" "-"
85.14.86.141 - - [05/Feb/2025:13:05:29 +0100] "GET /Jurek/eurofirany/feeds/eurofirany_morele.xml HTTP/2.0" 200 18942396 "-" "MarketplaceAPI curl/7.64.0 PHP/8"
46.101.116.244 - - [05/Feb/2025:13:05:37 +0100] "GET /Jurek/action/feeds/action_mallsksh.xml HTTP/2.0" 200 55045291 "-" "-"
85.14.86.141 - - [05/Feb/2025:13:05:48 +0100] "GET /Jurek/vivaldi/feeds/vivaldi_Morele-PL.xml HTTP/2.0" 200 344674 "-" "MarketplaceAPI curl/7.64.0 PHP/8"
77.79.248.229 - - [05/Feb/2025:13:06:04 +0100] "GET /Jurek/kambukka/feeds/kambukka_cdon_fi.xml HTTP/1.1" 200 973338 "-" "Python-urllib/3.11"
46.101.116.244 - - [05/Feb/2025:13:07:00 +0100] "GET /Jurek/update_twm_on_mall/feeds/twm_all_cats.xml HTTP/1.1" 200 132749 "-" "-"
85.14.86.141 - - [05/Feb/2025:13:07:02 +0100] "GET /Jurek/aw/feeds/awnarzedzia_morele.xml HTTP/2.0" 200 90490404 "-" "MarketplaceAPI curl/7.64.0 PHP/8"
85.14.86.141 - - [05/Feb/2025:13:07:24 +0100] "GET /Jurek/vida_morele/feeds/VidaPL_morele.xml HTTP/2.0" 200 695323552 "-" "MarketplaceAPI curl/7.64.0 PHP/8"
85.14.86.141 - - [05/Feb/2025:13:07:43 +0100] "GET /Jurek/miloohome/feeds/miloohome_morele.xml HTTP/2.0" 200 1421250 "-" "MarketplaceAPI curl/7.64.0 PHP/8"
46.101.116.244 - - [05/Feb/2025:13:07:59 +0100] "GET /Jurek/teamson/feeds/teamson_mallsksh.xml HTTP/2.0" 200 1094496 "-" "-"
85.14.86.141 - - [05/Feb/2025:13:08:09 +0100] "GET /Jurek/beliani/feeds/beliani_morele.xml HTTP/2.0" 200 31930555 "-" "MarketplaceAPI curl/7.64.0 PHP/8"
46.101.116.244 - - [05/Feb/2025:13:08:13 +0100] "GET /Jurek/unimet/feeds/unimet_mallsksh.xml HTTP/2.0" 200 61004135 "-" "-"
46.101.116.244 - - [05/Feb/2025:13:08:27 +0100] "GET /Jurek/hurtownia_przemyslowa/feeds/hp_velomarket.xml HTTP/1.0" 200 49874379 "-" "-"
46.101.116.244 - - [05/Feb/2025:13:08:34 +0100] "GET /Jurek/vida_morele/feeds/vida_mallczsh.xml HTTP/2.0" 200 697943368 "-" "-"
46.101.116.244 - - [05/Feb/2025:13:08:39 +0100] "GET /Jurek/benbaby/feeds/benbaby_velo.xml HTTP/1.0" 200 3696554 "-" "-"
46.101.116.244 - - [05/Feb/2025:13:08:40 +0100] "GET /Jurek/aw/feeds/awnarzedzia_velomarket.xml HTTP/1.0" 200 8399697 "-" "-"
46.101.116.244 - - [05/Feb/2025:13:09:07 +0100] "GET /Jurek/beliani/feeds/beliani_sk_mallsk.xml HTTP/2.0" 200 22446863 "-" "-"
193.33.8.61 - - [05/Feb/2025:13:09:14 +0100] "GET /Jurek/hdwr/feeds/hdwr_cdon_se.xml HTTP/2.0" 200 778085 "https://konsola.dkkapusta1997.usermd.net/" "Mozilla/5.0 (Windows NT 10.0; Win64; x64) AppleWebKit/537.36 (KHTML, like Gecko) Chrome/132.0.0.0 Safari/537.36"
193.33.8.61 - - [05/Feb/2025:13:09:16 +0100] "GET /Jurek/hdwr/feeds/hdwr_cdon_dk.xml HTTP/2.0" 200 778034 "https://konsola.dkkapusta1997.usermd.net/" "Mozilla/5.0 (Windows NT 10.0; Win64; x64) AppleWebKit/537.36 (KHTML, like Gecko) Chrome/132.0.0.0 Safari/537.36"
193.33.8.61 - - [05/Feb/2025:13:09:16 +0100] "GET /Jurek/hdwr/feeds/hdwr_cdon_fi.xml HTTP/2.0" 200 777823 "https://konsola.dkkapusta1997.usermd.net/" "Mozilla/5.0 (Windows NT 10.0; Win64; x64) AppleWebKit/537.36 (KHTML, like Gecko) Chrome/132.0.0.0 Safari/537.36"
77.79.248.229 - - [05/Feb/2025:13:09:26 +0100] "GET /Jurek/hdwr/feeds/hdwr_cdon_se.xml HTTP/1.1" 200 778085 "-" "Python-urllib/3.11"
46.101.116.244 - - [05/Feb/2025:13:09:32 +0100] "GET /Filip/feeds/xlsx_ceneo.xml HTTP/1.0" 200 6241376 "-" "-"
51.77.52.107 - - [05/Feb/2025:13:09:32 +0100] "POST /Filip/Rovicky/baselinker/baselinker-ceneo-shumee.php HTTP/2.0" 200 106776 "-" "BaseLinker/1.0"
46.101.116.244 - - [05/Feb/2025:13:09:37 +0100] "GET /Jurek/rovicky/feeds/rovicky_mallsksh.xml HTTP/2.0" 200 14196171 "-" "-"
46.101.116.244 - - [05/Feb/2025:13:09:48 +0100] "GET /Jurek/detian/feeds/detian_mallsksh.xml HTTP/2.0" 404 3551 "-" "-"
46.101.116.244 - - [05/Feb/2025:13:09:59 +0100] "GET /Jurek/ikonka/feeds/ikonka_mallsksh.xml HTTP/2.0" 200 22777941 "-" "-"
46.101.116.244 - - [05/Feb/2025:13:10:14 +0100] "GET /Jurek/candellux/feeds/candellux_mallsksh.xml HTTP/2.0" 200 465714 "-" "-"
46.101.116.244 - - [05/Feb/2025:13:10:25 +0100] "GET /Jurek/andex/feeds/andex_mallsksh.xml HTTP/2.0" 200 1953408 "-" "-"
46.101.116.244 - - [05/Feb/2025:13:10:36 +0100] "GET /Jurek/aw/feeds/aw_fnacfr.xml HTTP/1.0" 404 3551 "-" "-"
46.101.116.244 - - [05/Feb/2025:13:10:39 +0100] "GET /Jurek/chemex/feeds/chemex_mallsksh.xml HTTP/2.0" 200 47810988 "-" "-"
46.101.116.244 - - [05/Feb/2025:13:10:58 +0100] "GET /Jurek/barbecook/feeds/barbecook_mallsksh.xml HTTP/2.0" 200 87520 "-" "-"
46.101.116.244 - - [05/Feb/2025:13:11:08 +0100] "GET /Jurek/duka/feeds/duka_mallsksh.xml HTTP/2.0" 200 57 "-" "-"
46.101.116.244 - - [05/Feb/2025:13:11:19 +0100] "GET /Jurek/miloohome/feeds/miloohome_mallsksh.xml HTTP/2.0" 200 1421052 "-" "-"
46.101.116.244 - - [05/Feb/2025:13:11:25 +0100] "GET /Jurek/beliani/feeds/beliani_velomarket.xml HTTP/1.0" 200 31930767 "-" "-"
46.101.116.244 - - [05/Feb/2025:13:11:30 +0100] "GET /Jurek/stema/feeds/stema_mallsksh.xml HTTP/2.0" 200 860277 "-" "-"
46.101.116.244 - - [05/Feb/2025:13:11:37 +0100] "GET /Filip/feeds/xlsx_ceneo.xml HTTP/1.0" 200 6241376 "-" "-"
51.77.52.107 - - [05/Feb/2025:13:11:38 +0100] "POST /Filip/Rovicky/baselinker/baselinker-ceneo-shumee.php HTTP/2.0" 200 106776 "-" "BaseLinker/1.0"
46.101.116.244 - - [05/Feb/2025:13:11:47 +0100] "GET /Jurek/aw/feeds/awnarzedzia_mallsksh.xml HTTP/2.0" 200 90477822 "-" "-"
89.161.206.59 - - [05/Feb/2025:13:11:47 +0100] "GET /Jurek/narzbud/feeds/narzbud_skroutz.xml HTTP/1.0" 200 1611729 "-" "-"
89.161.206.59 - - [05/Feb/2025:13:11:47 +0100] "GET /Jurek/drops/feeds/dropsofficecolection_skroutz.xml HTTP/1.0" 200 787918 "-" "-"
89.161.206.59 - - [05/Feb/2025:13:11:47 +0100] "GET /Jurek/szpaklampy/feeds/szpaklampy_skroutz.xml HTTP/1.0" 200 416460 "-" "-"
89.161.206.59 - - [05/Feb/2025:13:12:01 +0100] "GET /Jurek/spali/feeds/spali_skroutz.xml HTTP/1.0" 200 101943 "-" "-"
89.161.206.59 - - [05/Feb/2025:13:12:01 +0100] "GET /Jurek/combine/feeds/combine_skroutz.xml HTTP/1.0" 200 210557 "-" "-"
185.6.76.18 - - [05/Feb/2025:13:12:45 +0100] "GET /marketplaces/skroutz/feeds/shumee.xml HTTP/1.1" 200 349521673 "-" "SkroutzBot v1.0"
46.101.116.244 - - [05/Feb/2025:13:13:34 +0100] "GET /Jurek/fernity/feeds/fernity_mallsksh.xml HTTP/2.0" 200 4984294 "-" "-"
46.101.116.244 - - [05/Feb/2025:13:14:00 +0100] "GET /Jurek/kinghoff/feeds/kinghoff_mallsksh.xml HTTP/2.0" 200 14332930 "-" "-"
46.101.116.244 - - [05/Feb/2025:13:14:17 +0100] "GET /Jurek/kinghome/feeds/kinghome_mallslsh.xml HTTP/2.0" 200 5696601 "-" "-"
46.101.116.244 - - [05/Feb/2025:13:14:29 +0100] "GET /Jurek/vivaldi/feeds/vivaldi_Mall-sksh.xml HTTP/2.0" 200 344635 "-" "-"
46.101.116.244 - - [05/Feb/2025:13:14:40 +0100] "GET /Jurek/eurofirany/feeds/eurofirany_mall_sk_shumee.xml HTTP/2.0" 200 18940817 "-" "-"
193.33.8.61 - - [05/Feb/2025:13:14:50 +0100] "GET /Jurek/wezer/feeds/wezer_zero.xml HTTP/2.0" 200 210954 "-" "Mozilla/5.0 (Macintosh; Intel Mac OS X 10_15_7) AppleWebKit/537.36 (KHTML, like Gecko) Chrome/132.0.0.0 Safari/537.36"
46.101.116.244 - - [05/Feb/2025:13:15:34 +0100] "GET /Jurek/aw/feeds/aw_fnacfr.xml HTTP/1.0" 404 3551 "-" "-"
46.101.116.244 - - [05/Feb/2025:13:16:08 +0100] "GET /Jurek/kinghoff/feeds/kinghoff_velo.xml HTTP/1.0" 200 14333828 "-" "-"
46.101.116.244 - - [05/Feb/2025:13:16:20 +0100] "GET /Filip/feeds/xlsx_ceneo.xml HTTP/1.0" 200 6241376 "-" "-"
51.77.52.107 - - [05/Feb/2025:13:16:20 +0100] "POST /Filip/Rovicky/baselinker/baselinker-ceneo-shumee.php HTTP/2.0" 200 106776 "-" "BaseLinker/1.0"
193.33.8.61 - - [05/Feb/2025:13:16:55 +0100] "GET /Jurek/eoptimo/feeds/eoptimo_zero.xml HTTP/2.0" 200 1958979 "https://konsola.dkkapusta1997.usermd.net/" "Mozilla/5.0 (Windows NT 10.0; Win64; x64) AppleWebKit/537.36 (KHTML, like Gecko) Chrome/131.0.0.0 Safari/537.36"
77.79.248.229 - - [05/Feb/2025:13:17:01 +0100] "GET /Jurek/eoptimo/feeds/eoptimo_zero.xml HTTP/1.1" 200 1958979 "-" "Python-urllib/3.11"
77.79.248.229 - - [05/Feb/2025:13:17:19 +0100] "GET /Jurek/hdwr/feeds/hdwr_cdon_dk.xml HTTP/1.1" 200 778034 "-" "Python-urllib/3.11"
46.101.116.244 - - [05/Feb/2025:13:18:03 +0100] "GET /Jurek/flhf/feeds/flhf_mallsksh.xml HTTP/2.0" 404 3551 "-" "-"
46.101.116.244 - - [05/Feb/2025:13:18:16 +0100] "GET /Jurek/octopia/feeds/octopia_mallsksh.xml HTTP/2.0" 200 10557717 "-" "-"
77.79.248.229 - - [05/Feb/2025:13:18:54 +0100] "GET /Jurek/hdwr/feeds/hdwr_cdon_fi.xml HTTP/1.1" 200 777823 "-" "Python-urllib/3.11"
193.33.8.61 - - [05/Feb/2025:13:19:19 +0100] "GET /Jurek/galopibhp/feeds/galopibhp_zero.xml HTTP/2.0" 200 1982736 "https://konsola.dkkapusta1997.usermd.net/" "Mozilla/5.0 (Windows NT 10.0; Win64; x64) AppleWebKit/537.36 (KHTML, like Gecko) Chrome/131.0.0.0 Safari/537.36"
77.79.248.229 - - [05/Feb/2025:13:19:22 +0100] "GET /Jurek/galopibhp/feeds/galopibhp_zero.xml HTTP/1.1" 200 1982736 "-" "Python-urllib/3.11"
46.101.116.244 - - [05/Feb/2025:13:19:31 +0100] "GET /Jurek/vidaSK/feeds/vida_mallsh.xml HTTP/2.0" 200 644594110 "-" "-"
46.101.116.244 - - [05/Feb/2025:13:20:55 +0100] "GET /Jurek/aw/feeds/aw_fnacfr.xml HTTP/1.0" 404 3551 "-" "-"
89.161.206.59 - - [05/Feb/2025:13:21:16 +0100] "GET /Jurek/swiatecznygoliat/feeds/swiatecznygoliat_allegro.xml HTTP/1.0" 200 7196363 "-" "-"
89.161.206.59 - - [05/Feb/2025:13:21:18 +0100] "GET /Jurek/velinda/feeds/velinda_allegro.xml HTTP/1.0" 200 4283152 "-" "-"
193.33.8.61 - - [05/Feb/2025:13:21:18 +0100] "GET /Jurek/bisanti/feeds/bisanti_zero.xml HTTP/2.0" 200 1132418 "https://konsola.dkkapusta1997.usermd.net/" "Mozilla/5.0 (Windows NT 10.0; Win64; x64) AppleWebKit/537.36 (KHTML, like Gecko) Chrome/131.0.0.0 Safari/537.36"
89.161.206.59 - - [05/Feb/2025:13:21:19 +0100] "GET /Jurek/hurtmeblowy/feeds/hurtmeblowy_allegro.xml HTTP/1.0" 200 8040430 "-" "-"
77.79.248.229 - - [05/Feb/2025:13:21:22 +0100] "GET /Jurek/bisanti/feeds/bisanti_zero.xml HTTP/1.1" 200 1132418 "-" "Python-urllib/3.11"
46.101.116.244 - - [05/Feb/2025:13:21:36 +0100] "GET /Filip/feeds/xlsx_ceneo.xml HTTP/1.0" 200 6241376 "-" "-"
51.77.52.107 - - [05/Feb/2025:13:21:36 +0100] "POST /Filip/Rovicky/baselinker/baselinker-ceneo-shumee.php HTTP/2.0" 200 106776 "-" "BaseLinker/1.0"
85.232.241.194 - - [05/Feb/2025:13:22:03 +0100] "GET /Jurek/aw/feeds/aw_rue.xml HTTP/1.1" 200 90483187 "-" "Python-urllib/3.11"
85.232.241.194 - - [05/Feb/2025:13:22:04 +0100] "GET /Jurek/hurtownia_przemyslowa/feeds/hp_rue.xml HTTP/1.1" 200 49870263 "-" "Python-urllib/3.11"
85.232.241.194 - - [05/Feb/2025:13:22:06 +0100] "GET /Jurek/action/feeds/action_rue.xml HTTP/1.1" 200 55047061 "-" "Python-urllib/3.11"
85.232.241.194 - - [05/Feb/2025:13:22:30 +0100] "GET /Jurek/unimet/feeds/unimet_rue.xml HTTP/1.1" 200 61004985 "-" "Python-urllib/3.11"
85.232.241.194 - - [05/Feb/2025:13:22:30 +0100] "GET /Jurek/ikonka/feeds/ikonka_rue.xml HTTP/1.1" 200 22777954 "-" "Python-urllib/3.11"
85.232.241.194 - - [05/Feb/2025:13:22:30 +0100] "GET /Jurek/kinghome/feeds/kinghome_rue.xml HTTP/1.1" 200 5716460 "-" "Python-urllib/3.11"
85.232.241.194 - - [05/Feb/2025:13:22:30 +0100] "GET /Jurek/fernity/feeds/fernity_rue.xml HTTP/1.1" 200 4984687 "-" "Python-urllib/3.11"
85.232.241.194 - - [05/Feb/2025:13:22:32 +0100] "GET /Jurek/topeshop/feeds/topeshop_rue.xml HTTP/1.1" 200 2430329 "-" "Python-urllib/3.11"
85.232.241.194 - - [05/Feb/2025:13:22:35 +0100] "GET /Jurek/kinghoff/feeds/kinghoff_rue.xml HTTP/1.1" 200 14333071 "-" "Python-urllib/3.11"
85.232.241.194 - - [05/Feb/2025:13:22:35 +0100] "GET /Jurek/emibig/feeds/emibig_rue.xml HTTP/1.1" 200 2522549 "-" "Python-urllib/3.11"
85.232.241.194 - - [05/Feb/2025:13:22:35 +0100] "GET /Jurek/eurofirany/feeds/eurofirany_rue.xml HTTP/1.1" 200 18940909 "-" "Python-urllib/3.11"
85.232.241.194 - - [05/Feb/2025:13:22:36 +0100] "GET /Jurek/amzteam/feeds/amzteam_rue.xml HTTP/1.1" 200 97880 "-" "Python-urllib/3.11"
85.232.241.194 - - [05/Feb/2025:13:22:36 +0100] "GET /Jurek/kambukka/feeds/kambukka_rue.xml HTTP/1.1" 200 973329 "-" "Python-urllib/3.11"
85.232.241.194 - - [05/Feb/2025:13:22:36 +0100] "GET /Jurek/benetech/feeds/benetech_RUE.xml HTTP/1.1" 200 4451829 "-" "Python-urllib/3.11"
85.232.241.194 - - [05/Feb/2025:13:22:36 +0100] "GET /Jurek/swiatecznygoliat/feeds/swiatecznygoliat_RUE.xml HTTP/1.1" 200 7195830 "-" "Python-urllib/3.11"
85.232.241.194 - - [05/Feb/2025:13:22:36 +0100] "GET /Jurek/artdog/feeds/artdog_RUE.xml HTTP/1.1" 200 15930176 "-" "Python-urllib/3.11"
85.232.241.194 - - [05/Feb/2025:13:22:36 +0100] "GET /Jurek/hdwr/feeds/hdwr_RUE.xml HTTP/1.1" 200 777842 "-" "Python-urllib/3.11"
85.232.241.194 - - [05/Feb/2025:13:22:37 +0100] "GET /Jurek/sempler/feeds/sempler_rue.xml HTTP/1.1" 200 6553271 "-" "Python-urllib/3.11"
85.232.241.194 - - [05/Feb/2025:13:22:37 +0100] "GET /Jurek/waks/feeds/waks_RUE.xml HTTP/1.1" 200 6332893 "-" "Python-urllib/3.11"
85.232.241.194 - - [05/Feb/2025:13:22:37 +0100] "GET /Jurek/oromed/feeds/oromed_rue.xml HTTP/1.1" 200 973676 "-" "Python-urllib/3.11"
85.232.241.194 - - [05/Feb/2025:13:22:37 +0100] "GET /Jurek/ekuchcikowo/feeds/ekuchcikowo_rue.xml HTTP/1.1" 200 12905159 "-" "Python-urllib/3.11"
85.232.241.194 - - [05/Feb/2025:13:22:37 +0100] "GET /Jurek/ekolight/feeds/ekolight_rue.xml HTTP/1.1" 200 9051712 "-" "Python-urllib/3.11"
85.232.241.194 - - [05/Feb/2025:13:22:38 +0100] "GET /Jurek/eroplace/feeds/eroplace_RUE.xml HTTP/1.1" 200 30849486 "-" "Python-urllib/3.11"
85.232.241.194 - - [05/Feb/2025:13:22:39 +0100] "GET /Jurek/coppotech/feeds/coppotech_rue.xml HTTP/1.1" 200 38986183 "-" "Python-urllib/3.11"
85.232.241.194 - - [05/Feb/2025:13:22:39 +0100] "GET /Jurek/euroshop/feeds/euroshop_rue.xml HTTP/1.1" 200 17927566 "-" "Python-urllib/3.11"
85.232.241.194 - - [05/Feb/2025:13:22:39 +0100] "GET /Jurek/galopi/feeds/galopi_rue.xml HTTP/1.1" 200 1884702 "-" "Python-urllib/3.11"
85.232.241.194 - - [05/Feb/2025:13:22:39 +0100] "GET /Jurek/szpaklampy/feeds/szpaklampy_rue.xml HTTP/1.1" 200 416451 "-" "Python-urllib/3.11"
85.232.241.194 - - [05/Feb/2025:13:22:43 +0100] "GET /Jurek/intsell/feeds/intsell_rue.xml HTTP/1.1" 200 338825920 "-" "Python-urllib/3.11"
85.232.241.194 - - [05/Feb/2025:13:22:43 +0100] "GET /Jurek/spali/feeds/spali_rue.xml HTTP/1.1" 200 101943 "-" "Python-urllib/3.11"
85.232.241.194 - - [05/Feb/2025:13:22:43 +0100] "GET /Jurek/najtanszysport/feeds/najtanszysport_rue.xml HTTP/1.1" 200 3982885 "-" "Python-urllib/3.11"
85.232.241.194 - - [05/Feb/2025:13:22:43 +0100] "GET /Jurek/maksik/feeds/maksik_rue.xml HTTP/1.1" 200 4084781 "-" "Python-urllib/3.11"
85.232.241.194 - - [05/Feb/2025:13:22:44 +0100] "GET /Jurek/urwiskowo/feeds/urwiskowo_rue.xml HTTP/1.1" 200 9114866 "-" "Python-urllib/3.11"
89.161.206.59 - - [05/Feb/2025:13:22:47 +0100] "GET /Jurek/eroplace/feeds/eroplace_amazonde.xml HTTP/1.0" 200 30849243 "-" "-"
193.33.8.61 - - [05/Feb/2025:13:23:01 +0100] "GET /Jurek/najtanszysport/feeds/najtanszysport_zero.xml HTTP/2.0" 200 3983319 "https://konsola.dkkapusta1997.usermd.net/" "Mozilla/5.0 (Windows NT 10.0; Win64; x64) AppleWebKit/537.36 (KHTML, like Gecko) Chrome/131.0.0.0 Safari/537.36"
89.161.206.59 - - [05/Feb/2025:13:23:03 +0100] "GET /Jurek/artdog/feeds/artdog_amazonde.xml HTTP/1.0" 200 15929060 "-" "-"
77.79.248.229 - - [05/Feb/2025:13:23:03 +0100] "GET /Jurek/najtanszysport/feeds/najtanszysport_zero.xml HTTP/1.1" 200 3983319 "-" "Python-urllib/3.11"
89.161.206.59 - - [05/Feb/2025:13:23:03 +0100] "GET /Jurek/pawonik/feeds/pawonik_amazonde.xml HTTP/1.0" 200 2534445 "-" "-"
46.101.116.244 - - [05/Feb/2025:13:23:22 +0100] "GET /Jurek/eurofirany/feeds/eurofirany_erli.xml HTTP/1.0" 200 18944722 "-" "-"
193.33.8.61 - - [05/Feb/2025:13:24:48 +0100] "GET /Jurek/kobi/feeds/kobi_zero.xml HTTP/2.0" 200 1993285 "https://konsola.dkkapusta1997.usermd.net/" "Mozilla/5.0 (Windows NT 10.0; Win64; x64) AppleWebKit/537.36 (KHTML, like Gecko) Chrome/131.0.0.0 Safari/537.36"
77.79.248.229 - - [05/Feb/2025:13:24:53 +0100] "GET /Jurek/kobi/feeds/kobi_zero.xml HTTP/1.1" 200 1993285 "-" "Python-urllib/3.11"
46.101.116.244 - - [05/Feb/2025:13:25:39 +0100] "GET /Jurek/aw/feeds/aw_fnacfr.xml HTTP/1.0" 404 3551 "-" "-"
193.33.8.61 - - [05/Feb/2025:13:26:16 +0100] "GET /Jurek/evil/feeds/evil_zero.xml HTTP/2.0" 200 306335 "https://konsola.dkkapusta1997.usermd.net/" "Mozilla/5.0 (Windows NT 10.0; Win64; x64) AppleWebKit/537.36 (KHTML, like Gecko) Chrome/131.0.0.0 Safari/537.36"
46.101.116.244 - - [05/Feb/2025:13:26:20 +0100] "GET /Filip/feeds/xlsx_ceneo.xml HTTP/1.0" 200 6241376 "-" "-"
51.77.52.107 - - [05/Feb/2025:13:26:20 +0100] "POST /Filip/Rovicky/baselinker/baselinker-ceneo-shumee.php HTTP/2.0" 200 106776 "-" "BaseLinker/1.0"
77.79.248.229 - - [05/Feb/2025:13:26:40 +0100] "GET /Jurek/evil/feeds/evil_zero.xml HTTP/1.1" 200 306335 "-" "Python-urllib/3.11"
193.33.8.61 - - [05/Feb/2025:13:27:07 +0100] "GET /Jurek/eroplace/feeds/eroplace_mallsi.xml HTTP/2.0" 200 20480000 "https://konsola.dkkapusta1997.usermd.net/" "Mozilla/5.0 (Windows NT 10.0; Win64; x64) AppleWebKit/537.36 (KHTML, like Gecko) Chrome/132.0.0.0 Safari/537.36"
193.33.8.61 - - [05/Feb/2025:13:27:48 +0100] "GET /Jurek/rovicky/feeds/rovicky_cdonSE.xml HTTP/2.0" 200 14201520 "https://konsola.dkkapusta1997.usermd.net/" "Mozilla/5.0 (Windows NT 10.0; Win64; x64) AppleWebKit/537.36 (KHTML, like Gecko) Chrome/132.0.0.0 Safari/537.36"
193.33.8.61 - - [05/Feb/2025:13:27:57 +0100] "GET /Jurek/rovicky/feeds/rovicky_cdonDK.xml HTTP/2.0" 200 14201048 "https://konsola.dkkapusta1997.usermd.net/" "Mozilla/5.0 (Windows NT 10.0; Win64; x64) AppleWebKit/537.36 (KHTML, like Gecko) Chrome/132.0.0.0 Safari/537.36"
193.33.8.61 - - [05/Feb/2025:13:27:57 +0100] "GET /Jurek/wenom/feeds/wenom_zero.xml HTTP/2.0" 200 583188 "https://konsola.dkkapusta1997.usermd.net/" "Mozilla/5.0 (Windows NT 10.0; Win64; x64) AppleWebKit/537.36 (KHTML, like Gecko) Chrome/131.0.0.0 Safari/537.36"
77.79.248.229 - - [05/Feb/2025:13:28:02 +0100] "GET /Jurek/wenom/feeds/wenom_zero.xml HTTP/1.1" 200 583188 "-" "Python-urllib/3.11"
193.33.8.61 - - [05/Feb/2025:13:28:03 +0100] "GET /Jurek/bass_new/feeds/bass_mallsi.xml HTTP/2.0" 200 7040998 "https://konsola.dkkapusta1997.usermd.net/" "Mozilla/5.0 (Windows NT 10.0; Win64; x64) AppleWebKit/537.36 (KHTML, like Gecko) Chrome/132.0.0.0 Safari/537.36"
85.232.241.194 - - [05/Feb/2025:13:28:03 +0100] "GET /Jurek/beliani/feeds/beliani_pl_zero.xml HTTP/1.1" 200 31916820 "-" "python-requests/2.32.3"
85.232.241.194 - - [05/Feb/2025:13:28:04 +0100] "GET /Jurek/beliani/feeds/beliani_cz_zero.xml HTTP/1.1" 200 22362572 "-" "python-requests/2.32.3"
85.232.241.194 - - [05/Feb/2025:13:28:04 +0100] "GET /Jurek/beliani/feeds/beliani_sk_zero.xml HTTP/1.1" 200 22441138 "-" "python-requests/2.32.3"
85.232.241.194 - - [05/Feb/2025:13:28:04 +0100] "GET /Jurek/beliani/feeds/beliani_hu.xml HTTP/1.1" 200 41204489 "-" "python-requests/2.32.3"
85.232.241.194 - - [05/Feb/2025:13:28:04 +0100] "GET /Jurek/fernity/feeds/fernity_zero.xml HTTP/1.1" 200 4985007 "-" "python-requests/2.32.3"
85.232.241.194 - - [05/Feb/2025:13:28:05 +0100] "GET /Jurek/kinghome/feeds/kinghome_mallcz.xml HTTP/1.1" 200 5701409 "-" "python-requests/2.32.3"
85.232.241.194 - - [05/Feb/2025:13:28:06 +0100] "GET /Jurek/octopia/feeds/octopia_zero.xml HTTP/1.1" 200 10556141 "-" "python-requests/2.32.3"
77.79.248.229 - - [05/Feb/2025:13:28:06 +0100] "GET /Jurek/bass_new/feeds/bass_mallsi.xml HTTP/1.1" 200 7040998 "-" "Python-urllib/3.11"
85.232.241.194 - - [05/Feb/2025:13:28:06 +0100] "GET /Jurek/aw/feeds/awnarzedzia_zero.xml HTTP/1.1" 200 90456919 "-" "python-requests/2.32.3"
85.232.241.194 - - [05/Feb/2025:13:28:07 +0100] "GET /Jurek/chemex/feeds/chemex_zero.xml HTTP/1.1" 200 47819491 "-" "python-requests/2.32.3"
85.232.241.194 - - [05/Feb/2025:13:28:08 +0100] "GET /Jurek/stema/feeds/stema_zero.xml HTTP/1.1" 200 860526 "-" "python-requests/2.32.3"
85.232.241.194 - - [05/Feb/2025:13:28:14 +0100] "GET /Jurek/kokiskaCZ/download/kokiskaCZ.xml HTTP/1.1" 200 29250332 "-" "python-requests/2.32.3"
85.232.241.194 - - [05/Feb/2025:13:28:14 +0100] "GET /Jurek/kinghoff/feeds/kinghoff_zero.xml HTTP/1.1" 200 14333557 "-" "python-requests/2.32.3"
85.232.241.194 - - [05/Feb/2025:13:28:16 +0100] "GET /Jurek/bass/feeds/bass_zero.xml HTTP/1.1" 200 3982829 "-" "python-requests/2.32.3"
85.232.241.194 - - [05/Feb/2025:13:28:16 +0100] "GET /Jurek/mosti/feeds/mosti_zero.xml HTTP/1.1" 200 9249877 "-" "python-requests/2.32.3"
77.79.248.229 - - [05/Feb/2025:13:28:21 +0100] "GET /Jurek/rovicky/feeds/rovicky_cdonSE.xml HTTP/1.1" 200 14201520 "-" "Python-urllib/3.11"
193.33.8.61 - - [05/Feb/2025:13:29:25 +0100] "GET /Jurek/qbox/feeds/qbox_zero.xml HTTP/2.0" 200 398734 "https://konsola.dkkapusta1997.usermd.net/" "Mozilla/5.0 (Windows NT 10.0; Win64; x64) AppleWebKit/537.36 (KHTML, like Gecko) Chrome/131.0.0.0 Safari/537.36"
193.33.8.61 - - [05/Feb/2025:13:29:29 +0100] "GET /Jurek/action/feeds/action_zero.xml HTTP/1.1" 200 55047684 "-" "python-requests/2.31.0"
193.33.8.61 - - [05/Feb/2025:13:29:40 +0100] "GET /Jurek/activeshop/feeds/activeshop_zero.xml HTTP/1.1" 200 10397960 "-" "python-requests/2.31.0"
193.33.8.61 - - [05/Feb/2025:13:29:42 +0100] "GET /Jurek/andex/feeds/andex_zero.xml HTTP/1.1" 200 1953177 "-" "python-requests/2.31.0"
193.33.8.61 - - [05/Feb/2025:13:29:46 +0100] "GET /Jurek/b3/feeds/b3_zero.xml HTTP/1.1" 200 7171212 "-" "python-requests/2.31.0"
193.33.8.61 - - [05/Feb/2025:13:29:46 +0100] "GET /Jurek/barbecook/feeds/barbecook_zero.xml HTTP/1.1" 200 87544 "-" "python-requests/2.31.0"
77.79.248.229 - - [05/Feb/2025:13:29:46 +0100] "GET /Jurek/qbox/feeds/qbox_zero.xml HTTP/1.1" 200 398734 "-" "Python-urllib/3.11"
193.33.8.61 - - [05/Feb/2025:13:29:50 +0100] "GET /Jurek/bass_new/feeds/bass_new_zero.xml HTTP/1.1" 200 6844840 "-" "python-requests/2.31.0"
193.33.8.61 - - [05/Feb/2025:13:29:53 +0100] "GET /Jurek/benbaby/feeds/benbaby_zero.xml HTTP/1.1" 200 3695682 "-" "python-requests/2.31.0"
193.33.8.61 - - [05/Feb/2025:13:29:55 +0100] "GET /Jurek/bimboland/feeds/bimboland_zero.xml HTTP/1.1" 200 2484658 "-" "python-requests/2.31.0"
193.33.8.61 - - [05/Feb/2025:13:30:26 +0100] "GET /Jurek/chemex/feeds/chemex_zero.xml HTTP/1.1" 200 47819491 "-" "python-requests/2.31.0"
193.33.8.61 - - [05/Feb/2025:13:30:29 +0100] "GET /Jurek/emibig/feeds/emibig.xml HTTP/1.1" 200 2522825 "-" "python-requests/2.31.0"
193.33.8.61 - - [05/Feb/2025:13:30:31 +0100] "GET /Jurek/fernity/feeds/fernity_zero.xml HTTP/1.1" 200 4985007 "-" "python-requests/2.31.0"
46.101.116.244 - - [05/Feb/2025:13:30:41 +0100] "GET /Jurek/aw/feeds/aw_fnacfr.xml HTTP/1.0" 404 3551 "-" "-"
193.33.8.61 - - [05/Feb/2025:13:30:43 +0100] "GET /Jurek/ikonka/feeds/ikonka_zero.xml HTTP/1.1" 200 22777302 "-" "python-requests/2.31.0"
193.33.8.61 - - [05/Feb/2025:13:30:48 +0100] "GET /Jurek/kinghome/feeds/kinghome_velomarket.xml HTTP/1.1" 200 5718000 "-" "python-requests/2.31.0"
193.33.8.61 - - [05/Feb/2025:13:30:49 +0100] "GET /Jurek/livinhill/feeds/livinhill_zero.xml HTTP/1.1" 200 1436447 "-" "python-requests/2.31.0"
193.33.8.61 - - [05/Feb/2025:13:30:49 +0100] "GET /Jurek/ml_meble/feeds/ml_meble_zero.xml HTTP/1.1" 200 890888 "-" "python-requests/2.31.0"
193.33.8.61 - - [05/Feb/2025:13:30:56 +0100] "GET /Jurek/octopia/feeds/octopia_zero.xml HTTP/1.1" 200 10556141 "-" "python-requests/2.31.0"
193.33.8.61 - - [05/Feb/2025:13:31:04 +0100] "GET /Jurek/rovicky/feeds/rovicky_zero.xml HTTP/1.1" 200 14195535 "-" "python-requests/2.31.0"
193.33.8.61 - - [05/Feb/2025:13:31:05 +0100] "GET /Jurek/stema/feeds/stema_zero.xml HTTP/1.1" 200 860526 "-" "python-requests/2.31.0"
193.33.8.61 - - [05/Feb/2025:13:31:06 +0100] "GET /Jurek/twm/feeds/twm-allegro.xml HTTP/1.1" 200 1360970 "-" "python-requests/2.31.0"
46.101.116.244 - - [05/Feb/2025:13:31:30 +0100] "GET /Jurek/action/feeds/action_velo.xml HTTP/1.0" 200 55057529 "-" "-"
46.101.116.244 - - [05/Feb/2025:13:31:36 +0100] "GET /Jurek/eurofirany/feeds/eurofirany_allegro.xml HTTP/1.0" 200 18945014 "-" "-"
46.101.116.244 - - [05/Feb/2025:13:31:39 +0100] "GET /Jurek/victoria/feeds/victoria_pl_velo.xml HTTP/1.0" 200 14559376 "-" "-"
193.33.8.61 - - [05/Feb/2025:13:31:39 +0100] "GET /Jurek/unimet/feeds/unimet_zero.xml HTTP/1.1" 200 60991652 "-" "python-requests/2.31.0"
193.33.8.61 - - [05/Feb/2025:13:31:40 +0100] "GET /Jurek/vivaldi/feeds/vivaldi.xml HTTP/1.1" 200 344518 "-" "python-requests/2.31.0"
46.101.116.244 - - [05/Feb/2025:13:31:47 +0100] "GET /Filip/feeds/xlsx_ceneo.xml HTTP/1.0" 200 6241376 "-" "-"
51.77.52.107 - - [05/Feb/2025:13:31:48 +0100] "POST /Filip/Rovicky/baselinker/baselinker-ceneo-shumee.php HTTP/2.0" 200 106776 "-" "BaseLinker/1.0"
193.33.8.61 - - [05/Feb/2025:13:32:03 +0100] "GET /Jurek/hurtownia_przemyslowa/feeds/hp_zero.xml HTTP/1.1" 200 49867067 "-" "python-requests/2.31.0"
193.33.8.61 - - [05/Feb/2025:13:32:47 +0100] "GET /Jurek/aw/feeds/awnarzedzia_zero.xml HTTP/1.1" 200 90456919 "-" "python-requests/2.31.0"
193.33.8.61 - - [05/Feb/2025:13:33:05 +0100] "GET /Jurek/beliani/feeds/beliani_allegro.xml HTTP/1.1" 200 31929030 "-" "python-requests/2.31.0"
193.33.8.61 - - [05/Feb/2025:13:33:15 +0100] "GET /Jurek/eurofirany/feeds/eurofirany_zero.xml HTTP/1.1" 200 18936569 "-" "python-requests/2.31.0"
193.33.8.61 - - [05/Feb/2025:13:33:21 +0100] "GET /Jurek/kinghoff/feeds/kinghoff_zero.xml HTTP/1.1" 200 14333557 "-" "python-requests/2.31.0"
193.33.8.61 - - [05/Feb/2025:13:34:30 +0100] "GET /Jurek/antiodor/feeds/antiodor_zero.xml HTTP/2.0" 200 137838 "https://konsola.dkkapusta1997.usermd.net/" "Mozilla/5.0 (Windows NT 10.0; Win64; x64) AppleWebKit/537.36 (KHTML, like Gecko) Chrome/131.0.0.0 Safari/537.36"
77.79.248.229 - - [05/Feb/2025:13:34:35 +0100] "GET /Jurek/antiodor/feeds/antiodor_zero.xml HTTP/1.1" 200 137838 "-" "Python-urllib/3.11"
193.33.8.61 - - [05/Feb/2025:13:35:25 +0100] "GET /Jurek/topeshop/feeds/topeshop_zero.xml HTTP/1.1" 200 2430366 "-" "python-requests/2.31.0"
193.33.8.61 - - [05/Feb/2025:13:35:41 +0100] "GET /Jurek/OLD/OLDtim/feeds/tim_ceneo1.xml HTTP/1.1" 200 26723085 "-" "python-requests/2.31.0"
193.33.8.61 - - [05/Feb/2025:13:35:43 +0100] "GET /Jurek/motofan/feeds/motofan_zero.xml HTTP/2.0" 200 2392300 "https://konsola.dkkapusta1997.usermd.net/" "Mozilla/5.0 (Windows NT 10.0; Win64; x64) AppleWebKit/537.36 (KHTML, like Gecko) Chrome/131.0.0.0 Safari/537.36"
77.79.248.229 - - [05/Feb/2025:13:35:48 +0100] "GET /Jurek/motofan/feeds/motofan_zero.xml HTTP/1.1" 200 2392300 "-" "Python-urllib/3.11"
193.33.8.61 - - [05/Feb/2025:13:35:56 +0100] "GET /Jurek/OLD/OLDtim/feeds/tim_ceneo2.xml HTTP/1.1" 200 27669729 "-" "python-requests/2.31.0"
46.101.116.244 - - [05/Feb/2025:13:36:02 +0100] "GET /Jurek/aw/feeds/aw_fnacfr.xml HTTP/1.0" 404 3551 "-" "-"
193.33.8.61 - - [05/Feb/2025:13:36:07 +0100] "GET /Jurek/OLD/OLDtim/feeds/tim_ceneo3.xml HTTP/1.1" 200 23934618 "-" "python-requests/2.31.0"
193.33.8.61 - - [05/Feb/2025:13:36:08 +0100] "GET /Jurek/amzteam/feeds/amzteam_zero.xml HTTP/1.1" 200 97829 "-" "python-requests/2.31.0"
193.33.8.61 - - [05/Feb/2025:13:36:12 +0100] "GET /Jurek/swiatecznygoliat/feeds/swiatecznygoliat_zero.xml HTTP/1.1" 200 7193475 "-" "python-requests/2.31.0"
193.33.8.61 - - [05/Feb/2025:13:36:12 +0100] "GET /Jurek/kambukka/feeds/kambukka_zero.xml HTTP/1.1" 200 973104 "-" "python-requests/2.31.0"
46.101.116.244 - - [05/Feb/2025:13:36:13 +0100] "GET /Jurek/hurtownia_przemyslowa/feeds/hp_fnacfr.xml HTTP/1.0" 200 49870191 "-" "-"
77.79.248.229 - - [05/Feb/2025:13:36:19 +0100] "GET /Jurek/eurofirany/feeds/eurofirany_cdon_se.xml HTTP/1.1" 200 18958211 "-" "python-requests/2.32.3"
77.79.248.229 - - [05/Feb/2025:13:36:19 +0100] "GET /Jurek/eurofirany/feeds/eurofirany_cdon_dk.xml HTTP/1.1" 200 18958106 "-" "python-requests/2.32.3"
193.33.8.61 - - [05/Feb/2025:13:36:20 +0100] "GET /Jurek/artdog/feeds/artdog_zero.xml HTTP/1.1" 200 15926722 "-" "python-requests/2.31.0"
77.79.248.229 - - [05/Feb/2025:13:36:20 +0100] "GET /Jurek/eurofirany/feeds/eurofirany_cdon_fi.xml HTTP/1.1" 200 18941107 "-" "python-requests/2.32.3"
193.33.8.61 - - [05/Feb/2025:13:36:20 +0100] "GET /Jurek/slayo/feeds/slayo_zero.xml HTTP/1.1" 200 195533 "-" "python-requests/2.31.0"
77.79.248.229 - - [05/Feb/2025:13:36:21 +0100] "GET /Jurek/stema/feeds/stema_cdon_se.xml HTTP/1.1" 200 860861 "-" "python-requests/2.32.3"
77.79.248.229 - - [05/Feb/2025:13:36:21 +0100] "GET /Jurek/stema/feeds/stema_cdon_dk.xml HTTP/1.1" 200 860714 "-" "python-requests/2.32.3"
77.79.248.229 - - [05/Feb/2025:13:36:21 +0100] "GET /Jurek/stema/feeds/stema_cdon_fi.xml HTTP/1.1" 200 860427 "-" "python-requests/2.32.3"
77.79.248.229 - - [05/Feb/2025:13:36:23 +0100] "GET /Jurek/aw/feeds/awnarzedzia_cdon_se.xml HTTP/1.1" 200 90568969 "-" "python-requests/2.32.3"
77.79.248.229 - - [05/Feb/2025:13:36:24 +0100] "GET /Jurek/aw/feeds/awnarzedzia_cdon_dk.xml HTTP/1.1" 200 90563067 "-" "python-requests/2.32.3"
77.79.248.229 - - [05/Feb/2025:13:36:26 +0100] "GET /Jurek/aw/feeds/awnarzedzia_cdon_fi.xml HTTP/1.1" 200 90479936 "-" "python-requests/2.32.3"
77.79.248.229 - - [05/Feb/2025:13:36:27 +0100] "GET /Jurek/hurtownia_przemyslowa/feeds/hp_cdon_se.xml HTTP/1.1" 200 49885906 "-" "python-requests/2.32.3"
193.33.8.61 - - [05/Feb/2025:13:36:27 +0100] "GET /Jurek/mosti/feeds/mosti_zero.xml HTTP/1.1" 200 9249877 "-" "python-requests/2.31.0"
77.79.248.229 - - [05/Feb/2025:13:36:27 +0100] "GET /Jurek/hurtownia_przemyslowa/feeds/hp_cdon_dk.xml HTTP/1.1" 200 49884120 "-" "python-requests/2.32.3"
77.79.248.229 - - [05/Feb/2025:13:36:28 +0100] "GET /Jurek/hurtownia_przemyslowa/feeds/hp_cdon_fi.xml HTTP/1.1" 200 49870880 "-" "python-requests/2.32.3"
193.33.8.61 - - [05/Feb/2025:13:36:30 +0100] "GET /Jurek/hurtmeblowy/feeds/hurtmeblowy_zero.xml HTTP/1.1" 200 8039731 "-" "python-requests/2.31.0"
193.33.8.61 - - [05/Feb/2025:13:36:30 +0100] "GET /Jurek/biokominki/feeds/biokominki_zero.xml HTTP/1.1" 200 1422226 "-" "python-requests/2.31.0"
193.33.8.61 - - [05/Feb/2025:13:36:31 +0100] "GET /Jurek/narzbud/feeds/narzbud_zero.xml HTTP/1.1" 200 1611268 "-" "python-requests/2.31.0"
77.79.248.229 - - [05/Feb/2025:13:36:32 +0100] "GET /Jurek/ikonka/feeds/ikonka_cdon_se.xml HTTP/1.1" 200 22780262 "-" "python-requests/2.32.3"
77.79.248.229 - - [05/Feb/2025:13:36:33 +0100] "GET /Jurek/ikonka/feeds/ikonka_cdon_dk.xml HTTP/1.1" 200 22780135 "-" "python-requests/2.32.3"
77.79.248.229 - - [05/Feb/2025:13:36:33 +0100] "GET /Jurek/ikonka/feeds/ikonka_cdon_fi.xml HTTP/1.1" 200 22777935 "-" "python-requests/2.32.3"
77.79.248.229 - - [05/Feb/2025:13:36:34 +0100] "GET /Jurek/fernity/feeds/fernity_cdon_fi.xml HTTP/1.1" 200 4984384 "-" "python-requests/2.32.3"
77.79.248.229 - - [05/Feb/2025:13:36:34 +0100] "GET /Jurek/fernity/feeds/fernity_cdon_se.xml HTTP/1.1" 200 4987668 "-" "python-requests/2.32.3"
77.79.248.229 - - [05/Feb/2025:13:36:34 +0100] "GET /Jurek/fernity/feeds/fernity_cdon_dk.xml HTTP/1.1" 200 4987188 "-" "python-requests/2.32.3"
52.209.168.113 - - [05/Feb/2025:13:36:34 +0100] "GET /marketplaces/worten2/results/worten.csv HTTP/1.1" 200 147218 "-" "Mirakl HttpClient"
77.79.248.229 - - [05/Feb/2025:13:36:36 +0100] "GET /Jurek/activeshop/feeds/activeshop_cdon_se.xml HTTP/1.1" 200 10401927 "-" "python-requests/2.32.3"
77.79.248.229 - - [05/Feb/2025:13:36:36 +0100] "GET /Jurek/activeshop/feeds/activeshop_cdon_dk.xml HTTP/1.1" 200 10401981 "-" "python-requests/2.32.3"
77.79.248.229 - - [05/Feb/2025:13:36:37 +0100] "GET /Jurek/activeshop/feeds/activeshop_cdon_fi.xml HTTP/1.1" 200 10398498 "-" "python-requests/2.32.3"
193.33.8.61 - - [05/Feb/2025:13:36:38 +0100] "GET /Jurek/ekuchcikowo/feeds/ekuchcikowo_zero.xml HTTP/1.1" 200 12905691 "-" "python-requests/2.31.0"
193.33.8.61 - - [05/Feb/2025:13:36:38 +0100] "GET /Jurek/cbdgreen/feeds/cbdgreen_zero.xml HTTP/1.1" 200 50231 "-" "python-requests/2.31.0"
193.33.8.61 - - [05/Feb/2025:13:36:41 +0100] "GET /Jurek/benetech/feeds/benetech_zero.xml HTTP/1.1" 200 4451727 "-" "python-requests/2.31.0"
193.33.8.61 - - [05/Feb/2025:13:36:42 +0100] "GET /Jurek/oromed/feeds/oromed_zero.xml HTTP/1.1" 200 973740 "-" "python-requests/2.31.0"
193.33.8.61 - - [05/Feb/2025:13:36:43 +0100] "GET /Jurek/fertone/feeds/fertone_zero.xml HTTP/1.1" 200 668558 "-" "python-requests/2.31.0"
193.33.8.61 - - [05/Feb/2025:13:36:45 +0100] "GET /Jurek/pawonik/feeds/pawonik_zero.xml HTTP/1.1" 200 2534353 "-" "python-requests/2.31.0"
193.33.8.61 - - [05/Feb/2025:13:36:45 +0100] "GET /Jurek/pagmil/feeds/pagmil_zero.xml HTTP/1.1" 200 1705584 "-" "python-requests/2.31.0"
193.33.8.61 - - [05/Feb/2025:13:36:46 +0100] "GET /Jurek/targethome/feeds/targethome_zero.xml HTTP/1.1" 200 683496 "-" "python-requests/2.31.0"
193.33.8.61 - - [05/Feb/2025:13:36:46 +0100] "GET /Jurek/hdwr/feeds/hdwr_zero.xml HTTP/1.1" 200 777834 "-" "python-requests/2.31.0"
77.79.248.229 - - [05/Feb/2025:13:36:47 +0100] "GET /Jurek/barbecook/feeds/barbecook_cdon_se.xml HTTP/1.1" 200 87591 "-" "python-requests/2.32.3"
77.79.248.229 - - [05/Feb/2025:13:36:47 +0100] "GET /Jurek/barbecook/feeds/barbecook_cdon_dk.xml HTTP/1.1" 200 87589 "-" "python-requests/2.32.3"
77.79.248.229 - - [05/Feb/2025:13:36:47 +0100] "GET /Jurek/barbecook/feeds/barbecook_cdon_fi.xml HTTP/1.1" 200 87532 "-" "python-requests/2.32.3"
77.79.248.229 - - [05/Feb/2025:13:36:48 +0100] "GET /Jurek/action/feeds/action_cdon_se.xml HTTP/1.1" 200 55079127 "-" "python-requests/2.32.3"
77.79.248.229 - - [05/Feb/2025:13:36:49 +0100] "GET /Jurek/action/feeds/action_cdon_dk.xml HTTP/1.1" 200 55073327 "-" "python-requests/2.32.3"
77.79.248.229 - - [05/Feb/2025:13:36:50 +0100] "GET /Jurek/action/feeds/action_cdon_fi.xml HTTP/1.1" 200 55048550 "-" "python-requests/2.32.3"
77.79.248.229 - - [05/Feb/2025:13:36:51 +0100] "GET /Jurek/kinghoff/feeds/kinghoff_cdon_se.xml HTTP/1.1" 200 14335641 "-" "python-requests/2.32.3"
77.79.248.229 - - [05/Feb/2025:13:36:51 +0100] "GET /Jurek/kinghoff/feeds/kinghoff_cdon_dk.xml HTTP/1.1" 200 14335365 "-" "python-requests/2.32.3"
77.79.248.229 - - [05/Feb/2025:13:36:51 +0100] "GET /Jurek/kinghoff/feeds/kinghoff_cdon_fi.xml HTTP/1.1" 200 14333267 "-" "python-requests/2.32.3"
46.101.116.244 - - [05/Feb/2025:13:37:00 +0100] "GET /Jurek/ikonka/feeds/ikonka_aliexpress.xml HTTP/1.0" 200 22778477 "-" "-"
193.33.8.61 - - [05/Feb/2025:13:37:04 +0100] "GET /Jurek/eroplace/feeds/eroplace_zero.xml HTTP/1.1" 200 30850208 "-" "python-requests/2.31.0"
46.101.116.244 - - [05/Feb/2025:13:37:07 +0100] "GET /Filip/feeds/xlsx_ceneo.xml HTTP/1.0" 200 6241376 "-" "-"
51.77.52.107 - - [05/Feb/2025:13:37:07 +0100] "POST /Filip/Rovicky/baselinker/baselinker-ceneo-shumee.php HTTP/2.0" 200 106776 "-" "BaseLinker/1.0"
193.33.8.61 - - [05/Feb/2025:13:37:09 +0100] "GET /Jurek/winoszarnia/feeds/winoszarnia_zero.xml HTTP/1.1" 200 6128949 "-" "python-requests/2.31.0"
193.33.8.61 - - [05/Feb/2025:13:37:13 +0100] "GET /Jurek/sempler/feeds/sempler_zero.xml HTTP/1.1" 200 6553209 "-" "python-requests/2.31.0"
193.33.8.61 - - [05/Feb/2025:13:37:18 +0100] "GET /Jurek/waks/feeds/waks_zero.xml HTTP/1.1" 200 6332832 "-" "python-requests/2.31.0"
193.33.8.61 - - [05/Feb/2025:13:37:18 +0100] "GET /Jurek/candellux/feeds/candellux_new_zero.xml HTTP/1.1" 200 465685 "-" "python-requests/2.31.0"
193.33.8.61 - - [05/Feb/2025:13:37:21 +0100] "GET /Jurek/rovato/feeds/rovato_zero.xml HTTP/1.1" 200 357974 "-" "python-requests/2.31.0"
193.33.8.61 - - [05/Feb/2025:13:37:24 +0100] "GET /Jurek/velinda/feeds/velinda_zero.xml HTTP/1.1" 200 4282706 "-" "python-requests/2.31.0"
193.33.8.61 - - [05/Feb/2025:13:37:25 +0100] "GET /Jurek/drops/feeds/dropsofficecolection_zero.xml HTTP/1.1" 200 787531 "-" "python-requests/2.31.0"
193.33.8.61 - - [05/Feb/2025:13:37:26 +0100] "GET /Jurek/ralmetal/feeds/ralmetal_zero.xml HTTP/1.1" 200 1786933 "-" "python-requests/2.31.0"
193.33.8.61 - - [05/Feb/2025:13:37:28 +0100] "GET /Jurek/eoptimo/feeds/eoptimo_zero.xml HTTP/1.1" 200 1958979 "-" "python-requests/2.31.0"
193.33.8.61 - - [05/Feb/2025:13:37:34 +0100] "GET /Jurek/eroplace/feeds/eroplace_mallsi.xml HTTP/2.0" 206 1 "https://konsola.dkkapusta1997.usermd.net/" "Mozilla/5.0 (Windows NT 10.0; Win64; x64) AppleWebKit/537.36 (KHTML, like Gecko) Chrome/132.0.0.0 Safari/537.36"
193.33.8.61 - - [05/Feb/2025:13:37:37 +0100] "GET /Jurek/ekotex/feeds/ekotex_zero.xml HTTP/2.0" 200 197720 "https://konsola.dkkapusta1997.usermd.net/" "Mozilla/5.0 (Windows NT 10.0; Win64; x64) AppleWebKit/537.36 (KHTML, like Gecko) Chrome/131.0.0.0 Safari/537.36"
193.33.8.61 - - [05/Feb/2025:13:37:39 +0100] "GET /Jurek/euroshop/feeds/euroshop_zero.xml HTTP/1.1" 200 17923611 "-" "python-requests/2.31.0"
77.79.248.229 - - [05/Feb/2025:13:37:43 +0100] "GET /Jurek/ekotex/feeds/ekotex_zero.xml HTTP/1.1" 200 197720 "-" "Python-urllib/3.11"
193.33.8.61 - - [05/Feb/2025:13:37:54 +0100] "GET /Jurek/eroplace/feeds/eroplace_mallsi.xml HTTP/2.0" 206 3817472 "https://konsola.dkkapusta1997.usermd.net/" "Mozilla/5.0 (Windows NT 10.0; Win64; x64) AppleWebKit/537.36 (KHTML, like Gecko) Chrome/132.0.0.0 Safari/537.36"
193.33.8.61 - - [05/Feb/2025:13:38:02 +0100] "GET /Jurek/coppotech/feeds/coppotech_zero.xml HTTP/1.1" 200 38981014 "-" "python-requests/2.31.0"
193.33.8.61 - - [05/Feb/2025:13:38:03 +0100] "GET /Jurek/szpaklampy/feeds/szpaklampy_zero.xml HTTP/1.1" 200 416517 "-" "python-requests/2.31.0"
193.33.8.61 - - [05/Feb/2025:13:38:05 +0100] "GET /Jurek/galopi/feeds/galopi_zero.xml HTTP/1.1" 200 1884561 "-" "python-requests/2.31.0"
193.33.8.61 - - [05/Feb/2025:13:38:06 +0100] "GET /Jurek/galopibhp/feeds/galopibhp_zero.xml HTTP/1.1" 200 1982736 "-" "python-requests/2.31.0"
77.79.248.229 - - [05/Feb/2025:13:38:15 +0100] "GET /Jurek/vidaSI/feeds/vidaSI_bigbang.xml HTTP/1.1" 200 621152163 "-" "Python-urllib/3.11"
77.79.248.229 - - [05/Feb/2025:13:38:18 +0100] "GET /Jurek/aw/feeds/awnarzedzia_bigbang.xml HTTP/1.1" 200 90476075 "-" "Python-urllib/3.11"
77.79.248.229 - - [05/Feb/2025:13:38:20 +0100] "GET /Jurek/hurtownia_przemyslowa/feeds/hp_bigbang.xml HTTP/1.1" 200 49869710 "-" "Python-urllib/3.11"
77.79.248.229 - - [05/Feb/2025:13:38:22 +0100] "GET /Jurek/action/feeds/action_bigbang.xml HTTP/1.1" 200 55044498 "-" "Python-urllib/3.11"
77.79.248.229 - - [05/Feb/2025:13:38:26 +0100] "GET /Jurek/unimet/feeds/unimet_bigbang.xml HTTP/1.1" 200 61003375 "-" "Python-urllib/3.11"
77.79.248.229 - - [05/Feb/2025:13:38:26 +0100] "GET /Jurek/ikonka/feeds/ikonka_bigbang.xml HTTP/1.1" 200 22777921 "-" "Python-urllib/3.11"
77.79.248.229 - - [05/Feb/2025:13:38:26 +0100] "GET /Jurek/bass/feeds/bass_bigbang.xml HTTP/1.1" 200 3983777 "-" "Python-urllib/3.11"
77.79.248.229 - - [05/Feb/2025:13:38:28 +0100] "GET /Jurek/kinghoff/feeds/kinghoff_bigbang.xml HTTP/1.1" 200 14332978 "-" "Python-urllib/3.11"
77.79.248.229 - - [05/Feb/2025:13:38:30 +0100] "GET /Jurek/activeshop/feeds/activeshop_bigbang.xml HTTP/1.1" 200 10398410 "-" "Python-urllib/3.11"
77.79.248.229 - - [05/Feb/2025:13:38:31 +0100] "GET /Jurek/octopia/feeds/octopia_bigbang.xml HTTP/1.1" 200 6315211 "-" "Python-urllib/3.11"
77.79.248.229 - - [05/Feb/2025:13:38:31 +0100] "GET /Jurek/topeshop/feeds/topeshop_bigbang.xml HTTP/1.1" 200 2430289 "-" "Python-urllib/3.11"
77.79.248.229 - - [05/Feb/2025:13:38:32 +0100] "GET /Jurek/b3/feeds/b3_bigbang.xml HTTP/1.1" 200 7170456 "-" "Python-urllib/3.11"
77.79.248.229 - - [05/Feb/2025:13:38:32 +0100] "GET /Jurek/asortymenteu/feeds/asortymenteu_bigbang.xml HTTP/1.1" 200 2492707 "-" "Python-urllib/3.11"
77.79.248.229 - - [05/Feb/2025:13:38:33 +0100] "GET /Jurek/eroplace/feeds/eroplace_bigbang.xml HTTP/1.1" 200 30849304 "-" "Python-urllib/3.11"
77.79.248.229 - - [05/Feb/2025:13:38:39 +0100] "GET /Jurek/intsell/feeds/intsell_bigbang.xml HTTP/1.1" 200 338825748 "-" "Python-urllib/3.11"
77.79.248.229 - - [05/Feb/2025:13:38:40 +0100] "GET /Jurek/coppotech/feeds/coppotech_bigbang.xml HTTP/1.1" 200 38986228 "-" "Python-urllib/3.11"
77.79.248.229 - - [05/Feb/2025:13:38:40 +0100] "GET /Jurek/stema/feeds/stema_bigbang.xml HTTP/1.1" 200 860349 "-" "Python-urllib/3.11"
77.79.248.229 - - [05/Feb/2025:13:38:40 +0100] "GET /Jurek/sempler/feeds/sempler_bigbang.xml HTTP/1.1" 200 6553274 "-" "Python-urllib/3.11"
77.79.248.229 - - [05/Feb/2025:13:38:41 +0100] "GET /Jurek/benetech/feeds/benetech_bigbang.xml HTTP/1.1" 200 4451833 "-" "Python-urllib/3.11"
77.79.248.229 - - [05/Feb/2025:13:38:41 +0100] "GET /Jurek/ekuchcikowo/feeds/ekuchcikowo_bigbang.xml HTTP/1.1" 200 12905098 "-" "Python-urllib/3.11"
193.33.8.61 - - [05/Feb/2025:13:39:42 +0100] "GET /Jurek/twojsklep/feeds/twojsklep_zero.xml HTTP/2.0" 200 126718 "https://konsola.dkkapusta1997.usermd.net/" "Mozilla/5.0 (Windows NT 10.0; Win64; x64) AppleWebKit/537.36 (KHTML, like Gecko) Chrome/131.0.0.0 Safari/537.36"
77.79.248.229 - - [05/Feb/2025:13:39:49 +0100] "GET /Jurek/twojsklep/feeds/twojsklep_zero.xml HTTP/1.1" 200 126718 "-" "Python-urllib/3.11"
77.79.248.229 - - [05/Feb/2025:13:40:23 +0100] "GET /Jurek/kinghoff/feeds/kinghoff_SkroutzGR.xml HTTP/1.1" 200 14333164 "-" "Python-urllib/3.11"
77.79.248.229 - - [05/Feb/2025:13:40:24 +0100] "GET /Jurek/aw/feeds/awnarzedzia_skroutz.xml HTTP/1.1" 200 90479787 "-" "Python-urllib/3.11"
77.79.248.229 - - [05/Feb/2025:13:40:25 +0100] "GET /Jurek/eurofirany/feeds/eurofirany_skroutz.xml HTTP/1.1" 200 18951257 "-" "Python-urllib/3.11"
77.79.248.229 - - [05/Feb/2025:13:40:25 +0100] "GET /Jurek/fernity/feeds/fernity_skroutz.xml HTTP/1.1" 200 4984982 "-" "Python-urllib/3.11"
193.33.8.61 - - [05/Feb/2025:13:40:28 +0100] "GET /Jurek/eroplace/feeds/eroplace_mallsish.xml HTTP/2.0" 200 30849175 "https://konsola.dkkapusta1997.usermd.net/" "Mozilla/5.0 (Windows NT 10.0; Win64; x64) AppleWebKit/537.36 (KHTML, like Gecko) Chrome/132.0.0.0 Safari/537.36"
46.101.116.244 - - [05/Feb/2025:13:40:32 +0100] "GET /Jurek/vidaCZ/feeds/vida_mallczod.xml HTTP/2.0" 200 594041044 "-" "-"
46.101.116.244 - - [05/Feb/2025:13:41:14 +0100] "GET /Jurek/aw/feeds/aw_fnacfr.xml HTTP/1.0" 404 3551 "-" "-"
46.101.116.244 - - [05/Feb/2025:13:41:49 +0100] "GET /Jurek/hurtownia_przemyslowa/feeds/hp_bol.xml HTTP/1.0" 200 49869982 "-" "-"
193.33.8.61 - - [05/Feb/2025:13:41:57 +0100] "GET /Jurek/intsell/feeds/intsell_zero.xml HTTP/1.1" 200 338832405 "-" "python-requests/2.31.0"
46.101.116.244 - - [05/Feb/2025:13:41:58 +0100] "GET /Jurek/kinghoff/feeds/kinghoff_bol.xml HTTP/1.0" 200 14332933 "-" "-"
193.33.8.61 - - [05/Feb/2025:13:42:08 +0100] "GET /Jurek/ekolight/feeds/ekolight_zero.xml HTTP/1.1" 200 9050338 "-" "python-requests/2.31.0"
89.161.206.59 - - [05/Feb/2025:13:42:11 +0100] "GET /Jurek/eroplace/feeds/eroplace_amazonit.xml HTTP/1.0" 200 30850089 "-" "-"
89.161.206.59 - - [05/Feb/2025:13:42:15 +0100] "GET /Jurek/sempler/feeds/sempler_BOL.xml HTTP/1.0" 200 6553283 "-" "-"
193.33.8.61 - - [05/Feb/2025:13:42:15 +0100] "GET /Jurek/asortymenteu/feeds/asortymenteu_zero.xml HTTP/1.1" 200 2492291 "-" "python-requests/2.31.0"
89.161.206.59 - - [05/Feb/2025:13:42:16 +0100] "GET /Jurek/eroplace/feeds/eroplace_bol.xml HTTP/1.0" 200 30849369 "-" "-"
89.161.206.59 - - [05/Feb/2025:13:42:16 +0100] "GET /Jurek/b3/feeds/b3_amazonfr.xml HTTP/1.0" 200 7170524 "-" "-"
89.161.206.59 - - [05/Feb/2025:13:42:17 +0100] "GET /Jurek/b3/feeds/b3_amazonit.xml HTTP/1.0" 200 7170631 "-" "-"
89.161.206.59 - - [05/Feb/2025:13:42:18 +0100] "GET /Jurek/waks/feeds/waks_bol.xml HTTP/1.0" 200 6332957 "-" "-"
89.161.206.59 - - [05/Feb/2025:13:42:19 +0100] "GET /Jurek/benetech/feeds/benetech_bol.xml HTTP/1.0" 200 4451828 "-" "-"
193.33.8.61 - - [05/Feb/2025:13:42:22 +0100] "GET /Jurek/victoria/feeds/victoria_zero.xml HTTP/1.1" 200 14555386 "-" "python-requests/2.31.0"
193.33.8.61 - - [05/Feb/2025:13:42:23 +0100] "GET /Jurek/eurofryz/feeds/eurofryz_zero.xml HTTP/1.1" 200 2388182 "-" "python-requests/2.31.0"
193.33.8.61 - - [05/Feb/2025:13:42:24 +0100] "GET /Jurek/bisanti/feeds/bisanti_zero.xml HTTP/1.1" 200 1132418 "-" "python-requests/2.31.0"
89.161.206.59 - - [05/Feb/2025:13:42:27 +0100] "GET /Jurek/swiatecznygoliat/feeds/swiatecznygoliat_amazonde.xml HTTP/1.0" 200 7195850 "-" "-"
193.33.8.61 - - [05/Feb/2025:13:42:32 +0100] "GET /Jurek/edruk/feeds/edruk_zero.xml HTTP/1.1" 200 13449371 "-" "python-requests/2.31.0"
193.33.8.61 - - [05/Feb/2025:13:42:32 +0100] "GET /Jurek/spali/feeds/spali_zero.xml HTTP/1.1" 200 101947 "-" "python-requests/2.31.0"
193.33.8.61 - - [05/Feb/2025:13:42:33 +0100] "GET /Jurek/combine/feeds/combine_zero.xml HTTP/1.1" 200 210561 "-" "python-requests/2.31.0"
193.33.8.61 - - [05/Feb/2025:13:42:44 +0100] "GET /Jurek/kidshop/feeds/kidshop_zero.xml HTTP/1.1" 200 19839773 "-" "python-requests/2.31.0"
193.33.8.61 - - [05/Feb/2025:13:42:46 +0100] "GET /Jurek/maksik/feeds/maksik_zero.xml HTTP/1.1" 200 4084470 "-" "python-requests/2.31.0"
193.33.8.61 - - [05/Feb/2025:13:42:48 +0100] "GET /Jurek/najtanszysport/feeds/najtanszysport_zero.xml HTTP/1.1" 200 3983319 "-" "python-requests/2.31.0"
193.33.8.61 - - [05/Feb/2025:13:42:48 +0100] "GET /Jurek/reman/feeds/reman_zero.xml HTTP/1.1" 200 1394832 "-" "python-requests/2.31.0"
193.33.8.61 - - [05/Feb/2025:13:42:55 +0100] "GET /Jurek/urwiskowo/feeds/urwiskowo_zero.xml HTTP/1.1" 200 9114446 "-" "python-requests/2.31.0"
193.33.8.61 - - [05/Feb/2025:13:42:55 +0100] "GET /Jurek/zenga/feeds/zenga_zero.xml HTTP/1.1" 200 222861 "-" "python-requests/2.31.0"
89.161.206.59 - - [05/Feb/2025:13:43:30 +0100] "GET /Jurek/oromed/feeds/oromed_BOL.xml HTTP/1.0" 200 973673 "-" "-"
89.161.206.59 - - [05/Feb/2025:13:43:31 +0100] "GET /Jurek/narzbud/feeds/narzbud_bol.xml HTTP/1.0" 200 1611778 "-" "-"
89.161.206.59 - - [05/Feb/2025:13:43:32 +0100] "GET /Jurek/artdog/feeds/artdog_bol.xml HTTP/1.0" 200 15929419 "-" "-"
89.161.206.59 - - [05/Feb/2025:13:43:33 +0100] "GET /Jurek/ekuchcikowo/feeds/ekuchcikowo_bol.xml HTTP/1.0" 200 12905078 "-" "-"
89.161.206.59 - - [05/Feb/2025:13:43:34 +0100] "GET /Jurek/ekolight/feeds/ekolight_bol.xml HTTP/1.0" 200 9051562 "-" "-"
89.161.206.59 - - [05/Feb/2025:13:43:35 +0100] "GET /Jurek/galopi/feeds/galopi_bol.xml HTTP/1.0" 200 1884690 "-" "-"
89.161.206.59 - - [05/Feb/2025:13:43:36 +0100] "GET /Jurek/erohurtownia/feeds/erohurtownia_bol.xml HTTP/1.0" 200 23303890 "-" "-"
89.161.206.59 - - [05/Feb/2025:13:43:38 +0100] "GET /Jurek/urwiskowo/feeds/urwiskowo_bol.xml HTTP/1.0" 200 9114735 "-" "-"
89.161.206.59 - - [05/Feb/2025:13:43:38 +0100] "GET /Jurek/livinhill/feeds/livinhill_bol.xml HTTP/1.0" 200 1436693 "-" "-"
89.161.206.59 - - [05/Feb/2025:13:43:39 +0100] "GET /Jurek/combine/feeds/combine_bol.xml HTTP/1.0" 200 210555 "-" "-"
89.161.206.59 - - [05/Feb/2025:13:43:39 +0100] "GET /Jurek/eurofryz2/feeds/eurofryz2_bol.xml HTTP/1.0" 200 1376564 "-" "-"
89.161.206.59 - - [05/Feb/2025:13:43:39 +0100] "GET /Jurek/spali/feeds/spali_bol.xml HTTP/1.0" 200 101949 "-" "-"
89.161.206.59 - - [05/Feb/2025:13:43:39 +0100] "GET /Jurek/eurofryz/feeds/eurofryz_bol.xml HTTP/1.0" 200 2388355 "-" "-"
89.161.206.59 - - [05/Feb/2025:13:43:41 +0100] "GET /Jurek/eurofryz3/feeds/eurofryz3_bol.xml HTTP/1.0" 200 172214 "-" "-"
193.33.8.61 - - [05/Feb/2025:13:43:51 +0100] "GET /Jurek/eany/data.csv HTTP/2.0" 200 26266094 "https://dkkapusta1997.usermd.net/Jurek/eany/" "Mozilla/5.0 (Windows NT 10.0; Win64; x64) AppleWebKit/537.36 (KHTML, like Gecko) Chrome/132.0.0.0 Safari/537.36"
