77.79.248.229 - - [04/Feb/2025:11:47:18 +0100] "GET /Jurek/bimboland/feeds/bimboland_leroy.xml HTTP/1.1" 200 2484564 "-" "Python-urllib/3.11"
46.101.116.244 - - [04/Feb/2025:11:47:32 +0100] "GET /Filip/feeds/xlsx_ceneo.xml HTTP/1.0" 200 6241376 "-" "-"
51.77.52.107 - - [04/Feb/2025:11:47:32 +0100] "POST /Filip/Rovicky/baselinker/baselinker-ceneo-shumee.php HTTP/2.0" 200 106776 "-" "BaseLinker/1.0"
46.101.116.244 - - [04/Feb/2025:11:47:52 +0100] "GET /Jurek/vida_morele/feeds/vidaPL_greatcz_MD.xml HTTP/2.0" 200 684791193 "-" "-"
77.79.248.229 - - [04/Feb/2025:11:47:57 +0100] "GET /Jurek/eroplace/feeds/eroplace_leroy.xml HTTP/1.1" 200 30849351 "-" "Python-urllib/3.11"
77.79.248.229 - - [04/Feb/2025:11:48:04 +0100] "GET /Jurek/hurtmeblowy/feeds/hurtmeblowy_leroy.xml HTTP/1.1" 200 8039286 "-" "Python-urllib/3.11"
77.79.248.229 - - [04/Feb/2025:11:48:07 +0100] "GET /Jurek/fertone/feeds/fertone_leroy.xml HTTP/1.1" 200 668859 "-" "Python-urllib/3.11"
77.79.248.229 - - [04/Feb/2025:11:48:11 +0100] "GET /Jurek/ekuchcikowo/feeds/ekuchcikowo_leroy.xml HTTP/1.1" 200 12918504 "-" "Python-urllib/3.11"
46.101.116.244 - - [04/Feb/2025:11:48:28 +0100] "GET /Jurek/eurofirany/feeds/eurofirany_erli.xml HTTP/1.0" 200 18848001 "-" "-"
77.79.248.229 - - [04/Feb/2025:11:48:50 +0100] "GET /Jurek/intsell/feeds/intsell_leroy.xml HTTP/1.1" 200 338826806 "-" "Python-urllib/3.11"
77.79.248.229 - - [04/Feb/2025:11:48:53 +0100] "GET /Jurek/velinda/feeds/velinda_leroy.xml HTTP/1.1" 200 4282387 "-" "Python-urllib/3.11"
77.79.248.229 - - [04/Feb/2025:11:48:57 +0100] "GET /Jurek/spali/feeds/spali_leroy.xml HTTP/1.1" 200 101949 "-" "Python-urllib/3.11"
77.79.248.229 - - [04/Feb/2025:11:49:01 +0100] "GET /Jurek/urwiskowo/feeds/urwiskowo_leroy.xml HTTP/1.1" 200 9114824 "-" "Python-urllib/3.11"
77.79.248.229 - - [04/Feb/2025:11:49:10 +0100] "GET /Jurek/erohurtownia/feeds/erohurtownia_leroy.xml HTTP/1.1" 200 23304005 "-" "Python-urllib/3.11"
77.79.248.229 - - [04/Feb/2025:11:49:12 +0100] "GET /Jurek/elecomp/feeds/elecomp_leroy.xml HTTP/1.1" 200 2869630 "-" "Python-urllib/3.11"
89.161.206.59 - - [04/Feb/2025:11:50:24 +0100] "GET /Jurek/fernity/feeds/fernity_skroutz.xml HTTP/1.0" 200 4984983 "-" "-"
193.33.8.61 - - [04/Feb/2025:11:50:29 +0100] "GET /Jurek/sempler/feeds/sempler_mallsi.xml HTTP/2.0" 200 6553295 "https://konsola.dkkapusta1997.usermd.net/" "Mozilla/5.0 (Windows NT 10.0; Win64; x64) AppleWebKit/537.36 (KHTML, like Gecko) Chrome/132.0.0.0 Safari/537.36"
77.79.248.229 - - [04/Feb/2025:11:50:30 +0100] "GET /Jurek/sempler/feeds/sempler_mallsi.xml HTTP/1.1" 200 6553295 "-" "Python-urllib/3.11"
89.161.206.59 - - [04/Feb/2025:11:50:35 +0100] "GET /Jurek/activeshop/feeds/activeshop_skroutz.xml HTTP/1.0" 200 10399087 "-" "-"
77.79.248.229 - - [04/Feb/2025:11:50:58 +0100] "GET /Jurek/eurofirany/feeds/eurofirany_allsweet.xml HTTP/1.1" 200 18848255 "-" "Python-urllib/3.11"
46.101.116.244 - - [04/Feb/2025:11:51:07 +0100] "GET /Jurek/octopia/feeds/octopia_mallcz.xml HTTP/2.0" 200 10626353 "-" "-"
46.101.116.244 - - [04/Feb/2025:11:51:07 +0100] "GET /Jurek/beliani/feeds/beliani_skroutz.xml HTTP/1.0" 200 31923286 "-" "-"
77.79.248.229 - - [04/Feb/2025:11:51:08 +0100] "GET /Jurek/ikonka/feeds/ikonka_all_sweet.xml HTTP/1.1" 200 22693380 "-" "Python-urllib/3.11"
77.79.248.229 - - [04/Feb/2025:11:51:13 +0100] "GET /Jurek/stema/feeds/stema_all.xml HTTP/1.1" 200 860464 "-" "Python-urllib/3.11"
77.79.248.229 - - [04/Feb/2025:11:51:22 +0100] "GET /Jurek/eurofirany/feeds/eurofirany_all_cz.xml HTTP/1.1" 200 18863619 "-" "Python-urllib/3.11"
77.79.248.229 - - [04/Feb/2025:11:51:34 +0100] "GET /Jurek/ikonka/feeds/ikonka_all_cz.xml HTTP/1.1" 200 22695396 "-" "Python-urllib/3.11"
77.79.248.229 - - [04/Feb/2025:11:51:39 +0100] "GET /Jurek/stema/feeds/stema_all_cz.xml HTTP/1.1" 200 860919 "-" "Python-urllib/3.11"
46.101.116.244 - - [04/Feb/2025:11:51:40 +0100] "GET /Jurek/flhf/feeds/flhf_mallcz.xml HTTP/2.0" 404 3551 "-" "-"
77.79.248.229 - - [04/Feb/2025:11:51:50 +0100] "GET /Jurek/eurofirany/feeds/eurofirany_all_sk.xml HTTP/1.1" 200 18842738 "-" "Python-urllib/3.11"
178.21.154.6 - - [04/Feb/2025:11:51:50 +0100] "GET /Jurek/eurofirany/images/422870/0.jpg HTTP/1.1" 200 139601 "-" "-"
46.101.116.244 - - [04/Feb/2025:11:52:00 +0100] "GET /Jurek/aw/feeds/aw_fnacfr.xml HTTP/1.0" 404 3551 "-" "-"
77.79.248.229 - - [04/Feb/2025:11:52:01 +0100] "GET /Jurek/ikonka/feeds/ikonka_all_sk.xml HTTP/1.1" 200 22692629 "-" "Python-urllib/3.11"
85.232.241.194 - - [04/Feb/2025:11:52:03 +0100] "GET /Jurek/aw/feeds/aw_worten.xml HTTP/1.1" 200 90443668 "-" "Python-urllib/3.11"
193.33.8.61 - - [04/Feb/2025:11:52:03 +0100] "GET /Jurek/eany/data.csv HTTP/2.0" 200 26269019 "https://dkkapusta1997.usermd.net/Jurek/eany/" "Mozilla/5.0 (Windows NT 10.0; Win64; x64) AppleWebKit/537.36 (KHTML, like Gecko) Chrome/132.0.0.0 Safari/537.36"
85.232.241.194 - - [04/Feb/2025:11:52:03 +0100] "GET /Jurek/aw/feeds/aw_wortenES.xml HTTP/1.1" 200 90444820 "-" "Python-urllib/3.11"
85.232.241.194 - - [04/Feb/2025:11:52:03 +0100] "GET /Jurek/action/feeds/action_worten.xml HTTP/1.1" 200 56245766 "-" "Python-urllib/3.11"
85.232.241.194 - - [04/Feb/2025:11:52:03 +0100] "GET /Jurek/action/feeds/action_wortenES.xml HTTP/1.1" 200 56245984 "-" "Python-urllib/3.11"
89.161.206.59 - - [04/Feb/2025:11:52:03 +0100] "GET /Jurek/narzbud/feeds/narzbud_skroutz.xml HTTP/1.0" 200 1611714 "-" "-"
77.79.248.229 - - [04/Feb/2025:11:52:05 +0100] "GET /Jurek/stema/feeds/stema_all_sk.xml HTTP/1.1" 200 860205 "-" "Python-urllib/3.11"
89.161.206.59 - - [04/Feb/2025:11:52:07 +0100] "GET /Jurek/drops/feeds/dropsofficecolection_skroutz.xml HTTP/1.0" 200 787918 "-" "-"
89.161.206.59 - - [04/Feb/2025:11:52:07 +0100] "GET /Jurek/szpaklampy/feeds/szpaklampy_skroutz.xml HTTP/1.0" 200 416460 "-" "-"
89.161.206.59 - - [04/Feb/2025:11:52:09 +0100] "GET /Jurek/spali/feeds/spali_skroutz.xml HTTP/1.0" 200 101945 "-" "-"
46.101.116.244 - - [04/Feb/2025:11:52:10 +0100] "GET /Jurek/livinhill/feeds/livinhill_mallcz.xml HTTP/2.0" 200 1437344 "-" "-"
89.161.206.59 - - [04/Feb/2025:11:52:10 +0100] "GET /Jurek/combine/feeds/combine_skroutz.xml HTTP/1.0" 200 210557 "-" "-"
85.232.241.194 - - [04/Feb/2025:11:52:23 +0100] "GET /Jurek/octopia/feeds/octopia_worten.xml HTTP/1.1" 200 10613881 "-" "Python-urllib/3.11"
85.232.241.194 - - [04/Feb/2025:11:52:23 +0100] "GET /Jurek/octopia/feeds/octopia_wortenES.xml HTTP/1.1" 200 10614157 "-" "Python-urllib/3.11"
85.232.241.194 - - [04/Feb/2025:11:52:24 +0100] "GET /Jurek/hurtownia_przemyslowa/feeds/hp_worten.xml HTTP/1.1" 200 49680394 "-" "Python-urllib/3.11"
85.232.241.194 - - [04/Feb/2025:11:52:24 +0100] "GET /Jurek/hurtownia_przemyslowa/feeds/hp_wortenES.xml HTTP/1.1" 200 49680548 "-" "Python-urllib/3.11"
85.232.241.194 - - [04/Feb/2025:11:52:27 +0100] "GET /Jurek/unimet/feeds/unimet_worten.xml HTTP/1.1" 200 60994593 "-" "Python-urllib/3.11"
85.232.241.194 - - [04/Feb/2025:11:52:28 +0100] "GET /Jurek/unimet/feeds/unimet_wortenES.xml HTTP/1.1" 200 60995403 "-" "Python-urllib/3.11"
85.232.241.194 - - [04/Feb/2025:11:52:34 +0100] "GET /Jurek/ikonka/feeds/ikonka_worten.xml HTTP/1.1" 200 22692853 "-" "Python-urllib/3.11"
85.232.241.194 - - [04/Feb/2025:11:52:34 +0100] "GET /Jurek/ikonka/feeds/ikonka_wortenES.xml HTTP/1.1" 200 22692855 "-" "Python-urllib/3.11"
85.232.241.194 - - [04/Feb/2025:11:52:38 +0100] "GET /Jurek/eroplace/feeds/eroplace_worten.xml HTTP/1.1" 200 30849450 "-" "Python-urllib/3.11"
85.232.241.194 - - [04/Feb/2025:11:52:38 +0100] "GET /Jurek/eroplace/feeds/eroplace_wortenES.xml HTTP/1.1" 200 30848287 "-" "Python-urllib/3.11"
85.232.241.194 - - [04/Feb/2025:11:52:40 +0100] "GET /Jurek/intsell/feeds/intsell_worten.xml HTTP/1.1" 200 338827967 "-" "Python-urllib/3.11"
85.232.241.194 - - [04/Feb/2025:11:52:42 +0100] "GET /Jurek/intsell/feeds/intsell_wortenES.xml HTTP/1.1" 200 338829642 "-" "Python-urllib/3.11"
85.232.241.194 - - [04/Feb/2025:11:52:43 +0100] "GET /Jurek/coppotech/feeds/coppotech_worten.xml HTTP/1.1" 200 38986141 "-" "Python-urllib/3.11"
85.232.241.194 - - [04/Feb/2025:11:52:43 +0100] "GET /Jurek/coppotech/feeds/coppotech_wortenES.xml HTTP/1.1" 200 38986503 "-" "Python-urllib/3.11"
85.232.241.194 - - [04/Feb/2025:11:52:43 +0100] "GET /Jurek/b3/feeds/b3_worten.xml HTTP/1.1" 200 7093246 "-" "Python-urllib/3.11"
85.232.241.194 - - [04/Feb/2025:11:52:43 +0100] "GET /Jurek/b3/feeds/b3_wortenES.xml HTTP/1.1" 200 7093213 "-" "Python-urllib/3.11"
85.232.241.194 - - [04/Feb/2025:11:52:43 +0100] "GET /Jurek/ekuchcikowo/feeds/ekuchcikowo_worten.xml HTTP/1.1" 200 12918670 "-" "Python-urllib/3.11"
85.232.241.194 - - [04/Feb/2025:11:52:44 +0100] "GET /Jurek/ekuchcikowo/feeds/ekuchcikowo_wortenES.xml HTTP/1.1" 200 12918690 "-" "Python-urllib/3.11"
85.232.241.194 - - [04/Feb/2025:11:52:44 +0100] "GET /Jurek/fertone/feeds/fertone_worten.xml HTTP/1.1" 200 668860 "-" "Python-urllib/3.11"
85.232.241.194 - - [04/Feb/2025:11:52:44 +0100] "GET /Jurek/fertone/feeds/fertone_wortenES.xml HTTP/1.1" 200 668871 "-" "Python-urllib/3.11"
85.232.241.194 - - [04/Feb/2025:11:52:44 +0100] "GET /Jurek/sempler/feeds/sempler_worten.xml HTTP/1.1" 200 6553319 "-" "Python-urllib/3.11"
85.232.241.194 - - [04/Feb/2025:11:52:44 +0100] "GET /Jurek/sempler/feeds/sempler_wortenES.xml HTTP/1.1" 200 6553354 "-" "Python-urllib/3.11"
85.232.241.194 - - [04/Feb/2025:11:52:44 +0100] "GET /Jurek/euroshop/feeds/euroshop_worten.xml HTTP/1.1" 200 17927531 "-" "Python-urllib/3.11"
85.232.241.194 - - [04/Feb/2025:11:52:45 +0100] "GET /Jurek/euroshop/feeds/euroshop_wortenES.xml HTTP/1.1" 200 17927605 "-" "Python-urllib/3.11"
85.232.241.194 - - [04/Feb/2025:11:52:45 +0100] "GET /Jurek/ekolight/feeds/ekolight_worten.xml HTTP/1.1" 200 7140665 "-" "Python-urllib/3.11"
85.232.241.194 - - [04/Feb/2025:11:52:45 +0100] "GET /Jurek/ekolight/feeds/ekolight_wortenES.xml HTTP/1.1" 200 7140751 "-" "Python-urllib/3.11"
85.232.241.194 - - [04/Feb/2025:11:52:45 +0100] "GET /Jurek/erohurtownia/feeds/erohurtownia_worten.xml HTTP/1.1" 200 23304037 "-" "Python-urllib/3.11"
85.232.241.194 - - [04/Feb/2025:11:52:45 +0100] "GET /Jurek/erohurtownia/feeds/erohurtownia_wortenES.xml HTTP/1.1" 200 23303951 "-" "Python-urllib/3.11"
85.232.241.194 - - [04/Feb/2025:11:52:45 +0100] "GET /Jurek/kobi/feeds/kobi_worten.xml HTTP/1.1" 200 1993261 "-" "Python-urllib/3.11"
85.232.241.194 - - [04/Feb/2025:11:52:45 +0100] "GET /Jurek/kobi/feeds/kobi_wortenES.xml HTTP/1.1" 200 1993291 "-" "Python-urllib/3.11"
85.232.241.194 - - [04/Feb/2025:11:52:45 +0100] "GET /Jurek/elecomp/feeds/elecomp_worten.xml HTTP/1.1" 200 2869628 "-" "Python-urllib/3.11"
85.232.241.194 - - [04/Feb/2025:11:52:45 +0100] "GET /Jurek/elecomp/feeds/elecomp_wortenES.xml HTTP/1.1" 200 2869650 "-" "Python-urllib/3.11"
85.232.241.194 - - [04/Feb/2025:11:52:46 +0100] "GET /Jurek/kambukka/feeds/kambukka_worten.xml HTTP/1.1" 200 963065 "-" "Python-urllib/3.11"
85.232.241.194 - - [04/Feb/2025:11:52:46 +0100] "GET /Jurek/kambukka/feeds/kambukka_wortenES.xml HTTP/1.1" 200 963047 "-" "Python-urllib/3.11"
85.232.241.194 - - [04/Feb/2025:11:52:46 +0100] "GET /Jurek/waks/feeds/waks_worten.xml HTTP/1.1" 200 6332951 "-" "Python-urllib/3.11"
85.232.241.194 - - [04/Feb/2025:11:52:46 +0100] "GET /Jurek/waks/feeds/waks_wortenES.xml HTTP/1.1" 200 6333039 "-" "Python-urllib/3.11"
85.232.241.194 - - [04/Feb/2025:11:52:46 +0100] "GET /Jurek/oromed/feeds/oromed_worten.xml HTTP/1.1" 200 963852 "-" "Python-urllib/3.11"
85.232.241.194 - - [04/Feb/2025:11:52:46 +0100] "GET /Jurek/oromed/feeds/oromed_wortenES.xml HTTP/1.1" 200 963843 "-" "Python-urllib/3.11"
85.232.241.194 - - [04/Feb/2025:11:52:46 +0100] "GET /Jurek/benetech/feeds/benetech_worten.xml HTTP/1.1" 200 4451847 "-" "Python-urllib/3.11"
85.232.241.194 - - [04/Feb/2025:11:52:46 +0100] "GET /Jurek/benetech/feeds/benetech_wortenES.xml HTTP/1.1" 200 4451866 "-" "Python-urllib/3.11"
85.232.241.194 - - [04/Feb/2025:11:52:46 +0100] "GET /Jurek/spali/feeds/spali_worten.xml HTTP/1.1" 200 101951 "-" "Python-urllib/3.11"
85.232.241.194 - - [04/Feb/2025:11:52:46 +0100] "GET /Jurek/spali/feeds/spali_wortenES.xml HTTP/1.1" 200 101947 "-" "Python-urllib/3.11"
85.232.241.194 - - [04/Feb/2025:11:52:46 +0100] "GET /Jurek/najtanszysport/feeds/najtanszysport_worten.xml HTTP/1.1" 200 3982873 "-" "Python-urllib/3.11"
85.232.241.194 - - [04/Feb/2025:11:52:46 +0100] "GET /Jurek/najtanszysport/feeds/najtanszysport_wortenES.xml HTTP/1.1" 200 3983013 "-" "Python-urllib/3.11"
85.232.241.194 - - [04/Feb/2025:11:52:47 +0100] "GET /Jurek/maksik/feeds/maksik_worten.xml HTTP/1.1" 200 4084786 "-" "Python-urllib/3.11"
46.101.116.244 - - [04/Feb/2025:11:52:47 +0100] "GET /Filip/feeds/xlsx_ceneo.xml HTTP/1.0" 200 6241376 "-" "-"
85.232.241.194 - - [04/Feb/2025:11:52:47 +0100] "GET /Jurek/maksik/feeds/maksik_wortenES.xml HTTP/1.1" 200 4084776 "-" "Python-urllib/3.11"
85.232.241.194 - - [04/Feb/2025:11:52:47 +0100] "GET /Jurek/urwiskowo/feeds/urwiskowo_worten.xml HTTP/1.1" 200 9114803 "-" "Python-urllib/3.11"
85.232.241.194 - - [04/Feb/2025:11:52:47 +0100] "GET /Jurek/urwiskowo/feeds/urwiskowo_wortenES.xml HTTP/1.1" 200 9114874 "-" "Python-urllib/3.11"
85.232.241.194 - - [04/Feb/2025:11:52:47 +0100] "GET /Jurek/combine/feeds/combine_worten.xml HTTP/1.1" 200 210558 "-" "Python-urllib/3.11"
51.77.52.107 - - [04/Feb/2025:11:52:47 +0100] "POST /Filip/Rovicky/baselinker/baselinker-ceneo-shumee.php HTTP/2.0" 200 106776 "-" "BaseLinker/1.0"
85.232.241.194 - - [04/Feb/2025:11:52:47 +0100] "GET /Jurek/combine/feeds/combine_wortenES.xml HTTP/1.1" 200 210557 "-" "Python-urllib/3.11"
46.101.116.244 - - [04/Feb/2025:11:53:12 +0100] "GET /Jurek/vidaCZ/feeds/vida_mallcz.xml HTTP/2.0" 200 649817393 "-" "-"
77.79.248.229 - - [04/Feb/2025:11:54:47 +0100] "GET /Jurek/vidaCZ/feeds/vida_ghs.xml HTTP/1.1" 200 649829533 "-" "Python-urllib/3.11"
77.79.248.229 - - [04/Feb/2025:11:55:23 +0100] "GET /Jurek/vidaSI/feeds/vidaSI_bigbang.xml HTTP/1.1" 200 611946546 "-" "Python-urllib/3.11"
46.101.116.244 - - [04/Feb/2025:11:56:06 +0100] "GET /Jurek/aw/feeds/aw_fnacfr.xml HTTP/1.0" 404 3551 "-" "-"
46.101.116.244 - - [04/Feb/2025:11:56:46 +0100] "GET /Filip/feeds/xlsx_ceneo.xml HTTP/1.0" 200 6241376 "-" "-"
51.77.52.107 - - [04/Feb/2025:11:56:46 +0100] "POST /Filip/Rovicky/baselinker/baselinker-ceneo-shumee.php HTTP/2.0" 200 106776 "-" "BaseLinker/1.0"
66.249.69.70 - - [04/Feb/2025:11:57:06 +0100] "GET /robots.txt HTTP/1.1" 404 3551 "-" "Mozilla/5.0 (compatible; Googlebot/2.1; +http://www.google.com/bot.html)"
66.249.69.68 - - [04/Feb/2025:11:57:06 +0100] "GET /Filip/vida/ HTTP/1.1" 200 8954 "-" "Mozilla/5.0 (Linux; Android 6.0.1; Nexus 5X Build/MMB29P) AppleWebKit/537.36 (KHTML, like Gecko) Chrome/99.0.4844.84 Mobile Safari/537.36 (compatible; Googlebot/2.1; +http://www.google.com/bot.html)"
66.249.69.70 - - [04/Feb/2025:11:57:07 +0100] "GET /Filip/vida/ HTTP/1.1" 200 8954 "-" "Mozilla/5.0 (compatible; Googlebot/2.1; +http://www.google.com/bot.html)"
193.33.8.61 - - [04/Feb/2025:11:57:09 +0100] "GET /Jurek/pawonik/feeds/pawonik_zero.xml HTTP/2.0" 200 2534140 "https://konsola.dkkapusta1997.usermd.net/" "Mozilla/5.0 (Macintosh; Intel Mac OS X 10_15_7) AppleWebKit/537.36 (KHTML, like Gecko) Chrome/132.0.0.0 Safari/537.36"
66.249.69.70 - - [04/Feb/2025:11:57:09 +0100] "GET /favicon.ico HTTP/1.1" 404 3551 "-" "Googlebot-Image/1.0"
89.161.206.59 - - [04/Feb/2025:11:57:26 +0100] "GET /Jurek/slayo/feeds/slayo_emagro.xml HTTP/1.0" 200 195556 "-" "-"
89.161.206.59 - - [04/Feb/2025:11:57:26 +0100] "GET /Jurek/amzteam/feeds/amzteam_emagro.xml HTTP/1.0" 200 97907 "-" "-"
89.161.206.59 - - [04/Feb/2025:11:57:26 +0100] "GET /Jurek/kambukka/feeds/kambukka_emagro.xml HTTP/1.0" 200 963180 "-" "-"
89.161.206.59 - - [04/Feb/2025:11:57:26 +0100] "GET /Jurek/pagmil/feeds/pagmil_emagro.xml HTTP/1.0" 200 1705803 "-" "-"
89.161.206.59 - - [04/Feb/2025:11:57:26 +0100] "GET /Jurek/benetech/feeds/benetech_emagro.xml HTTP/1.0" 200 4452141 "-" "-"
89.161.206.59 - - [04/Feb/2025:11:57:27 +0100] "GET /Jurek/hdwr/feeds/hdwr_emagro.xml HTTP/1.0" 200 777975 "-" "-"
89.161.206.59 - - [04/Feb/2025:11:57:27 +0100] "GET /Jurek/sempler/feeds/sempler_emagro.xml HTTP/1.0" 200 6554053 "-" "-"
89.161.206.59 - - [04/Feb/2025:11:57:27 +0100] "GET /Jurek/bass/feeds/bass_emagro.xml HTTP/1.0" 200 3985201 "-" "-"
89.161.206.59 - - [04/Feb/2025:11:57:27 +0100] "GET /Jurek/eroplace/feeds/eroplace_emagro.xml HTTP/1.0" 200 30859919 "-" "-"
89.161.206.59 - - [04/Feb/2025:11:57:27 +0100] "GET /Jurek/waks/feeds/waks_emagro.xml HTTP/1.0" 200 6334402 "-" "-"
89.161.206.59 - - [04/Feb/2025:11:57:28 +0100] "GET /Jurek/kinghoff/feeds/kinghoff_emagro.xml HTTP/1.0" 200 14363744 "-" "-"
89.161.206.59 - - [04/Feb/2025:11:57:28 +0100] "GET /Jurek/b3/feeds/b3_emagro.xml HTTP/1.0" 200 7095623 "-" "-"
89.161.206.59 - - [04/Feb/2025:11:57:28 +0100] "GET /Jurek/ralmetal/feeds/ralmetal_emag.xml HTTP/1.0" 200 1787426 "-" "-"
89.161.206.59 - - [04/Feb/2025:11:57:28 +0100] "GET /Jurek/oromed/feeds/oromed_emagro.xml HTTP/1.0" 200 963997 "-" "-"
89.161.206.59 - - [04/Feb/2025:11:57:29 +0100] "GET /Jurek/narzbud/feeds/narzbud_emagro.xml HTTP/1.0" 200 1611941 "-" "-"
89.161.206.59 - - [04/Feb/2025:11:57:29 +0100] "GET /Jurek/drops/feeds/dropsofficecolection_emagro.xml HTTP/1.0" 200 788357 "-" "-"
89.161.206.59 - - [04/Feb/2025:11:57:29 +0100] "GET /Jurek/swiatecznygoliat/feeds/swiatecznygoliat_emagro.xml HTTP/1.0" 200 7196998 "-" "-"
89.161.206.59 - - [04/Feb/2025:11:57:29 +0100] "GET /Jurek/szpaklampy/feeds/szpaklampy_emagro.xml HTTP/1.0" 200 416588 "-" "-"
89.161.206.59 - - [04/Feb/2025:11:57:29 +0100] "GET /Jurek/spali/feeds/spali_emagro.xml HTTP/1.0" 200 101972 "-" "-"
89.161.206.59 - - [04/Feb/2025:11:57:30 +0100] "GET /Jurek/eldar/feeds/eldar_emagro.xml HTTP/1.0" 404 3551 "-" "-"
89.161.206.59 - - [04/Feb/2025:11:57:30 +0100] "GET /Jurek/combine/feeds/combine_EMAGRO.xml HTTP/1.0" 200 210578 "-" "-"
89.161.206.59 - - [04/Feb/2025:11:57:30 +0100] "GET /Jurek/edruk/feeds/edruk_emagro.xml HTTP/1.0" 200 13455046 "-" "-"
89.161.206.59 - - [04/Feb/2025:11:57:30 +0100] "GET /Jurek/velinda/feeds/velinda_emagro.xml HTTP/1.0" 200 4283286 "-" "-"
89.161.206.59 - - [04/Feb/2025:11:57:30 +0100] "GET /Jurek/reman/feeds/reman_emagro.xml HTTP/1.0" 200 1394932 "-" "-"
89.161.206.59 - - [04/Feb/2025:11:57:30 +0100] "GET /Jurek/urwiskowo/feeds/urwiskowo_emagro.xml HTTP/1.0" 200 9116998 "-" "-"
89.161.206.59 - - [04/Feb/2025:11:57:31 +0100] "GET /Jurek/erohurtownia/feeds/erohurtownia_emagro.xml HTTP/1.0" 200 23315986 "-" "-"
77.79.248.229 - - [04/Feb/2025:11:58:40 +0100] "GET /Filip/zalando/zalando-logo.jpg HTTP/1.1" 200 5121 "-" "-"
77.79.248.229 - - [04/Feb/2025:11:58:46 +0100] "GET /Filip/zalando/zalando-logo.jpg HTTP/1.1" 200 5121 "-" "-"
77.79.248.229 - - [04/Feb/2025:11:58:58 +0100] "GET /Filip/zalando/zalando-logo.jpg HTTP/1.1" 200 5121 "-" "-"
77.79.248.229 - - [04/Feb/2025:11:58:58 +0100] "GET /Filip/zalando/zalando-logo.jpg HTTP/1.1" 200 5121 "-" "-"
77.79.248.229 - - [04/Feb/2025:11:59:04 +0100] "GET /Filip/zalando/zalando-logo.jpg HTTP/1.1" 200 5121 "-" "-"
77.79.248.229 - - [04/Feb/2025:11:59:04 +0100] "GET /Filip/zalando/zalando-logo.jpg HTTP/1.1" 200 5121 "-" "-"
77.79.248.229 - - [04/Feb/2025:11:59:09 +0100] "GET /Filip/zalando/zalando-logo.jpg HTTP/1.1" 200 5121 "-" "-"
77.79.248.229 - - [04/Feb/2025:11:59:09 +0100] "GET /Filip/zalando/zalando-logo.jpg HTTP/1.1" 200 5121 "-" "-"
193.33.8.61 - - [04/Feb/2025:11:59:34 +0100] "GET /Jurek/ekolight/feeds/ekolight_zero.xml HTTP/2.0" 200 7140815 "https://konsola.dkkapusta1997.usermd.net/" "Mozilla/5.0 (Macintosh; Intel Mac OS X 10_15_7) AppleWebKit/537.36 (KHTML, like Gecko) Chrome/132.0.0.0 Safari/537.36"
85.14.86.141 - - [04/Feb/2025:12:00:31 +0100] "GET /Jurek/vida_morele/feeds/VidaPL_all.xml HTTP/2.0" 200 684589054 "-" "MarketplaceAPI curl/7.64.0 PHP/8"
52.17.80.36 - - [04/Feb/2025:12:00:45 +0100] "GET /marketplaces/ubaldi/results/ubaldi.csv HTTP/1.1" 200 4010562 "-" "Mirakl HttpClient"
46.101.116.244 - - [04/Feb/2025:12:01:34 +0100] "GET /Jurek/aw/feeds/aw_fnacfr.xml HTTP/1.0" 404 3551 "-" "-"
46.101.116.244 - - [04/Feb/2025:12:01:51 +0100] "GET /Jurek/kinghoff/feeds/kinghoff_amazon_de.xml HTTP/1.0" 200 14361866 "-" "-"
46.101.116.244 - - [04/Feb/2025:12:02:13 +0100] "GET /Filip/feeds/xlsx_ceneo.xml HTTP/1.0" 200 6241376 "-" "-"
51.77.52.107 - - [04/Feb/2025:12:02:13 +0100] "POST /Filip/Rovicky/baselinker/baselinker-ceneo-shumee.php HTTP/2.0" 200 106776 "-" "BaseLinker/1.0"
52.18.22.0 - - [04/Feb/2025:12:02:20 +0100] "GET /marketplaces/rue/results/rue.csv HTTP/1.1" 200 147219 "-" "Mirakl HttpClient"
85.14.86.141 - - [04/Feb/2025:12:03:02 +0100] "GET /Jurek/kinghoff/feeds/kinghoff_morele.xml HTTP/2.0" 200 14362470 "-" "MarketplaceAPI curl/7.64.0 PHP/8"
85.14.86.141 - - [04/Feb/2025:12:05:08 +0100] "GET /Jurek/eurofirany/feeds/eurofirany_morele.xml HTTP/2.0" 200 18845671 "-" "MarketplaceAPI curl/7.64.0 PHP/8"
85.14.86.141 - - [04/Feb/2025:12:05:22 +0100] "GET /Jurek/vivaldi/feeds/vivaldi_Morele-PL.xml HTTP/2.0" 200 344674 "-" "MarketplaceAPI curl/7.64.0 PHP/8"
46.101.116.244 - - [04/Feb/2025:12:06:14 +0100] "GET /Jurek/aw/feeds/aw_fnacfr.xml HTTP/1.0" 404 3551 "-" "-"
46.101.116.244 - - [04/Feb/2025:12:06:45 +0100] "GET /Jurek/beliani/feeds/beliani_velomarket.xml HTTP/1.0" 200 31928531 "-" "-"
85.14.86.141 - - [04/Feb/2025:12:06:53 +0100] "GET /Jurek/aw/feeds/awnarzedzia_morele.xml HTTP/2.0" 200 90453981 "-" "MarketplaceAPI curl/7.64.0 PHP/8"
85.14.86.141 - - [04/Feb/2025:12:06:56 +0100] "GET /Jurek/vida_morele/feeds/VidaPL_morele.xml HTTP/2.0" 200 684590109 "-" "MarketplaceAPI curl/7.64.0 PHP/8"
46.101.116.244 - - [04/Feb/2025:12:07:04 +0100] "GET /Filip/feeds/xlsx_ceneo.xml HTTP/1.0" 200 6241376 "-" "-"
51.77.52.107 - - [04/Feb/2025:12:07:04 +0100] "POST /Filip/Rovicky/baselinker/baselinker-ceneo-shumee.php HTTP/2.0" 200 106776 "-" "BaseLinker/1.0"
85.14.86.141 - - [04/Feb/2025:12:07:28 +0100] "GET /Jurek/miloohome/feeds/miloohome_morele.xml HTTP/2.0" 200 1421250 "-" "MarketplaceAPI curl/7.64.0 PHP/8"
85.14.86.141 - - [04/Feb/2025:12:07:50 +0100] "GET /Jurek/beliani/feeds/beliani_morele.xml HTTP/2.0" 200 31928323 "-" "MarketplaceAPI curl/7.64.0 PHP/8"
46.101.116.244 - - [04/Feb/2025:12:11:18 +0100] "GET /Jurek/aw/feeds/aw_fnacfr.xml HTTP/1.0" 404 3551 "-" "-"
46.101.116.244 - - [04/Feb/2025:12:11:59 +0100] "GET /Filip/feeds/xlsx_ceneo.xml HTTP/1.0" 200 6241376 "-" "-"
51.77.52.107 - - [04/Feb/2025:12:11:59 +0100] "POST /Filip/Rovicky/baselinker/baselinker-ceneo-shumee.php HTTP/2.0" 200 106776 "-" "BaseLinker/1.0"
89.161.206.59 - - [04/Feb/2025:12:12:05 +0100] "GET /Jurek/oromed/feeds/oromed_amazonnl.xml HTTP/1.0" 200 963854 "-" "-"
185.6.76.18 - - [04/Feb/2025:12:14:28 +0100] "GET /marketplaces/skroutz/feeds/shumee.xml HTTP/1.1" 200 348754565 "-" "SkroutzBot v1.0"
46.101.116.244 - - [04/Feb/2025:12:16:25 +0100] "GET /Jurek/aw/feeds/aw_fnacfr.xml HTTP/1.0" 404 3551 "-" "-"
46.101.116.244 - - [04/Feb/2025:12:17:03 +0100] "GET /Filip/feeds/xlsx_ceneo.xml HTTP/1.0" 200 6241376 "-" "-"
51.77.52.107 - - [04/Feb/2025:12:17:03 +0100] "POST /Filip/Rovicky/baselinker/baselinker-ceneo-shumee.php HTTP/2.0" 200 106776 "-" "BaseLinker/1.0"
193.33.8.61 - - [04/Feb/2025:12:20:37 +0100] "GET /Jurek/ekolight/feeds/ekolight_zero.xml HTTP/2.0" 200 9050346 "https://konsola.dkkapusta1997.usermd.net/" "Mozilla/5.0 (Macintosh; Intel Mac OS X 10_15_7) AppleWebKit/537.36 (KHTML, like Gecko) Chrome/132.0.0.0 Safari/537.36"
46.101.116.244 - - [04/Feb/2025:12:21:42 +0100] "GET /Jurek/kinghoff/feeds/kinghoff_allegro.xml HTTP/1.0" 200 14363384 "-" "-"
46.101.116.244 - - [04/Feb/2025:12:22:08 +0100] "GET /Jurek/aw/feeds/aw_fnacfr.xml HTTP/1.0" 404 3551 "-" "-"
178.21.154.6 - - [04/Feb/2025:12:22:14 +0100] "GET /Jurek/eurofirany/images/11796/0.jpg HTTP/1.1" 200 133518 "-" "-"
46.101.116.244 - - [04/Feb/2025:12:22:52 +0100] "GET /Filip/feeds/xlsx_ceneo.xml HTTP/1.0" 200 6241376 "-" "-"
51.77.52.107 - - [04/Feb/2025:12:22:52 +0100] "POST /Filip/Rovicky/baselinker/baselinker-ceneo-shumee.php HTTP/2.0" 200 106776 "-" "BaseLinker/1.0"
3.66.179.55 - - [04/Feb/2025:12:24:30 +0100] "GET /Filip/zalando/zalando-logo.jpg HTTP/2.0" 200 5121 "-" "Mozilla/5.0 (Windows NT 6.3; Trident/7.0; rv:11.0) like Gecko"
3.66.117.228 - - [04/Feb/2025:12:24:50 +0100] "GET /Filip/zalando/zalando-logo.jpg HTTP/2.0" 200 5121 "-" "Mozilla/5.0 (Windows NT 6.3; Trident/7.0; rv:11.0) like Gecko"
193.33.8.61 - - [04/Feb/2025:12:25:32 +0100] "GET /Jurek/amzteam/feeds/amzteam_pigu.xml HTTP/2.0" 200 97877 "https://konsola.dkkapusta1997.usermd.net/" "Mozilla/5.0 (Windows NT 10.0; Win64; x64) AppleWebKit/537.36 (KHTML, like Gecko) Chrome/132.0.0.0 Safari/537.36"
77.79.248.229 - - [04/Feb/2025:12:25:36 +0100] "GET /Jurek/amzteam/feeds/amzteam_pigu.xml HTTP/1.1" 200 97877 "-" "Python-urllib/3.11"
89.161.206.59 - - [04/Feb/2025:12:26:10 +0100] "GET /Jurek/bass/feeds/bass_amazonfr.xml HTTP/1.0" 200 3984005 "-" "-"
46.101.116.244 - - [04/Feb/2025:12:26:16 +0100] "GET /Jurek/aw/feeds/aw_fnacfr.xml HTTP/1.0" 404 3551 "-" "-"
89.161.206.59 - - [04/Feb/2025:12:26:22 +0100] "GET /Jurek/kambukka/feeds/kambukka_amazonfr.xml HTTP/1.0" 200 963060 "-" "-"
89.161.206.59 - - [04/Feb/2025:12:26:22 +0100] "GET /Jurek/kambukka/feeds/kambukka_amazonit.xml HTTP/1.0" 200 963045 "-" "-"
89.161.206.59 - - [04/Feb/2025:12:26:22 +0100] "GET /Jurek/kambukka/feeds/kambukka_amazonnl.xml HTTP/1.0" 200 963050 "-" "-"
89.161.206.59 - - [04/Feb/2025:12:26:22 +0100] "GET /Jurek/kambukka/feeds/kambukka_amazonse.xml HTTP/1.0" 200 963314 "-" "-"
89.161.206.59 - - [04/Feb/2025:12:26:23 +0100] "GET /Jurek/waks/feeds/waks_amazonit.xml HTTP/1.0" 200 6333025 "-" "-"
89.161.206.59 - - [04/Feb/2025:12:26:23 +0100] "GET /Jurek/waks/feeds/waks_amazones.xml HTTP/1.0" 200 6333066 "-" "-"
89.161.206.59 - - [04/Feb/2025:12:26:24 +0100] "GET /Jurek/hdwr/feeds/hdwr_amazonse.xml HTTP/1.0" 200 778088 "-" "-"
89.161.206.59 - - [04/Feb/2025:12:26:25 +0100] "GET /Jurek/targethome/feeds/targethome_amazonde.xml HTTP/1.0" 200 683573 "-" "-"
89.161.206.59 - - [04/Feb/2025:12:26:25 +0100] "GET /Jurek/sempler/feeds/sempler_amazonde.xml HTTP/1.0" 200 6553288 "-" "-"
89.161.206.59 - - [04/Feb/2025:12:26:27 +0100] "GET /Jurek/b3/feeds/b3_amazonde.xml HTTP/1.0" 200 7093175 "-" "-"
89.161.206.59 - - [04/Feb/2025:12:26:29 +0100] "GET /Jurek/sempler/feeds/sempler_amazonfr.xml HTTP/1.0" 200 6553312 "-" "-"
89.161.206.59 - - [04/Feb/2025:12:26:29 +0100] "GET /Jurek/sempler/feeds/sempler_amazonit.xml HTTP/1.0" 200 6553327 "-" "-"
89.161.206.59 - - [04/Feb/2025:12:26:30 +0100] "GET /Jurek/sempler/feeds/sempler_amazonnl.xml HTTP/1.0" 200 6553293 "-" "-"
89.161.206.59 - - [04/Feb/2025:12:26:33 +0100] "GET /Jurek/eroplace/feeds/eroplace_amazones.xml HTTP/1.0" 200 30850165 "-" "-"
89.161.206.59 - - [04/Feb/2025:12:26:35 +0100] "GET /Jurek/b3/feeds/b3_amazonnl.xml HTTP/1.0" 200 7093138 "-" "-"
89.161.206.59 - - [04/Feb/2025:12:26:36 +0100] "GET /Jurek/ralmetal/feeds/ralmetal_amazonde.xml HTTP/1.0" 200 1786761 "-" "-"
89.161.206.59 - - [04/Feb/2025:12:26:37 +0100] "GET /Jurek/oromed/feeds/oromed_amazonde.xml HTTP/1.0" 200 970390 "-" "-"
89.161.206.59 - - [04/Feb/2025:12:26:37 +0100] "GET /Jurek/ralmetal/feeds/ralmetal_amazonfr.xml HTTP/1.0" 200 1786817 "-" "-"
46.101.116.244 - - [04/Feb/2025:12:26:59 +0100] "GET /Filip/feeds/xlsx_ceneo.xml HTTP/1.0" 200 6241376 "-" "-"
51.77.52.107 - - [04/Feb/2025:12:26:59 +0100] "POST /Filip/Rovicky/baselinker/baselinker-ceneo-shumee.php HTTP/2.0" 200 106776 "-" "BaseLinker/1.0"
46.101.116.244 - - [04/Feb/2025:12:27:13 +0100] "GET /Jurek/intsell/feeds/intsell_amazonde.xml HTTP/1.0" 200 338826675 "-" "-"
89.161.206.59 - - [04/Feb/2025:12:27:16 +0100] "GET /Jurek/ralmetal/feeds/ralmetal_amazonit.xml HTTP/1.0" 200 1786783 "-" "-"
89.161.206.59 - - [04/Feb/2025:12:27:16 +0100] "GET /Jurek/ralmetal/feeds/ralmetal_amazonnl.xml HTTP/1.0" 200 1786781 "-" "-"
89.161.206.59 - - [04/Feb/2025:12:27:16 +0100] "GET /Jurek/ralmetal/feeds/ralmetal_amazones.xml HTTP/1.0" 200 1786871 "-" "-"
46.101.116.244 - - [04/Feb/2025:12:27:37 +0100] "GET /Jurek/intsell/feeds/intsell_amazonde.xml HTTP/1.0" 200 338826675 "-" "-"
193.33.8.61 - - [04/Feb/2025:12:27:49 +0100] "GET /Jurek/bass_new/feeds/bass_zero.xml HTTP/2.0" 200 7039346 "https://konsola.dkkapusta1997.usermd.net/" "Mozilla/5.0 (Windows NT 10.0; Win64; x64) AppleWebKit/537.36 (KHTML, like Gecko) Chrome/132.0.0.0 Safari/537.36"
77.79.248.229 - - [04/Feb/2025:12:27:57 +0100] "GET /Jurek/bass_new/feeds/bass_zero.xml HTTP/1.1" 200 7039346 "-" "Python-urllib/3.11"
46.101.116.244 - - [04/Feb/2025:12:28:40 +0100] "GET /Jurek/teamson/feeds/teamson_allegro.xml HTTP/1.0" 200 592796 "-" "-"
46.101.116.244 - - [04/Feb/2025:12:28:41 +0100] "GET /Filip/feeds/xlsx_ceneo.xml HTTP/1.0" 200 6241376 "-" "-"
89.161.206.59 - - [04/Feb/2025:12:28:43 +0100] "GET /Jurek/topeshop/feeds/topeshop_velo.xml HTTP/1.0" 200 2443696 "-" "-"
89.161.206.59 - - [04/Feb/2025:12:28:46 +0100] "GET /Jurek/targethome/feeds/targethome_emaghu.xml HTTP/1.0" 200 683895 "-" "-"
46.101.116.244 - - [04/Feb/2025:12:31:29 +0100] "GET /Jurek/aw/feeds/aw_fnacfr.xml HTTP/1.0" 404 3551 "-" "-"
46.101.116.244 - - [04/Feb/2025:12:32:21 +0100] "GET /Filip/feeds/xlsx_ceneo.xml HTTP/1.0" 200 6241376 "-" "-"
51.77.52.107 - - [04/Feb/2025:12:32:21 +0100] "POST /Filip/Rovicky/baselinker/baselinker-ceneo-shumee.php HTTP/2.0" 200 106776 "-" "BaseLinker/1.0"
52.209.168.113 - - [04/Feb/2025:12:35:16 +0100] "GET /marketplaces/worten2/results/worten.csv HTTP/1.1" 200 16335903 "-" "Mirakl HttpClient"
154.6.156.155 - - [04/Feb/2025:12:37:35 +0100] "GET /Jurek/eurofirany/images/224667/5.jpg HTTP/2.0" 200 43498 "https://www.emag.ro/perdea-ready-lucy-300x160-cm-crema-eurofirany-224667/pd/DVKH8LMBM/?ref=fam" "Mozilla/5.0 (Windows NT 10.0; Win64; x64) AppleWebKit/537.36 (KHTML, like Gecko) Chrome/131.0.0.0 Safari/537.36"
154.6.156.155 - - [04/Feb/2025:12:37:35 +0100] "GET /Jurek/eurofirany/images/224667/1.jpg HTTP/2.0" 200 77314 "https://www.emag.ro/perdea-ready-lucy-300x160-cm-crema-eurofirany-224667/pd/DVKH8LMBM/?ref=fam" "Mozilla/5.0 (Windows NT 10.0; Win64; x64) AppleWebKit/537.36 (KHTML, like Gecko) Chrome/131.0.0.0 Safari/537.36"
154.6.156.155 - - [04/Feb/2025:12:37:36 +0100] "GET /Jurek/eurofirany/images/224667/4.jpg HTTP/2.0" 200 122104 "https://www.emag.ro/perdea-ready-lucy-300x160-cm-crema-eurofirany-224667/pd/DVKH8LMBM/?ref=fam" "Mozilla/5.0 (Windows NT 10.0; Win64; x64) AppleWebKit/537.36 (KHTML, like Gecko) Chrome/131.0.0.0 Safari/537.36"
154.6.156.155 - - [04/Feb/2025:12:37:36 +0100] "GET /Jurek/eurofirany/images/224667/3.jpg HTTP/2.0" 200 45207 "https://www.emag.ro/perdea-ready-lucy-300x160-cm-crema-eurofirany-224667/pd/DVKH8LMBM/?ref=fam" "Mozilla/5.0 (Windows NT 10.0; Win64; x64) AppleWebKit/537.36 (KHTML, like Gecko) Chrome/131.0.0.0 Safari/537.36"
154.6.156.155 - - [04/Feb/2025:12:37:36 +0100] "GET /Jurek/eurofirany/images/224667/2.jpg HTTP/2.0" 200 39503 "https://www.emag.ro/perdea-ready-lucy-300x160-cm-crema-eurofirany-224667/pd/DVKH8LMBM/?ref=fam" "Mozilla/5.0 (Windows NT 10.0; Win64; x64) AppleWebKit/537.36 (KHTML, like Gecko) Chrome/131.0.0.0 Safari/537.36"
154.6.156.6 - - [04/Feb/2025:12:37:42 +0100] "GET /Jurek/eurofirany/images/224667/1.jpg HTTP/2.0" 200 77314 "https://www.emag.ro/perdea-ready-lucy-300x160-cm-crema-eurofirany-224667/pd/DVKH8LMBM/?ref=fam" "Mozilla/5.0 (Macintosh; Intel Mac OS X 10_15_5) AppleWebKit/537.36 (KHTML, like Gecko) Chrome/131.0.0.0 Safari/537.36"
154.6.156.6 - - [04/Feb/2025:12:37:42 +0100] "GET /Jurek/eurofirany/images/224667/2.jpg HTTP/2.0" 200 39503 "https://www.emag.ro/perdea-ready-lucy-300x160-cm-crema-eurofirany-224667/pd/DVKH8LMBM/?ref=fam" "Mozilla/5.0 (Macintosh; Intel Mac OS X 10_15_5) AppleWebKit/537.36 (KHTML, like Gecko) Chrome/131.0.0.0 Safari/537.36"
154.6.156.6 - - [04/Feb/2025:12:37:42 +0100] "GET /Jurek/eurofirany/images/224667/3.jpg HTTP/2.0" 200 45207 "https://www.emag.ro/perdea-ready-lucy-300x160-cm-crema-eurofirany-224667/pd/DVKH8LMBM/?ref=fam" "Mozilla/5.0 (Macintosh; Intel Mac OS X 10_15_5) AppleWebKit/537.36 (KHTML, like Gecko) Chrome/131.0.0.0 Safari/537.36"
154.6.156.6 - - [04/Feb/2025:12:37:42 +0100] "GET /Jurek/eurofirany/images/224667/4.jpg HTTP/2.0" 200 122104 "https://www.emag.ro/perdea-ready-lucy-300x160-cm-crema-eurofirany-224667/pd/DVKH8LMBM/?ref=fam" "Mozilla/5.0 (Macintosh; Intel Mac OS X 10_15_5) AppleWebKit/537.36 (KHTML, like Gecko) Chrome/131.0.0.0 Safari/537.36"
154.6.156.6 - - [04/Feb/2025:12:37:42 +0100] "GET /Jurek/eurofirany/images/224667/5.jpg HTTP/2.0" 200 43498 "https://www.emag.ro/perdea-ready-lucy-300x160-cm-crema-eurofirany-224667/pd/DVKH8LMBM/?ref=fam" "Mozilla/5.0 (Macintosh; Intel Mac OS X 10_15_5) AppleWebKit/537.36 (KHTML, like Gecko) Chrome/131.0.0.0 Safari/537.36"
46.101.116.244 - - [04/Feb/2025:12:38:04 +0100] "GET /Jurek/aw/feeds/aw_fnacfr.xml HTTP/1.0" 404 3551 "-" "-"
46.101.116.244 - - [04/Feb/2025:12:38:41 +0100] "GET /Filip/feeds/xlsx_ceneo.xml HTTP/1.0" 200 6241376 "-" "-"
51.77.52.107 - - [04/Feb/2025:12:38:41 +0100] "POST /Filip/Rovicky/baselinker/baselinker-ceneo-shumee.php HTTP/2.0" 200 106776 "-" "BaseLinker/1.0"
89.161.206.59 - - [04/Feb/2025:12:40:18 +0100] "GET /Jurek/artdog/feeds/artdog_allegro.xml HTTP/1.0" 200 15933267 "-" "-"
89.161.206.59 - - [04/Feb/2025:12:40:20 +0100] "GET /Jurek/drops/feeds/dropsofficecolection_allegro.xml HTTP/1.0" 200 788191 "-" "-"
193.33.8.61 - - [04/Feb/2025:12:40:43 +0100] "GET /Jurek/sempler/output.txt HTTP/2.0" 200 13625 "https://konsola.dkkapusta1997.usermd.net/" "Mozilla/5.0 (Windows NT 10.0; Win64; x64) AppleWebKit/537.36 (KHTML, like Gecko) Chrome/132.0.0.0 Safari/537.36"
89.161.206.59 - - [04/Feb/2025:12:40:45 +0100] "GET /Jurek/eroplace/feeds/eroplace_amazonfr.xml HTTP/1.0" 200 30849665 "-" "-"
89.161.206.59 - - [04/Feb/2025:12:41:42 +0100] "GET /Jurek/waks/feeds/waks_amazonnl.xml HTTP/1.0" 200 6333016 "-" "-"
193.33.8.61 - - [04/Feb/2025:12:42:38 +0100] "GET /Jurek/sempler/feeds/sempler_mallsi.xml HTTP/2.0" 200 6553289 "https://konsola.dkkapusta1997.usermd.net/" "Mozilla/5.0 (Windows NT 10.0; Win64; x64) AppleWebKit/537.36 (KHTML, like Gecko) Chrome/132.0.0.0 Safari/537.36"
193.33.8.61 - - [04/Feb/2025:12:42:51 +0100] "GET /Jurek/sempler/feeds/sempler_mallsish.xml HTTP/2.0" 200 6553289 "https://konsola.dkkapusta1997.usermd.net/" "Mozilla/5.0 (Windows NT 10.0; Win64; x64) AppleWebKit/537.36 (KHTML, like Gecko) Chrome/132.0.0.0 Safari/537.36"
46.101.116.244 - - [04/Feb/2025:12:43:26 +0100] "GET /Jurek/aw/feeds/aw_fnacfr.xml HTTP/1.0" 404 3551 "-" "-"
178.21.154.6 - - [04/Feb/2025:12:43:47 +0100] "GET /Jurek/eurofirany/images/382250/0.jpg HTTP/1.1" 200 133518 "-" "-"
178.21.154.6 - - [04/Feb/2025:12:43:47 +0100] "GET /Jurek/eurofirany/images/390043/0.jpg HTTP/1.1" 200 110006 "-" "-"
178.21.154.6 - - [04/Feb/2025:12:43:47 +0100] "GET /Jurek/eurofirany/images/416215/0.jpg HTTP/1.1" 200 98837 "-" "-"
178.21.154.6 - - [04/Feb/2025:12:43:47 +0100] "GET /Jurek/eurofirany/images/382252/0.jpg HTTP/1.1" 200 133518 "-" "-"
178.21.154.6 - - [04/Feb/2025:12:43:47 +0100] "GET /Jurek/eurofirany/images/382230/0.jpg HTTP/1.1" 200 137841 "-" "-"
46.101.116.244 - - [04/Feb/2025:12:44:07 +0100] "GET /Filip/feeds/xlsx_ceneo.xml HTTP/1.0" 200 6241376 "-" "-"
51.77.52.107 - - [04/Feb/2025:12:44:07 +0100] "POST /Filip/Rovicky/baselinker/baselinker-ceneo-shumee.php HTTP/2.0" 200 106776 "-" "BaseLinker/1.0"
5.134.208.158 - - [04/Feb/2025:12:44:38 +0100] "GET /Jurek/eurofirany/images/379496/0.jpg HTTP/1.1" 200 16503 "-" "-"
5.134.208.158 - - [04/Feb/2025:12:44:38 +0100] "GET /Jurek/eurofirany/images/382444/0.jpg HTTP/1.1" 200 16503 "-" "-"
5.134.208.158 - - [04/Feb/2025:12:44:38 +0100] "GET /Jurek/eurofirany/images/372423/0.jpg HTTP/1.1" 200 108915 "-" "-"
5.134.208.158 - - [04/Feb/2025:12:44:38 +0100] "GET /Jurek/eurofirany/images/428673/0.jpg HTTP/1.1" 200 89133 "-" "-"
5.134.208.158 - - [04/Feb/2025:12:44:38 +0100] "GET /Jurek/eurofirany/images/350263/0.jpg HTTP/1.1" 200 69293 "-" "-"
5.134.208.158 - - [04/Feb/2025:12:44:38 +0100] "GET /Jurek/eurofirany/images/389954/0.jpg HTTP/1.1" 200 160194 "-" "-"
5.134.208.158 - - [04/Feb/2025:12:44:38 +0100] "GET /Jurek/eurofirany/images/389957/0.jpg HTTP/1.1" 200 199278 "-" "-"
5.134.208.158 - - [04/Feb/2025:12:44:38 +0100] "GET /Jurek/eurofirany/images/389970/0.jpg HTTP/1.1" 200 186061 "-" "-"
193.33.8.61 - - [04/Feb/2025:12:45:59 +0100] "GET /Jurek/topeshop/downloaded_images/5904507209803_20st1Glina140.jpg HTTP/2.0" 200 24508 "https://panel.baselinker.com/" "Mozilla/5.0 (Windows NT 10.0; Win64; x64) AppleWebKit/537.36 (KHTML, like Gecko) Chrome/131.0.0.0 Safari/537.36"
193.33.8.61 - - [04/Feb/2025:12:45:59 +0100] "GET /Jurek/topeshop/downloaded_images/5904507209803_1Glina140.jpg HTTP/2.0" 200 22597 "https://panel.baselinker.com/" "Mozilla/5.0 (Windows NT 10.0; Win64; x64) AppleWebKit/537.36 (KHTML, like Gecko) Chrome/131.0.0.0 Safari/537.36"
193.33.8.61 - - [04/Feb/2025:12:45:59 +0100] "GET /Jurek/topeshop/downloaded_images/5904507209803_open1Glina140.jpg HTTP/2.0" 200 22855 "https://panel.baselinker.com/" "Mozilla/5.0 (Windows NT 10.0; Win64; x64) AppleWebKit/537.36 (KHTML, like Gecko) Chrome/131.0.0.0 Safari/537.36"
193.33.8.61 - - [04/Feb/2025:12:45:59 +0100] "GET /Jurek/topeshop/downloaded_images/5904507209803_GlinaRTV140classic2560.jpg HTTP/2.0" 200 156801 "https://panel.baselinker.com/" "Mozilla/5.0 (Windows NT 10.0; Win64; x64) AppleWebKit/537.36 (KHTML, like Gecko) Chrome/131.0.0.0 Safari/537.36"
46.101.116.244 - - [04/Feb/2025:12:46:42 +0100] "GET /Jurek/aw/feeds/aw_fnacfr.xml HTTP/1.0" 404 3551 "-" "-"
46.101.116.244 - - [04/Feb/2025:12:47:22 +0100] "GET /Filip/feeds/xlsx_ceneo.xml HTTP/1.0" 200 6241376 "-" "-"
51.77.52.107 - - [04/Feb/2025:12:47:22 +0100] "POST /Filip/Rovicky/baselinker/baselinker-ceneo-shumee.php HTTP/2.0" 200 106776 "-" "BaseLinker/1.0"
193.33.8.61 - - [04/Feb/2025:12:47:31 +0100] "GET /Jurek/eany/data.csv HTTP/2.0" 304 0 "https://dkkapusta1997.usermd.net/Jurek/eany/" "Mozilla/5.0 (Windows NT 10.0; Win64; x64) AppleWebKit/537.36 (KHTML, like Gecko) Chrome/132.0.0.0 Safari/537.36"
89.161.206.59 - - [04/Feb/2025:12:48:10 +0100] "GET /Jurek/hurtownia_przemyslowa/feeds/hp_manomanode.xml HTTP/1.0" 200 49680215 "-" "-"
89.161.206.59 - - [04/Feb/2025:12:51:51 +0100] "GET /Jurek/hurtmeblowy/feeds/hurtmeblowy_skroutz.xml HTTP/1.0" 200 8039488 "-" "-"
89.161.206.59 - - [04/Feb/2025:12:52:14 +0100] "GET /Jurek/ekolight/feeds/ekolioght_skroutz.xml HTTP/1.0" 200 9051880 "-" "-"
46.101.116.244 - - [04/Feb/2025:12:52:47 +0100] "GET /Jurek/aw/feeds/aw_fnacfr.xml HTTP/1.0" 404 3551 "-" "-"
46.101.116.244 - - [04/Feb/2025:12:53:26 +0100] "GET /Filip/feeds/xlsx_ceneo.xml HTTP/1.0" 200 6241376 "-" "-"
51.77.52.107 - - [04/Feb/2025:12:53:26 +0100] "POST /Filip/Rovicky/baselinker/baselinker-ceneo-shumee.php HTTP/2.0" 200 106776 "-" "BaseLinker/1.0"
46.101.116.244 - - [04/Feb/2025:12:54:54 +0100] "GET /Jurek/intsell/feeds/intsell_skroutz.xml HTTP/1.0" 200 338828646 "-" "-"
46.101.116.244 - - [04/Feb/2025:12:56:18 +0100] "GET /Jurek/aw/feeds/aw_fnacfr.xml HTTP/1.0" 404 3551 "-" "-"
46.101.116.244 - - [04/Feb/2025:12:56:56 +0100] "GET /Filip/feeds/xlsx_ceneo.xml HTTP/1.0" 200 6241376 "-" "-"
51.77.52.107 - - [04/Feb/2025:12:56:56 +0100] "POST /Filip/Rovicky/baselinker/baselinker-ceneo-shumee.php HTTP/2.0" 200 106776 "-" "BaseLinker/1.0"
46.101.116.244 - - [04/Feb/2025:12:57:41 +0100] "GET /Jurek/kokiska/feeds/kokiska_allegro.xml HTTP/1.0" 200 10504020 "-" "-"
46.101.116.244 - - [04/Feb/2025:12:57:45 +0100] "GET /Jurek/vivaldi/feeds/vivaldi_allegro.xml HTTP/1.0" 200 344685 "-" "-"
89.161.206.59 - - [04/Feb/2025:12:57:49 +0100] "GET /Jurek/eldar/feeds/eldar_emagro.xml HTTP/1.0" 404 3551 "-" "-"
89.161.206.59 - - [04/Feb/2025:12:59:41 +0100] "GET /Jurek/swiatecznygoliat/feeds/swiatecznygoliat_allegro.xml HTTP/1.0" 200 7196363 "-" "-"
89.161.206.59 - - [04/Feb/2025:12:59:42 +0100] "GET /Jurek/velinda/feeds/velinda_allegro.xml HTTP/1.0" 200 4283152 "-" "-"
89.161.206.59 - - [04/Feb/2025:12:59:43 +0100] "GET /Jurek/hurtmeblowy/feeds/hurtmeblowy_allegro.xml HTTP/1.0" 200 8040465 "-" "-"
164.92.232.189 - - [04/Feb/2025:13:00:01 +0100] "GET /subskrypcje/AMD/feeds/amd_cz.xml HTTP/1.1" 200 518486 "-" "-"
164.92.232.189 - - [04/Feb/2025:13:00:12 +0100] "GET /subskrypcje/AMD/feeds/amd_sk.xml HTTP/1.1" 200 528562 "-" "-"
164.92.232.189 - - [04/Feb/2025:13:00:12 +0100] "GET /subskrypcje/OverHorse/overhorse_mallcz.xml HTTP/1.1" 200 112935 "-" "-"
164.92.232.189 - - [04/Feb/2025:13:00:23 +0100] "GET /subskrypcje/mondex/feeds/mondex_mall_cz.xml HTTP/1.1" 200 2203515 "-" "-"
85.14.86.141 - - [04/Feb/2025:13:00:34 +0100] "GET /Jurek/vida_morele/feeds/VidaPL_all.xml HTTP/2.0" 200 684589054 "-" "MarketplaceAPI curl/7.64.0 PHP/8"
52.17.80.36 - - [04/Feb/2025:13:00:40 +0100] "GET /marketplaces/ubaldi/results/ubaldi.csv HTTP/1.1" 200 114451 "-" "Mirakl HttpClient"
46.101.116.244 - - [04/Feb/2025:13:01:27 +0100] "GET /Jurek/intsell/feeds/intsell_emagro.xml HTTP/1.0" 200 338896982 "-" "-"
46.101.116.244 - - [04/Feb/2025:13:01:34 +0100] "GET /Jurek/hurtownia_przemyslowa/feeds/hp_velomarket.xml HTTP/1.0" 200 49684497 "-" "-"
85.232.241.194 - - [04/Feb/2025:13:02:02 +0100] "GET /Jurek/kinghoff/feeds/kinghoff_skrSH.xml HTTP/1.1" 200 14361950 "-" "Python-urllib/3.11"
85.232.241.194 - - [04/Feb/2025:13:02:03 +0100] "GET /Jurek/aw/feeds/aw_skroutzSH.xml HTTP/1.1" 200 90443423 "-" "Python-urllib/3.11"
85.232.241.194 - - [04/Feb/2025:13:02:03 +0100] "GET /Jurek/eurofirany/feeds/eurofirany_skrSH.xml HTTP/1.1" 200 18844330 "-" "Python-urllib/3.11"
85.232.241.194 - - [04/Feb/2025:13:02:03 +0100] "GET /Jurek/fernity/feeds/fernity_skrSH.xml HTTP/1.1" 200 4984937 "-" "Python-urllib/3.11"
85.232.241.194 - - [04/Feb/2025:13:02:04 +0100] "GET /Jurek/hurtownia_przemyslowa/feeds/hp_skrSH.xml HTTP/1.1" 200 49680730 "-" "Python-urllib/3.11"
85.232.241.194 - - [04/Feb/2025:13:02:04 +0100] "GET /Jurek/stema/feeds/stema_skrSH.xml HTTP/1.1" 200 860463 "-" "Python-urllib/3.11"
46.101.116.244 - - [04/Feb/2025:13:02:07 +0100] "GET /Jurek/aw/feeds/aw_fnacfr.xml HTTP/1.0" 404 3551 "-" "-"
52.18.22.0 - - [04/Feb/2025:13:02:12 +0100] "GET /marketplaces/rue/results/rue.csv HTTP/1.1" 200 147219 "-" "Mirakl HttpClient"
46.101.116.244 - - [04/Feb/2025:13:02:34 +0100] "GET /Jurek/kinghoff/feeds/kinghoff_velo.xml HTTP/1.0" 200 14362592 "-" "-"
46.101.116.244 - - [04/Feb/2025:13:02:45 +0100] "GET /Jurek/bass/feeds/bass_mallsk.xml HTTP/2.0" 200 3983858 "-" "-"
46.101.116.244 - - [04/Feb/2025:13:02:47 +0100] "GET /Filip/feeds/xlsx_ceneo.xml HTTP/1.0" 200 6241376 "-" "-"
51.77.52.107 - - [04/Feb/2025:13:02:47 +0100] "POST /Filip/Rovicky/baselinker/baselinker-ceneo-shumee.php HTTP/2.0" 200 106776 "-" "BaseLinker/1.0"
85.14.86.141 - - [04/Feb/2025:13:03:08 +0100] "GET /Jurek/kinghoff/feeds/kinghoff_morele.xml HTTP/2.0" 200 14362470 "-" "MarketplaceAPI curl/7.64.0 PHP/8"
46.101.116.244 - - [04/Feb/2025:13:03:10 +0100] "GET /Jurek/slayo/feeds/slayo_mallsk.xml HTTP/2.0" 200 195539 "-" "-"
46.101.116.244 - - [04/Feb/2025:13:03:21 +0100] "GET /Jurek/mosti/feeds/mosti_mallsk.xml HTTP/2.0" 200 9249896 "-" "-"
46.101.116.244 - - [04/Feb/2025:13:03:21 +0100] "GET /Jurek/amzteam/feeds/amzteam_mallsk.xml HTTP/2.0" 200 97847 "-" "-"
46.101.116.244 - - [04/Feb/2025:13:03:22 +0100] "GET /Jurek/artdog/feeds/artdog_mallsk.xml HTTP/2.0" 200 15929735 "-" "-"
46.101.116.244 - - [04/Feb/2025:13:03:23 +0100] "GET /Jurek/kambukka/feeds/kambukka_mallsk.xml HTTP/2.0" 200 962746 "-" "-"
46.101.116.244 - - [04/Feb/2025:13:03:37 +0100] "GET /Jurek/swiatecznygoliat/feeds/swiatecznygoliat_mallsk.xml HTTP/2.0" 200 7195633 "-" "-"
46.101.116.244 - - [04/Feb/2025:13:04:27 +0100] "GET /Jurek/topeshop/feeds/topeshop_mallsk.xml HTTP/2.0" 200 2443506 "-" "-"
85.14.86.141 - - [04/Feb/2025:13:05:43 +0100] "GET /Jurek/eurofirany/feeds/eurofirany_morele.xml HTTP/2.0" 200 18845671 "-" "MarketplaceAPI curl/7.64.0 PHP/8"
85.14.86.141 - - [04/Feb/2025:13:06:03 +0100] "GET /Jurek/vivaldi/feeds/vivaldi_Morele-PL.xml HTTP/2.0" 200 344674 "-" "MarketplaceAPI curl/7.64.0 PHP/8"
46.101.116.244 - - [04/Feb/2025:13:06:16 +0100] "GET /Jurek/aw/feeds/aw_fnacfr.xml HTTP/1.0" 404 3551 "-" "-"
46.101.116.244 - - [04/Feb/2025:13:06:54 +0100] "GET /Filip/feeds/xlsx_ceneo.xml HTTP/1.0" 200 6241376 "-" "-"
51.77.52.107 - - [04/Feb/2025:13:06:54 +0100] "POST /Filip/Rovicky/baselinker/baselinker-ceneo-shumee.php HTTP/2.0" 200 106776 "-" "BaseLinker/1.0"
85.14.86.141 - - [04/Feb/2025:13:07:18 +0100] "GET /Jurek/aw/feeds/awnarzedzia_morele.xml HTTP/2.0" 200 90453981 "-" "MarketplaceAPI curl/7.64.0 PHP/8"
46.101.116.244 - - [04/Feb/2025:13:07:36 +0100] "GET /Jurek/activeshop/feeds/activeshop_mallsk.xml HTTP/2.0" 200 10398750 "-" "-"
85.14.86.141 - - [04/Feb/2025:13:07:42 +0100] "GET /Jurek/vida_morele/feeds/VidaPL_morele.xml HTTP/2.0" 200 684590109 "-" "MarketplaceAPI curl/7.64.0 PHP/8"
85.14.86.141 - - [04/Feb/2025:13:08:28 +0100] "GET /Jurek/miloohome/feeds/miloohome_morele.xml HTTP/2.0" 200 1421250 "-" "MarketplaceAPI curl/7.64.0 PHP/8"
85.14.86.141 - - [04/Feb/2025:13:08:39 +0100] "GET /Jurek/beliani/feeds/beliani_morele.xml HTTP/2.0" 200 31928323 "-" "MarketplaceAPI curl/7.64.0 PHP/8"
178.21.154.6 - - [04/Feb/2025:13:10:08 +0100] "GET /Jurek/eurofirany/images/416143/0.jpg HTTP/1.1" 200 120591 "-" "-"
89.161.206.59 - - [04/Feb/2025:13:10:12 +0100] "GET /Jurek/erohurtownia/feeds/erohurtownia_skroutz.xml HTTP/1.0" 200 23304066 "-" "-"
89.161.206.59 - - [04/Feb/2025:13:10:14 +0100] "GET /Jurek/reman/feeds/reman_skroutz.xml HTTP/1.0" 200 1394831 "-" "-"
89.161.206.59 - - [04/Feb/2025:13:10:15 +0100] "GET /Jurek/urwiskowo/feeds/urwiskowo_skroutz.xml HTTP/1.0" 200 9114817 "-" "-"
89.161.206.59 - - [04/Feb/2025:13:11:43 +0100] "GET /Jurek/eroplace/feeds/eroplace_amazonde.xml HTTP/1.0" 200 30849318 "-" "-"
46.101.116.244 - - [04/Feb/2025:13:11:44 +0100] "GET /Jurek/aw/feeds/aw_fnacfr.xml HTTP/1.0" 404 3551 "-" "-"
89.161.206.59 - - [04/Feb/2025:13:11:48 +0100] "GET /Jurek/artdog/feeds/artdog_amazonde.xml HTTP/1.0" 200 15929060 "-" "-"
89.161.206.59 - - [04/Feb/2025:13:11:49 +0100] "GET /Jurek/pawonik/feeds/pawonik_amazonde.xml HTTP/1.0" 200 2534394 "-" "-"
46.101.116.244 - - [04/Feb/2025:13:11:55 +0100] "GET /Jurek/hurtownia_przemyslowa/feeds/hp_fnacfr.xml HTTP/1.0" 200 49680307 "-" "-"
46.101.116.244 - - [04/Feb/2025:13:12:41 +0100] "GET /Jurek/action/feeds/action_velo.xml HTTP/1.0" 200 56255493 "-" "-"
46.101.116.244 - - [04/Feb/2025:13:12:47 +0100] "GET /Jurek/eurofirany/feeds/eurofirany_allegro.xml HTTP/1.0" 200 18848289 "-" "-"
46.101.116.244 - - [04/Feb/2025:13:12:50 +0100] "GET /Jurek/victoria/feeds/victoria_pl_velo.xml HTTP/1.0" 200 14536297 "-" "-"
46.101.116.244 - - [04/Feb/2025:13:12:57 +0100] "GET /Jurek/hurtownia_przemyslowa/feeds/hp_bol.xml HTTP/1.0" 200 49680114 "-" "-"
46.101.116.244 - - [04/Feb/2025:13:13:06 +0100] "GET /Jurek/kinghoff/feeds/kinghoff_bol.xml HTTP/1.0" 200 14361697 "-" "-"
89.161.206.59 - - [04/Feb/2025:13:13:17 +0100] "GET /Jurek/ekuchcikowo/feeds/ekuchcikowo_skroutz.xml HTTP/1.0" 200 12918539 "-" "-"
89.161.206.59 - - [04/Feb/2025:13:13:23 +0100] "GET /Jurek/sempler/feeds/sempler_BOL.xml HTTP/1.0" 200 6553287 "-" "-"
89.161.206.59 - - [04/Feb/2025:13:13:25 +0100] "GET /Jurek/eroplace/feeds/eroplace_bol.xml HTTP/1.0" 200 30849443 "-" "-"
89.161.206.59 - - [04/Feb/2025:13:13:29 +0100] "GET /Jurek/waks/feeds/waks_bol.xml HTTP/1.0" 200 6332957 "-" "-"
89.161.206.59 - - [04/Feb/2025:13:13:29 +0100] "GET /Jurek/benetech/feeds/benetech_bol.xml HTTP/1.0" 200 4451829 "-" "-"
89.161.206.59 - - [04/Feb/2025:13:13:42 +0100] "GET /Jurek/oromed/feeds/oromed_BOL.xml HTTP/1.0" 200 970397 "-" "-"
89.161.206.59 - - [04/Feb/2025:13:13:43 +0100] "GET /Jurek/narzbud/feeds/narzbud_bol.xml HTTP/1.0" 200 1611771 "-" "-"
89.161.206.59 - - [04/Feb/2025:13:13:44 +0100] "GET /Jurek/artdog/feeds/artdog_bol.xml HTTP/1.0" 200 15929419 "-" "-"
89.161.206.59 - - [04/Feb/2025:13:13:46 +0100] "GET /Jurek/ekuchcikowo/feeds/ekuchcikowo_bol.xml HTTP/1.0" 200 12918477 "-" "-"
89.161.206.59 - - [04/Feb/2025:13:13:47 +0100] "GET /Jurek/ekolight/feeds/ekolight_bol.xml HTTP/1.0" 200 9051570 "-" "-"
89.161.206.59 - - [04/Feb/2025:13:13:48 +0100] "GET /Jurek/galopi/feeds/galopi_bol.xml HTTP/1.0" 200 1884691 "-" "-"
89.161.206.59 - - [04/Feb/2025:13:13:49 +0100] "GET /Jurek/erohurtownia/feeds/erohurtownia_bol.xml HTTP/1.0" 200 23303894 "-" "-"
89.161.206.59 - - [04/Feb/2025:13:13:51 +0100] "GET /Jurek/urwiskowo/feeds/urwiskowo_bol.xml HTTP/1.0" 200 9114738 "-" "-"
46.101.116.244 - - [04/Feb/2025:13:13:52 +0100] "GET /Jurek/action/feeds/action_mallskgs.xml HTTP/2.0" 200 56243613 "-" "-"
89.161.206.59 - - [04/Feb/2025:13:13:53 +0100] "GET /Jurek/livinhill/feeds/livinhill_bol.xml HTTP/1.0" 200 1436605 "-" "-"
89.161.206.59 - - [04/Feb/2025:13:13:53 +0100] "GET /Jurek/combine/feeds/combine_bol.xml HTTP/1.0" 200 210555 "-" "-"
89.161.206.59 - - [04/Feb/2025:13:13:54 +0100] "GET /Jurek/eurofryz2/feeds/eurofryz2_bol.xml HTTP/1.0" 200 1376577 "-" "-"
89.161.206.59 - - [04/Feb/2025:13:13:54 +0100] "GET /Jurek/spali/feeds/spali_bol.xml HTTP/1.0" 200 101949 "-" "-"
89.161.206.59 - - [04/Feb/2025:13:13:55 +0100] "GET /Jurek/eurofryz/feeds/eurofryz_bol.xml HTTP/1.0" 200 2388355 "-" "-"
89.161.206.59 - - [04/Feb/2025:13:13:57 +0100] "GET /Jurek/eurofryz3/feeds/eurofryz3_bol.xml HTTP/1.0" 200 172214 "-" "-"
89.161.206.59 - - [04/Feb/2025:13:14:10 +0100] "GET /Jurek/aiofactory/feeds/aiofactory_bol.xml HTTP/1.0" 200 2078532 "-" "-"
46.101.116.244 - - [04/Feb/2025:13:14:20 +0100] "GET /Jurek/b3/feeds/b3_mallskgs.xml HTTP/2.0" 200 7093023 "-" "-"
46.101.116.244 - - [04/Feb/2025:13:14:21 +0100] "GET /Jurek/rovicky/feeds/rovicky_zalando.xml HTTP/1.0" 200 14496698 "-" "-"
46.101.116.244 - - [04/Feb/2025:13:14:23 +0100] "GET /Jurek/rovicky/feeds/rovicky_zalPL.xml HTTP/1.0" 200 14370204 "-" "-"
46.101.116.244 - - [04/Feb/2025:13:14:26 +0100] "GET /Filip/feeds/xlsx_ceneo.xml HTTP/1.0" 200 6241376 "-" "-"
85.232.241.194 - - [04/Feb/2025:13:14:29 +0100] "GET /Filip/Rovicky/xlsx_ceneo.xml HTTP/1.1" 200 3255746 "-" "-"
