46.101.116.244 - - [04/Feb/2025:15:00:22 +0100] "GET /Jurek/sempler/feeds/sempler_alza.xml HTTP/2.0" 200 6554702 "-" "-"
85.14.86.141 - - [04/Feb/2025:15:00:30 +0100] "GET /Jurek/vida_morele/feeds/VidaPL_all.xml HTTP/2.0" 200 477174092 "-" "MarketplaceAPI curl/7.64.0 PHP/8"
46.101.116.244 - - [04/Feb/2025:15:00:35 +0100] "GET /Jurek/eroplace/feeds/eroplace_alza.xml HTTP/2.0" 200 30866858 "-" "-"
52.17.80.36 - - [04/Feb/2025:15:00:40 +0100] "GET /marketplaces/ubaldi/results/ubaldi.csv HTTP/1.1" 200 147219 "-" "Mirakl HttpClient"
46.101.116.244 - - [04/Feb/2025:15:00:48 +0100] "GET /Jurek/mosti/feeds/mosti_alza.xml HTTP/2.0" 200 9251133 "-" "-"
46.101.116.244 - - [04/Feb/2025:15:00:49 +0100] "GET /Jurek/biokominki/feeds/biokomiinki_alza.xml HTTP/2.0" 200 1422345 "-" "-"
46.101.116.244 - - [04/Feb/2025:15:00:49 +0100] "GET /Jurek/aw/feeds/aw_fnacfr.xml HTTP/1.0" 404 3551 "-" "-"
46.101.116.244 - - [04/Feb/2025:15:01:18 +0100] "GET /Jurek/vida_morele/feeds/vidaPL_velomarket_category4.xml HTTP/1.0" 200 51051383 "-" "-"
46.101.116.244 - - [04/Feb/2025:15:01:31 +0100] "GET /Jurek/vida_morele/feeds/vidaPL_velomarket_category6.xml HTTP/1.0" 200 147417663 "-" "-"
46.101.116.244 - - [04/Feb/2025:15:01:41 +0100] "GET /Jurek/vida_morele/feeds/vidaPL_velomarket_category2.xml HTTP/1.0" 200 40546682 "-" "-"
46.101.116.244 - - [04/Feb/2025:15:01:52 +0100] "GET /Jurek/vida_morele/feeds/vidaPL_velomarket_category5.xml HTTP/1.0" 200 75716683 "-" "-"
46.101.116.244 - - [04/Feb/2025:15:01:59 +0100] "GET /Jurek/vida_morele/feeds/vida_alza.xml HTTP/2.0" 200 684149116 "-" "-"
46.101.116.244 - - [04/Feb/2025:15:02:11 +0100] "GET /Filip/feeds/xlsx_ceneo.xml HTTP/1.0" 200 6241376 "-" "-"
51.77.52.107 - - [04/Feb/2025:15:02:12 +0100] "POST /Filip/Rovicky/baselinker/baselinker-ceneo-shumee.php HTTP/2.0" 200 106776 "-" "BaseLinker/1.0"
52.18.22.0 - - [04/Feb/2025:15:02:13 +0100] "GET /marketplaces/rue/results/rue.csv HTTP/1.1" 200 130835 "-" "Mirakl HttpClient"
89.161.206.59 - - [04/Feb/2025:15:02:33 +0100] "GET /Jurek/fertone/feeds/fertone_skroutz.xml HTTP/1.0" 200 668874 "-" "-"
89.161.206.59 - - [04/Feb/2025:15:02:46 +0100] "GET /Jurek/hurtownia_przemyslowa/feeds/hp_amazonDE.xml HTTP/1.0" 200 49875162 "-" "-"
85.14.86.141 - - [04/Feb/2025:15:03:08 +0100] "GET /Jurek/kinghoff/feeds/kinghoff_morele.xml HTTP/2.0" 200 14341854 "-" "MarketplaceAPI curl/7.64.0 PHP/8"
85.232.241.194 - - [04/Feb/2025:15:04:05 +0100] "GET /Jurek/aw/feeds/aw_worten.xml HTTP/1.1" 200 90443668 "-" "Python-urllib/3.11"
85.232.241.194 - - [04/Feb/2025:15:04:05 +0100] "GET /Jurek/aw/feeds/aw_wortenES.xml HTTP/1.1" 200 90444820 "-" "Python-urllib/3.11"
85.232.241.194 - - [04/Feb/2025:15:04:05 +0100] "GET /Jurek/action/feeds/action_worten.xml HTTP/1.1" 200 55047300 "-" "Python-urllib/3.11"
85.232.241.194 - - [04/Feb/2025:15:04:06 +0100] "GET /Jurek/action/feeds/action_wortenES.xml HTTP/1.1" 200 55047567 "-" "Python-urllib/3.11"
107.182.6.251 - - [04/Feb/2025:15:04:07 +0100] "GET /Jurek/eurofirany/images/333886/1.jpg HTTP/2.0" 200 55732 "https://www.emag.ro/perdea-ready-esim-140x250-cm-alba-eurofirany-333886/pd/DVN68LMBM/" "Mozilla/5.0 (Windows NT 10.0; Win64; x64) AppleWebKit/537.36 (KHTML, like Gecko) Chrome/131.0.0.0 Safari/537.36"
107.182.6.251 - - [04/Feb/2025:15:04:07 +0100] "GET /Jurek/eurofirany/images/333886/2.jpg HTTP/2.0" 200 26359 "https://www.emag.ro/perdea-ready-esim-140x250-cm-alba-eurofirany-333886/pd/DVN68LMBM/" "Mozilla/5.0 (Windows NT 10.0; Win64; x64) AppleWebKit/537.36 (KHTML, like Gecko) Chrome/131.0.0.0 Safari/537.36"
107.182.6.251 - - [04/Feb/2025:15:04:08 +0100] "GET /Jurek/eurofirany/images/333886/4.jpg HTTP/2.0" 200 139282 "https://www.emag.ro/perdea-ready-esim-140x250-cm-alba-eurofirany-333886/pd/DVN68LMBM/" "Mozilla/5.0 (Windows NT 10.0; Win64; x64) AppleWebKit/537.36 (KHTML, like Gecko) Chrome/131.0.0.0 Safari/537.36"
107.182.6.251 - - [04/Feb/2025:15:04:08 +0100] "GET /Jurek/eurofirany/images/333886/3.jpg HTTP/2.0" 200 50905 "https://www.emag.ro/perdea-ready-esim-140x250-cm-alba-eurofirany-333886/pd/DVN68LMBM/" "Mozilla/5.0 (Windows NT 10.0; Win64; x64) AppleWebKit/537.36 (KHTML, like Gecko) Chrome/131.0.0.0 Safari/537.36"
107.182.6.251 - - [04/Feb/2025:15:04:08 +0100] "GET /Jurek/eurofirany/images/333886/6.jpg HTTP/2.0" 200 89803 "https://www.emag.ro/perdea-ready-esim-140x250-cm-alba-eurofirany-333886/pd/DVN68LMBM/" "Mozilla/5.0 (Windows NT 10.0; Win64; x64) AppleWebKit/537.36 (KHTML, like Gecko) Chrome/131.0.0.0 Safari/537.36"
107.182.6.251 - - [04/Feb/2025:15:04:08 +0100] "GET /Jurek/eurofirany/images/333886/5.jpg HTTP/2.0" 200 44556 "https://www.emag.ro/perdea-ready-esim-140x250-cm-alba-eurofirany-333886/pd/DVN68LMBM/" "Mozilla/5.0 (Windows NT 10.0; Win64; x64) AppleWebKit/537.36 (KHTML, like Gecko) Chrome/131.0.0.0 Safari/537.36"
85.232.241.194 - - [04/Feb/2025:15:04:25 +0100] "GET /Jurek/octopia/feeds/octopia_worten.xml HTTP/1.1" 200 10663572 "-" "Python-urllib/3.11"
85.232.241.194 - - [04/Feb/2025:15:04:25 +0100] "GET /Jurek/octopia/feeds/octopia_wortenES.xml HTTP/1.1" 200 10663851 "-" "Python-urllib/3.11"
85.232.241.194 - - [04/Feb/2025:15:04:26 +0100] "GET /Jurek/hurtownia_przemyslowa/feeds/hp_worten.xml HTTP/1.1" 200 49874586 "-" "Python-urllib/3.11"
85.232.241.194 - - [04/Feb/2025:15:04:26 +0100] "GET /Jurek/hurtownia_przemyslowa/feeds/hp_wortenES.xml HTTP/1.1" 200 49874750 "-" "Python-urllib/3.11"
85.232.241.194 - - [04/Feb/2025:15:04:36 +0100] "GET /Jurek/ikonka/feeds/ikonka_worten.xml HTTP/1.1" 200 22724140 "-" "Python-urllib/3.11"
85.232.241.194 - - [04/Feb/2025:15:04:37 +0100] "GET /Jurek/ikonka/feeds/ikonka_wortenES.xml HTTP/1.1" 200 22724145 "-" "Python-urllib/3.11"
85.232.241.194 - - [04/Feb/2025:15:04:40 +0100] "GET /Jurek/eroplace/feeds/eroplace_worten.xml HTTP/1.1" 200 30849587 "-" "Python-urllib/3.11"
85.232.241.194 - - [04/Feb/2025:15:04:40 +0100] "GET /Jurek/eroplace/feeds/eroplace_wortenES.xml HTTP/1.1" 200 30849654 "-" "Python-urllib/3.11"
85.232.241.194 - - [04/Feb/2025:15:04:42 +0100] "GET /Jurek/intsell/feeds/intsell_worten.xml HTTP/1.1" 200 338828023 "-" "Python-urllib/3.11"
85.232.241.194 - - [04/Feb/2025:15:04:43 +0100] "GET /Jurek/intsell/feeds/intsell_wortenES.xml HTTP/1.1" 200 338829731 "-" "Python-urllib/3.11"
85.232.241.194 - - [04/Feb/2025:15:04:44 +0100] "GET /Jurek/coppotech/feeds/coppotech_worten.xml HTTP/1.1" 200 38986141 "-" "Python-urllib/3.11"
85.232.241.194 - - [04/Feb/2025:15:04:46 +0100] "GET /Jurek/coppotech/feeds/coppotech_wortenES.xml HTTP/1.1" 200 38986503 "-" "Python-urllib/3.11"
85.232.241.194 - - [04/Feb/2025:15:04:46 +0100] "GET /Jurek/b3/feeds/b3_worten.xml HTTP/1.1" 200 7087034 "-" "Python-urllib/3.11"
85.232.241.194 - - [04/Feb/2025:15:04:46 +0100] "GET /Jurek/b3/feeds/b3_wortenES.xml HTTP/1.1" 200 7087006 "-" "Python-urllib/3.11"
85.232.241.194 - - [04/Feb/2025:15:04:46 +0100] "GET /Jurek/ekuchcikowo/feeds/ekuchcikowo_worten.xml HTTP/1.1" 200 12918670 "-" "Python-urllib/3.11"
85.232.241.194 - - [04/Feb/2025:15:04:47 +0100] "GET /Jurek/ekuchcikowo/feeds/ekuchcikowo_wortenES.xml HTTP/1.1" 200 12918690 "-" "Python-urllib/3.11"
85.232.241.194 - - [04/Feb/2025:15:04:47 +0100] "GET /Jurek/fertone/feeds/fertone_worten.xml HTTP/1.1" 200 668860 "-" "Python-urllib/3.11"
85.232.241.194 - - [04/Feb/2025:15:04:47 +0100] "GET /Jurek/fertone/feeds/fertone_wortenES.xml HTTP/1.1" 200 668871 "-" "Python-urllib/3.11"
85.232.241.194 - - [04/Feb/2025:15:04:47 +0100] "GET /Jurek/sempler/feeds/sempler_worten.xml HTTP/1.1" 200 6553313 "-" "Python-urllib/3.11"
85.232.241.194 - - [04/Feb/2025:15:04:47 +0100] "GET /Jurek/sempler/feeds/sempler_wortenES.xml HTTP/1.1" 200 6553348 "-" "Python-urllib/3.11"
85.232.241.194 - - [04/Feb/2025:15:04:47 +0100] "GET /Jurek/euroshop/feeds/euroshop_worten.xml HTTP/1.1" 200 17927530 "-" "Python-urllib/3.11"
85.232.241.194 - - [04/Feb/2025:15:04:47 +0100] "GET /Jurek/euroshop/feeds/euroshop_wortenES.xml HTTP/1.1" 200 17927604 "-" "Python-urllib/3.11"
85.232.241.194 - - [04/Feb/2025:15:04:47 +0100] "GET /Jurek/ekolight/feeds/ekolight_worten.xml HTTP/1.1" 200 9051796 "-" "Python-urllib/3.11"
85.232.241.194 - - [04/Feb/2025:15:04:47 +0100] "GET /Jurek/ekolight/feeds/ekolight_wortenES.xml HTTP/1.1" 200 9051904 "-" "Python-urllib/3.11"
85.232.241.194 - - [04/Feb/2025:15:04:48 +0100] "GET /Jurek/erohurtownia/feeds/erohurtownia_worten.xml HTTP/1.1" 200 23304064 "-" "Python-urllib/3.11"
85.232.241.194 - - [04/Feb/2025:15:04:48 +0100] "GET /Jurek/erohurtownia/feeds/erohurtownia_wortenES.xml HTTP/1.1" 200 23303978 "-" "Python-urllib/3.11"
85.232.241.194 - - [04/Feb/2025:15:04:48 +0100] "GET /Jurek/kobi/feeds/kobi_worten.xml HTTP/1.1" 200 1993261 "-" "Python-urllib/3.11"
85.232.241.194 - - [04/Feb/2025:15:04:48 +0100] "GET /Jurek/kobi/feeds/kobi_wortenES.xml HTTP/1.1" 200 1993291 "-" "Python-urllib/3.11"
85.232.241.194 - - [04/Feb/2025:15:04:48 +0100] "GET /Jurek/elecomp/feeds/elecomp_worten.xml HTTP/1.1" 200 2869636 "-" "Python-urllib/3.11"
85.232.241.194 - - [04/Feb/2025:15:04:48 +0100] "GET /Jurek/elecomp/feeds/elecomp_wortenES.xml HTTP/1.1" 200 2869656 "-" "Python-urllib/3.11"
85.232.241.194 - - [04/Feb/2025:15:04:48 +0100] "GET /Jurek/kambukka/feeds/kambukka_worten.xml HTTP/1.1" 200 963065 "-" "Python-urllib/3.11"
85.232.241.194 - - [04/Feb/2025:15:04:48 +0100] "GET /Jurek/kambukka/feeds/kambukka_wortenES.xml HTTP/1.1" 200 963047 "-" "Python-urllib/3.11"
85.232.241.194 - - [04/Feb/2025:15:04:49 +0100] "GET /Jurek/waks/feeds/waks_worten.xml HTTP/1.1" 200 6332951 "-" "Python-urllib/3.11"
85.232.241.194 - - [04/Feb/2025:15:04:50 +0100] "GET /Jurek/waks/feeds/waks_wortenES.xml HTTP/1.1" 200 6333039 "-" "Python-urllib/3.11"
85.232.241.194 - - [04/Feb/2025:15:04:50 +0100] "GET /Jurek/oromed/feeds/oromed_worten.xml HTTP/1.1" 200 970403 "-" "Python-urllib/3.11"
85.232.241.194 - - [04/Feb/2025:15:04:50 +0100] "GET /Jurek/oromed/feeds/oromed_wortenES.xml HTTP/1.1" 200 970394 "-" "Python-urllib/3.11"
85.232.241.194 - - [04/Feb/2025:15:04:50 +0100] "GET /Jurek/benetech/feeds/benetech_worten.xml HTTP/1.1" 200 4451845 "-" "Python-urllib/3.11"
85.232.241.194 - - [04/Feb/2025:15:04:50 +0100] "GET /Jurek/benetech/feeds/benetech_wortenES.xml HTTP/1.1" 200 4451864 "-" "Python-urllib/3.11"
85.232.241.194 - - [04/Feb/2025:15:04:50 +0100] "GET /Jurek/spali/feeds/spali_worten.xml HTTP/1.1" 200 101949 "-" "Python-urllib/3.11"
85.232.241.194 - - [04/Feb/2025:15:04:50 +0100] "GET /Jurek/spali/feeds/spali_wortenES.xml HTTP/1.1" 200 101945 "-" "Python-urllib/3.11"
85.232.241.194 - - [04/Feb/2025:15:04:50 +0100] "GET /Jurek/najtanszysport/feeds/najtanszysport_worten.xml HTTP/1.1" 200 3982872 "-" "Python-urllib/3.11"
85.232.241.194 - - [04/Feb/2025:15:04:50 +0100] "GET /Jurek/najtanszysport/feeds/najtanszysport_wortenES.xml HTTP/1.1" 200 3983012 "-" "Python-urllib/3.11"
85.232.241.194 - - [04/Feb/2025:15:04:50 +0100] "GET /Jurek/maksik/feeds/maksik_worten.xml HTTP/1.1" 200 4084786 "-" "Python-urllib/3.11"
85.232.241.194 - - [04/Feb/2025:15:04:50 +0100] "GET /Jurek/maksik/feeds/maksik_wortenES.xml HTTP/1.1" 200 4084776 "-" "Python-urllib/3.11"
85.232.241.194 - - [04/Feb/2025:15:04:50 +0100] "GET /Jurek/urwiskowo/feeds/urwiskowo_worten.xml HTTP/1.1" 200 9114803 "-" "Python-urllib/3.11"
85.232.241.194 - - [04/Feb/2025:15:04:51 +0100] "GET /Jurek/urwiskowo/feeds/urwiskowo_wortenES.xml HTTP/1.1" 200 9114874 "-" "Python-urllib/3.11"
85.232.241.194 - - [04/Feb/2025:15:04:51 +0100] "GET /Jurek/combine/feeds/combine_worten.xml HTTP/1.1" 200 210558 "-" "Python-urllib/3.11"
85.232.241.194 - - [04/Feb/2025:15:04:51 +0100] "GET /Jurek/combine/feeds/combine_wortenES.xml HTTP/1.1" 200 210557 "-" "Python-urllib/3.11"
46.101.116.244 - - [04/Feb/2025:15:05:28 +0100] "GET /Jurek/aw/feeds/aw_fnacfr.xml HTTP/1.0" 404 3551 "-" "-"
85.14.86.141 - - [04/Feb/2025:15:05:35 +0100] "GET /Jurek/eurofirany/feeds/eurofirany_morele.xml HTTP/2.0" 200 18846443 "-" "MarketplaceAPI curl/7.64.0 PHP/8"
85.14.86.141 - - [04/Feb/2025:15:05:53 +0100] "GET /Jurek/vivaldi/feeds/vivaldi_Morele-PL.xml HTTP/2.0" 200 344674 "-" "MarketplaceAPI curl/7.64.0 PHP/8"
85.232.241.194 - - [04/Feb/2025:15:06:03 +0100] "GET /Jurek/action/feeds/action_ubaldi.xml HTTP/1.1" 200 55047239 "-" "Python-urllib/3.11"
85.232.241.194 - - [04/Feb/2025:15:06:07 +0100] "GET /Jurek/unimet/feeds/unimet_ubaldi.xml HTTP/1.1" 200 60994637 "-" "Python-urllib/3.11"
85.232.241.194 - - [04/Feb/2025:15:06:07 +0100] "GET /Jurek/hurtownia_przemyslowa/feeds/hp_ubaldi.xml HTTP/1.1" 200 49874585 "-" "Python-urllib/3.11"
85.232.241.194 - - [04/Feb/2025:15:06:07 +0100] "GET /Jurek/aw/feeds/aw_ubaldi.xml HTTP/1.1" 200 90443559 "-" "Python-urllib/3.11"
46.101.116.244 - - [04/Feb/2025:15:06:12 +0100] "GET /Filip/feeds/xlsx_ceneo.xml HTTP/1.0" 200 6241376 "-" "-"
51.77.52.107 - - [04/Feb/2025:15:06:12 +0100] "POST /Filip/Rovicky/baselinker/baselinker-ceneo-shumee.php HTTP/2.0" 200 106776 "-" "BaseLinker/1.0"
85.14.86.141 - - [04/Feb/2025:15:07:09 +0100] "GET /Jurek/aw/feeds/awnarzedzia_morele.xml HTTP/2.0" 200 90453981 "-" "MarketplaceAPI curl/7.64.0 PHP/8"
85.14.86.141 - - [04/Feb/2025:15:07:18 +0100] "GET /Jurek/vida_morele/feeds/VidaPL_morele.xml HTTP/2.0" 200 684590109 "-" "MarketplaceAPI curl/7.64.0 PHP/8"
85.14.86.141 - - [04/Feb/2025:15:07:58 +0100] "GET /Jurek/miloohome/feeds/miloohome_morele.xml HTTP/2.0" 200 1421250 "-" "MarketplaceAPI curl/7.64.0 PHP/8"
85.14.86.141 - - [04/Feb/2025:15:08:15 +0100] "GET /Jurek/beliani/feeds/beliani_morele.xml HTTP/2.0" 200 31928323 "-" "MarketplaceAPI curl/7.64.0 PHP/8"
178.21.154.6 - - [04/Feb/2025:15:09:07 +0100] "GET /Jurek/eurofirany/images/431706/0.jpg HTTP/1.1" 200 119835 "-" "-"
193.33.8.61 - - [04/Feb/2025:15:09:23 +0100] "GET /Jurek/drops/feeds/dropsofficecolection_pigu.xml HTTP/2.0" 200 787891 "https://konsola.dkkapusta1997.usermd.net/" "Mozilla/5.0 (Windows NT 10.0; Win64; x64) AppleWebKit/537.36 (KHTML, like Gecko) Chrome/132.0.0.0 Safari/537.36"
77.79.248.229 - - [04/Feb/2025:15:09:27 +0100] "GET /Jurek/drops/feeds/dropsofficecolection_pigu.xml HTTP/1.1" 200 787891 "-" "Python-urllib/3.11"
46.101.116.244 - - [04/Feb/2025:15:10:26 +0100] "GET /Jurek/aw/feeds/aw_fnacfr.xml HTTP/1.0" 404 3551 "-" "-"
46.101.116.244 - - [04/Feb/2025:15:11:10 +0100] "GET /Filip/feeds/xlsx_ceneo.xml HTTP/1.0" 200 6241376 "-" "-"
51.77.52.107 - - [04/Feb/2025:15:11:10 +0100] "POST /Filip/Rovicky/baselinker/baselinker-ceneo-shumee.php HTTP/2.0" 200 106776 "-" "BaseLinker/1.0"
193.230.156.191 - - [04/Feb/2025:15:11:26 +0100] "GET /Jurek/eurofirany/images/400258/2.jpg HTTP/1.1" 200 61251 "https://www.emag.ro/cearceaf-de-pat-nova-160x210-cm-turcoaz-eurofirany-400258/pd/DQ1D5LMBM/?ref=smart-deals-25-ianuarie-23-februarie_menaj-textile-si-decoratiuni" "Mozilla/5.0 (Windows NT 10.0; Win64; x64) AppleWebKit/537.36 (KHTML, like Gecko) Chrome/132.0.0.0 Safari/537.36"
193.230.156.191 - - [04/Feb/2025:15:11:26 +0100] "GET /Jurek/eurofirany/images/400258/4.jpg HTTP/1.1" 200 60735 "https://www.emag.ro/cearceaf-de-pat-nova-160x210-cm-turcoaz-eurofirany-400258/pd/DQ1D5LMBM/?ref=smart-deals-25-ianuarie-23-februarie_menaj-textile-si-decoratiuni" "Mozilla/5.0 (Windows NT 10.0; Win64; x64) AppleWebKit/537.36 (KHTML, like Gecko) Chrome/132.0.0.0 Safari/537.36"
193.230.156.191 - - [04/Feb/2025:15:11:26 +0100] "GET /Jurek/eurofirany/images/400258/5.jpg HTTP/1.1" 200 95302 "https://www.emag.ro/cearceaf-de-pat-nova-160x210-cm-turcoaz-eurofirany-400258/pd/DQ1D5LMBM/?ref=smart-deals-25-ianuarie-23-februarie_menaj-textile-si-decoratiuni" "Mozilla/5.0 (Windows NT 10.0; Win64; x64) AppleWebKit/537.36 (KHTML, like Gecko) Chrome/132.0.0.0 Safari/537.36"
193.230.156.191 - - [04/Feb/2025:15:11:26 +0100] "GET /Jurek/eurofirany/images/400258/6.jpg HTTP/1.1" 200 92167 "https://www.emag.ro/cearceaf-de-pat-nova-160x210-cm-turcoaz-eurofirany-400258/pd/DQ1D5LMBM/?ref=smart-deals-25-ianuarie-23-februarie_menaj-textile-si-decoratiuni" "Mozilla/5.0 (Windows NT 10.0; Win64; x64) AppleWebKit/537.36 (KHTML, like Gecko) Chrome/132.0.0.0 Safari/537.36"
193.230.156.191 - - [04/Feb/2025:15:11:26 +0100] "GET /Jurek/eurofirany/images/400258/1.jpg HTTP/1.1" 200 67422 "https://www.emag.ro/cearceaf-de-pat-nova-160x210-cm-turcoaz-eurofirany-400258/pd/DQ1D5LMBM/?ref=smart-deals-25-ianuarie-23-februarie_menaj-textile-si-decoratiuni" "Mozilla/5.0 (Windows NT 10.0; Win64; x64) AppleWebKit/537.36 (KHTML, like Gecko) Chrome/132.0.0.0 Safari/537.36"
193.230.156.191 - - [04/Feb/2025:15:11:26 +0100] "GET /Jurek/eurofirany/images/400258/3.jpg HTTP/1.1" 200 218877 "https://www.emag.ro/cearceaf-de-pat-nova-160x210-cm-turcoaz-eurofirany-400258/pd/DQ1D5LMBM/?ref=smart-deals-25-ianuarie-23-februarie_menaj-textile-si-decoratiuni" "Mozilla/5.0 (Windows NT 10.0; Win64; x64) AppleWebKit/537.36 (KHTML, like Gecko) Chrome/132.0.0.0 Safari/537.36"
89.161.206.59 - - [04/Feb/2025:15:12:07 +0100] "GET /Jurek/benetech/feeds/benetech_allegro.xml HTTP/1.0" 200 4452108 "-" "-"
89.161.206.59 - - [04/Feb/2025:15:12:07 +0100] "GET /Jurek/targethome/feeds/targethome_allegro.xml HTTP/1.0" 200 683634 "-" "-"
46.101.116.244 - - [04/Feb/2025:15:15:33 +0100] "GET /Jurek/aw/feeds/aw_fnacfr.xml HTTP/1.0" 404 3551 "-" "-"
185.6.76.18 - - [04/Feb/2025:15:15:47 +0100] "GET /marketplaces/skroutz/feeds/shumee.xml HTTP/1.1" 200 348730077 "-" "SkroutzBot v1.0"
46.101.116.244 - - [04/Feb/2025:15:16:05 +0100] "GET /Jurek/vida_morele/feeds/vidaPL_velomarket_category3.xml HTTP/1.0" 200 38958691 "-" "-"
46.101.116.244 - - [04/Feb/2025:15:16:19 +0100] "GET /Jurek/vida_morele/feeds/vidaPL_velomarket_category0.xml HTTP/1.0" 200 137275599 "-" "-"
46.101.116.244 - - [04/Feb/2025:15:16:44 +0100] "GET /Jurek/vida_morele/feeds/vidaPL_velomarket_category1.xml HTTP/1.0" 200 172517261 "-" "-"
46.101.116.244 - - [04/Feb/2025:15:16:53 +0100] "GET /Jurek/fernity/feeds/fernity_velomarket.xml HTTP/1.0" 200 4985501 "-" "-"
46.101.116.244 - - [04/Feb/2025:15:17:05 +0100] "GET /Filip/feeds/xlsx_ceneo.xml HTTP/1.0" 200 6241376 "-" "-"
51.77.52.107 - - [04/Feb/2025:15:17:05 +0100] "POST /Filip/Rovicky/baselinker/baselinker-ceneo-shumee.php HTTP/2.0" 200 106776 "-" "BaseLinker/1.0"
5.134.208.158 - - [04/Feb/2025:15:18:53 +0100] "GET /Jurek/eurofirany/images/371974/0.jpg HTTP/1.1" 200 152177 "-" "-"
5.134.208.158 - - [04/Feb/2025:15:18:53 +0100] "GET /Jurek/eurofirany/images/431623/0.jpg HTTP/1.1" 200 93057 "-" "-"
5.134.208.158 - - [04/Feb/2025:15:18:53 +0100] "GET /Jurek/eurofirany/images/418654/0.jpg HTTP/1.1" 200 78715 "-" "-"
5.134.208.158 - - [04/Feb/2025:15:18:53 +0100] "GET /Jurek/eurofirany/images/394049/0.jpg HTTP/1.1" 200 124360 "-" "-"
5.134.208.158 - - [04/Feb/2025:15:18:53 +0100] "GET /Jurek/eurofirany/images/356441/0.jpg HTTP/1.1" 200 168611 "-" "-"
5.134.208.158 - - [04/Feb/2025:15:18:53 +0100] "GET /Jurek/eurofirany/images/409731/0.jpg HTTP/1.1" 200 188410 "-" "-"
46.101.116.244 - - [04/Feb/2025:15:20:15 +0100] "GET /Jurek/action/feeds/action_mallhu.xml HTTP/1.1" 200 55126097 "-" "-"
89.161.206.59 - - [04/Feb/2025:15:20:19 +0100] "GET /Jurek/bass_new/feeds/bass_bol.xml HTTP/1.0" 200 7041002 "-" "-"
46.101.116.244 - - [04/Feb/2025:15:20:25 +0100] "GET /Jurek/aw/feeds/aw_fnacfr.xml HTTP/1.0" 404 3551 "-" "-"
89.161.206.59 - - [04/Feb/2025:15:20:30 +0100] "GET /Jurek/ikonka/feeds/ikonka_amazonDE.xml HTTP/1.0" 200 22724120 "-" "-"
89.161.206.59 - - [04/Feb/2025:15:20:32 +0100] "GET /Jurek/ikonka/feeds/ikonka_amazonIT.xml HTTP/1.0" 200 22724171 "-" "-"
89.161.206.59 - - [04/Feb/2025:15:20:34 +0100] "GET /Jurek/ikonka/feeds/ikonka_amazonFR.xml HTTP/1.0" 200 22724154 "-" "-"
89.161.206.59 - - [04/Feb/2025:15:20:41 +0100] "GET /Jurek/hdwr/feeds/hdwr_amazonde.xml HTTP/1.0" 200 777789 "-" "-"
89.161.206.59 - - [04/Feb/2025:15:20:41 +0100] "GET /Jurek/hdwr/feeds/hdwr_amazonfr.xml HTTP/1.0" 200 777805 "-" "-"
89.161.206.59 - - [04/Feb/2025:15:20:42 +0100] "GET /Jurek/kambukka/feeds/kambukka_amazonde.xml HTTP/1.0" 200 963046 "-" "-"
89.161.206.59 - - [04/Feb/2025:15:20:42 +0100] "GET /Jurek/benetech/feeds/benetech_amazonde.xml HTTP/1.0" 200 4451820 "-" "-"
89.161.206.59 - - [04/Feb/2025:15:20:43 +0100] "GET /Jurek/sempler/feeds/sempler_amazonbe.xml HTTP/1.0" 200 6553301 "-" "-"
89.161.206.59 - - [04/Feb/2025:15:20:43 +0100] "GET /Jurek/kambukka/feeds/kambukka_amazonbe.xml HTTP/1.0" 200 963069 "-" "-"
89.161.206.59 - - [04/Feb/2025:15:20:44 +0100] "GET /Jurek/eroplace/feeds/eroplace_amazonse.xml HTTP/1.0" 200 30862412 "-" "-"
89.161.206.59 - - [04/Feb/2025:15:20:49 +0100] "GET /Jurek/b3/feeds/b3_amazones.xml HTTP/1.0" 200 7087166 "-" "-"
89.161.206.59 - - [04/Feb/2025:15:20:50 +0100] "GET /Jurek/b3/feeds/b3_amazonbe.xml HTTP/1.0" 200 7086932 "-" "-"
46.101.116.244 - - [04/Feb/2025:15:21:17 +0100] "GET /Filip/feeds/xlsx_ceneo.xml HTTP/1.0" 200 6241376 "-" "-"
51.77.52.107 - - [04/Feb/2025:15:21:17 +0100] "POST /Filip/Rovicky/baselinker/baselinker-ceneo-shumee.php HTTP/2.0" 200 106776 "-" "BaseLinker/1.0"
188.27.130.10 - - [04/Feb/2025:15:24:25 +0100] "GET /Jurek/eurofirany/images/333886/3.jpg HTTP/2.0" 200 50905 "https://www.emag.ro/perdea-ready-esim-140x250-cm-alba-eurofirany-333886/pd/DVN68LMBM/?" "Mozilla/5.0 (Windows NT 10.0; Win64; x64) AppleWebKit/537.36 (KHTML, like Gecko) Chrome/132.0.0.0 Safari/537.36"
188.27.130.10 - - [04/Feb/2025:15:24:26 +0100] "GET /Jurek/eurofirany/images/333886/1.jpg HTTP/2.0" 200 55732 "https://www.emag.ro/perdea-ready-esim-140x250-cm-alba-eurofirany-333886/pd/DVN68LMBM/?" "Mozilla/5.0 (Windows NT 10.0; Win64; x64) AppleWebKit/537.36 (KHTML, like Gecko) Chrome/132.0.0.0 Safari/537.36"
188.27.130.10 - - [04/Feb/2025:15:24:26 +0100] "GET /Jurek/eurofirany/images/333886/4.jpg HTTP/2.0" 200 139282 "https://www.emag.ro/perdea-ready-esim-140x250-cm-alba-eurofirany-333886/pd/DVN68LMBM/?" "Mozilla/5.0 (Windows NT 10.0; Win64; x64) AppleWebKit/537.36 (KHTML, like Gecko) Chrome/132.0.0.0 Safari/537.36"
188.27.130.10 - - [04/Feb/2025:15:24:26 +0100] "GET /Jurek/eurofirany/images/333886/5.jpg HTTP/2.0" 200 44556 "https://www.emag.ro/perdea-ready-esim-140x250-cm-alba-eurofirany-333886/pd/DVN68LMBM/?" "Mozilla/5.0 (Windows NT 10.0; Win64; x64) AppleWebKit/537.36 (KHTML, like Gecko) Chrome/132.0.0.0 Safari/537.36"
188.27.130.10 - - [04/Feb/2025:15:24:26 +0100] "GET /Jurek/eurofirany/images/333886/2.jpg HTTP/2.0" 200 26359 "https://www.emag.ro/perdea-ready-esim-140x250-cm-alba-eurofirany-333886/pd/DVN68LMBM/?" "Mozilla/5.0 (Windows NT 10.0; Win64; x64) AppleWebKit/537.36 (KHTML, like Gecko) Chrome/132.0.0.0 Safari/537.36"
188.27.130.10 - - [04/Feb/2025:15:24:26 +0100] "GET /Jurek/eurofirany/images/333886/6.jpg HTTP/2.0" 200 89803 "https://www.emag.ro/perdea-ready-esim-140x250-cm-alba-eurofirany-333886/pd/DVN68LMBM/?" "Mozilla/5.0 (Windows NT 10.0; Win64; x64) AppleWebKit/537.36 (KHTML, like Gecko) Chrome/132.0.0.0 Safari/537.36"
77.79.248.229 - - [04/Feb/2025:15:25:02 +0100] "GET /Jurek/benetech/feeds/benetech_cdon_dk.xml HTTP/1.1" 200 4452208 "-" "Python-urllib/3.11"
89.161.206.59 - - [04/Feb/2025:15:25:37 +0100] "GET /Jurek/hurtownia_przemyslowa/feeds/hp_amazonFR.xml HTTP/1.0" 200 49875045 "-" "-"
46.101.116.244 - - [04/Feb/2025:15:25:40 +0100] "GET /Jurek/aw/feeds/aw_fnacfr.xml HTTP/1.0" 404 3551 "-" "-"
46.101.116.244 - - [04/Feb/2025:15:26:22 +0100] "GET /Filip/feeds/xlsx_ceneo.xml HTTP/1.0" 200 6241376 "-" "-"
51.77.52.107 - - [04/Feb/2025:15:26:22 +0100] "POST /Filip/Rovicky/baselinker/baselinker-ceneo-shumee.php HTTP/2.0" 200 106776 "-" "BaseLinker/1.0"
46.101.116.244 - - [04/Feb/2025:15:26:27 +0100] "GET /Jurek/eurofirany/feeds/eurofirany_ceneo.xml HTTP/1.0" 200 18848547 "-" "-"
89.161.206.59 - - [04/Feb/2025:15:26:36 +0100] "GET /Jurek/hurtownia_przemyslowa/feeds/hp_amazonIT.xml HTTP/1.0" 200 49875373 "-" "-"
89.161.206.59 - - [04/Feb/2025:15:26:41 +0100] "GET /Jurek/hurtownia_przemyslowa/feeds/hp_amazonNL.xml HTTP/1.0" 200 49874822 "-" "-"
89.161.206.59 - - [04/Feb/2025:15:26:45 +0100] "GET /Jurek/hurtownia_przemyslowa/feeds/hp_amazonSE.xml HTTP/1.0" 200 49890925 "-" "-"
77.79.248.229 - - [04/Feb/2025:15:29:26 +0100] "GET /Jurek/benetech/feeds/benetech_cdon_fi.xml HTTP/1.1" 200 4451861 "-" "Python-urllib/3.11"
46.101.116.244 - - [04/Feb/2025:15:29:49 +0100] "GET /Jurek/b3/feeds/b3_alza.xml HTTP/2.0" 200 7091203 "-" "-"
46.101.116.244 - - [04/Feb/2025:15:30:17 +0100] "GET /Jurek/action/feeds/action_alza.xml HTTP/2.0" 200 55084359 "-" "-"
46.101.116.244 - - [04/Feb/2025:15:30:27 +0100] "GET /Jurek/aw/feeds/aw_fnacfr.xml HTTP/1.0" 404 3551 "-" "-"
89.161.206.59 - - [04/Feb/2025:15:30:54 +0100] "GET /Jurek/oromed/feeds/oromed_amazones.xml HTTP/1.0" 200 970413 "-" "-"
89.161.206.59 - - [04/Feb/2025:15:30:54 +0100] "GET /Jurek/oromed/feeds/oromed_amazonse.xml HTTP/1.0" 200 970587 "-" "-"
89.161.206.59 - - [04/Feb/2025:15:30:55 +0100] "GET /Jurek/oromed/feeds/oromed_amazonfr.xml HTTP/1.0" 200 970392 "-" "-"
89.161.206.59 - - [04/Feb/2025:15:30:55 +0100] "GET /Jurek/oromed/feeds/oromed_amazonit.xml HTTP/1.0" 200 970413 "-" "-"
46.101.116.244 - - [04/Feb/2025:15:31:17 +0100] "GET /Filip/feeds/xlsx_ceneo.xml HTTP/1.0" 200 6241376 "-" "-"
51.77.52.107 - - [04/Feb/2025:15:31:17 +0100] "POST /Filip/Rovicky/baselinker/baselinker-ceneo-shumee.php HTTP/2.0" 200 106776 "-" "BaseLinker/1.0"
46.101.116.244 - - [04/Feb/2025:15:31:55 +0100] "GET /Jurek/unimet/feeds/unimet_alza.xml HTTP/2.0" 200 61052831 "-" "-"
193.33.8.61 - - [04/Feb/2025:15:33:05 +0100] "GET /Jurek/szpaklampy/feeds/szpaklampy_pigu.xml HTTP/2.0" 200 416425 "https://konsola.dkkapusta1997.usermd.net/" "Mozilla/5.0 (Windows NT 10.0; Win64; x64) AppleWebKit/537.36 (KHTML, like Gecko) Chrome/132.0.0.0 Safari/537.36"
77.79.248.229 - - [04/Feb/2025:15:33:11 +0100] "GET /Jurek/szpaklampy/feeds/szpaklampy_pigu.xml HTTP/1.1" 200 416425 "-" "Python-urllib/3.11"
46.101.116.244 - - [04/Feb/2025:15:33:56 +0100] "GET /Jurek/andex/feeds/andex_alza.xml HTTP/2.0" 200 1954573 "-" "-"
193.33.8.61 - - [04/Feb/2025:15:34:05 +0100] "GET /marketplaces/pigu_orders/labels/39464060.pdf HTTP/2.0" 200 79474 "-" "Mozilla/5.0 (Windows NT 10.0; Win64; x64) AppleWebKit/537.36 (KHTML, like Gecko) Chrome/132.0.0.0 Safari/537.36"
193.33.8.61 - - [04/Feb/2025:15:34:05 +0100] "GET /favicon.ico HTTP/2.0" 404 3551 "https://dkkapusta1997.usermd.net/marketplaces/pigu_orders/labels/39464060.pdf" "Mozilla/5.0 (Windows NT 10.0; Win64; x64) AppleWebKit/537.36 (KHTML, like Gecko) Chrome/132.0.0.0 Safari/537.36"
46.101.116.244 - - [04/Feb/2025:15:34:09 +0100] "GET /Jurek/aw/feeds/awnarzedzia_alza.xml HTTP/2.0" 200 90547618 "-" "-"
46.101.116.244 - - [04/Feb/2025:15:34:31 +0100] "GET /Jurek/detian/feeds/detian_alza.xml HTTP/2.0" 404 3551 "-" "-"
46.101.116.244 - - [04/Feb/2025:15:34:42 +0100] "GET /Jurek/fernity/feeds/fernity_alza.xml HTTP/2.0" 200 4988515 "-" "-"
52.209.168.113 - - [04/Feb/2025:15:34:48 +0100] "GET /marketplaces/worten2/results/worten.csv HTTP/1.1" 200 16274936 "-" "Mirakl HttpClient"
46.101.116.244 - - [04/Feb/2025:15:35:04 +0100] "GET /Jurek/octopia/feeds/octopia_alzacz.xml HTTP/2.0" 200 10676604 "-" "-"
46.101.116.244 - - [04/Feb/2025:15:35:17 +0100] "GET /Jurek/unimet/feeds/unimet_alza.xml HTTP/2.0" 200 61052831 "-" "-"
46.101.116.244 - - [04/Feb/2025:15:35:40 +0100] "GET /Jurek/eurofirany/feeds/eurofirany_alza.xml HTTP/2.0" 200 18813835 "-" "-"
46.101.116.244 - - [04/Feb/2025:15:35:45 +0100] "GET /Jurek/aw/feeds/aw_fnacfr.xml HTTP/1.0" 404 3551 "-" "-"
46.101.116.244 - - [04/Feb/2025:15:35:57 +0100] "GET /Jurek/beliani/feeds/beliani_alza.xml HTTP/2.0" 200 14705044 "-" "-"
46.101.116.244 - - [04/Feb/2025:15:36:16 +0100] "GET /Jurek/vivaldi/feeds/vivaldi_alza.xml HTTP/2.0" 200 344837 "-" "-"
46.101.116.244 - - [04/Feb/2025:15:36:26 +0100] "GET /Filip/feeds/xlsx_ceneo.xml HTTP/1.0" 200 6241376 "-" "-"
51.77.52.107 - - [04/Feb/2025:15:36:26 +0100] "POST /Filip/Rovicky/baselinker/baselinker-ceneo-shumee.php HTTP/2.0" 200 106776 "-" "BaseLinker/1.0"
46.101.116.244 - - [04/Feb/2025:15:36:27 +0100] "GET /Jurek/ikonka/feeds/ikonka_alza.xml HTTP/2.0" 200 22726656 "-" "-"
46.101.116.244 - - [04/Feb/2025:15:36:39 +0100] "GET /Jurek/stema/feeds/stema_alza.xml HTTP/2.0" 200 860929 "-" "-"
46.101.116.244 - - [04/Feb/2025:15:36:51 +0100] "GET /Jurek/kinghoff/feeds/kinghoff_alza.xml HTTP/2.0" 200 14345262 "-" "-"
46.101.116.244 - - [04/Feb/2025:15:37:06 +0100] "GET /Jurek/bass/feeds/bass_mallczsh.xml HTTP/2.0" 200 3986165 "-" "-"
46.101.116.244 - - [04/Feb/2025:15:37:30 +0100] "GET /Jurek/slayo/feeds/slayo_mallczsh.xml HTTP/2.0" 200 195561 "-" "-"
46.101.116.244 - - [04/Feb/2025:15:37:41 +0100] "GET /Jurek/mosti/feeds/mosti_mallczsh.xml HTTP/2.0" 200 9251607 "-" "-"
46.101.116.244 - - [04/Feb/2025:15:37:42 +0100] "GET /Jurek/amzteam/feeds/amzteam_mallczsh.xml HTTP/2.0" 200 97915 "-" "-"
46.101.116.244 - - [04/Feb/2025:15:37:42 +0100] "GET /Jurek/artdog/feeds/artdog_mallczsh.xml HTTP/2.0" 200 15937486 "-" "-"
46.101.116.244 - - [04/Feb/2025:15:37:44 +0100] "GET /Jurek/kambukka/feeds/kambukka_mallczsh.xml HTTP/2.0" 200 962913 "-" "-"
46.101.116.244 - - [04/Feb/2025:15:37:58 +0100] "GET /Jurek/swiatecznygoliat/feeds/swiatecznygoliat_mallczsh.xml HTTP/2.0" 200 7198706 "-" "-"
193.33.8.61 - - [04/Feb/2025:15:38:22 +0100] "GET /Jurek/velinda/feeds/velinda_pigu.xml HTTP/2.0" 200 4282194 "https://konsola.dkkapusta1997.usermd.net/" "Mozilla/5.0 (Windows NT 10.0; Win64; x64) AppleWebKit/537.36 (KHTML, like Gecko) Chrome/132.0.0.0 Safari/537.36"
77.79.248.229 - - [04/Feb/2025:15:38:24 +0100] "GET /Jurek/velinda/feeds/velinda_pigu.xml HTTP/1.1" 200 4282194 "-" "Python-urllib/3.11"
46.101.116.244 - - [04/Feb/2025:15:39:01 +0100] "GET /Jurek/topeshop/feeds/topeshop_mallczsh.xml HTTP/2.0" 200 2444451 "-" "-"
5.134.208.158 - - [04/Feb/2025:15:39:59 +0100] "GET /Jurek/eurofirany/images/453996/0.jpg HTTP/1.1" 200 64302 "-" "-"
46.101.116.244 - - [04/Feb/2025:15:40:28 +0100] "GET /Jurek/aw/feeds/aw_fnacfr.xml HTTP/1.0" 404 3551 "-" "-"
46.101.116.244 - - [04/Feb/2025:15:40:49 +0100] "GET /Jurek/chemex/feeds/chemex_empik.xml HTTP/1.0" 200 47822490 "-" "-"
46.101.116.244 - - [04/Feb/2025:15:41:17 +0100] "GET /Filip/feeds/xlsx_ceneo.xml HTTP/1.0" 200 6241376 "-" "-"
51.77.52.107 - - [04/Feb/2025:15:41:17 +0100] "POST /Filip/Rovicky/baselinker/baselinker-ceneo-shumee.php HTTP/2.0" 200 106776 "-" "BaseLinker/1.0"
46.101.116.244 - - [04/Feb/2025:15:42:27 +0100] "GET /Jurek/activeshop/feeds/activeshop_mallczsh.xml HTTP/2.0" 200 10399175 "-" "-"
89.161.206.59 - - [04/Feb/2025:15:42:31 +0100] "GET /Jurek/unimet/feeds/unimet_cdisFI.xml HTTP/1.0" 200 60996615 "-" "-"
77.79.248.229 - - [04/Feb/2025:15:44:02 +0100] "GET /Jurek/aw/feeds/awnarzedzia_leroy.xml HTTP/1.1" 200 90441945 "-" "Python-urllib/3.11"
77.79.248.229 - - [04/Feb/2025:15:44:03 +0100] "GET /Jurek/hurtownia_przemyslowa/feeds/hp_leroy.xml HTTP/1.1" 200 49874556 "-" "Python-urllib/3.11"
77.79.248.229 - - [04/Feb/2025:15:44:04 +0100] "GET /Jurek/unimet/feeds/unimet_leroy.xml HTTP/1.1" 200 60995199 "-" "Python-urllib/3.11"
77.79.248.229 - - [04/Feb/2025:15:44:05 +0100] "GET /Jurek/action/feeds/action_leroy.xml HTTP/1.1" 200 55047603 "-" "Python-urllib/3.11"
77.79.248.229 - - [04/Feb/2025:15:44:08 +0100] "GET /Jurek/b3/feeds/b3_leroy.xml HTTP/1.1" 200 7086981 "-" "Python-urllib/3.11"
77.79.248.229 - - [04/Feb/2025:15:44:09 +0100] "GET /Jurek/topeshop/feeds/topeshop_leroy.xml HTTP/1.1" 200 2443589 "-" "Python-urllib/3.11"
77.79.248.229 - - [04/Feb/2025:15:44:11 +0100] "GET /Jurek/eurofirany/feeds/eurofirany_leroy.xml HTTP/1.1" 200 18844837 "-" "Python-urllib/3.11"
77.79.248.229 - - [04/Feb/2025:15:44:11 +0100] "GET /Jurek/fernity/feeds/fernity_leroy.xml HTTP/1.1" 200 4984761 "-" "Python-urllib/3.11"
77.79.248.229 - - [04/Feb/2025:15:44:12 +0100] "GET /Jurek/kambukka/feeds/kambukka_leroy.xml HTTP/1.1" 200 963046 "-" "Python-urllib/3.11"
77.79.248.229 - - [04/Feb/2025:15:44:13 +0100] "GET /Jurek/ikonka/feeds/ikonka_leroy.xml HTTP/1.1" 200 22724144 "-" "Python-urllib/3.11"
77.79.248.229 - - [04/Feb/2025:15:44:13 +0100] "GET /Jurek/oromed/feeds/oromed_leroy.xml HTTP/1.1" 200 970394 "-" "Python-urllib/3.11"
77.79.248.229 - - [04/Feb/2025:15:44:13 +0100] "GET /Jurek/benetech/feeds/benetech_leroy.xml HTTP/1.1" 200 4451845 "-" "Python-urllib/3.11"
77.79.248.229 - - [04/Feb/2025:15:44:13 +0100] "GET /Jurek/octopia/feeds/octopia_leroy.xml HTTP/1.1" 200 10663263 "-" "Python-urllib/3.11"
77.79.248.229 - - [04/Feb/2025:15:44:14 +0100] "GET /Jurek/waks/feeds/waks_leroy.xml HTTP/1.1" 200 6333051 "-" "Python-urllib/3.11"
77.79.248.229 - - [04/Feb/2025:15:44:15 +0100] "GET /Jurek/kinghoff/feeds/kinghoff_leroy.xml HTTP/1.1" 200 14341197 "-" "Python-urllib/3.11"
77.79.248.229 - - [04/Feb/2025:15:44:15 +0100] "GET /Jurek/hdwr/feeds/hdwr_leroy.xml HTTP/1.1" 200 777990 "-" "Python-urllib/3.11"
77.79.248.229 - - [04/Feb/2025:15:44:16 +0100] "GET /Jurek/barbecook/feeds/barbecook_leroy.xml HTTP/1.1" 200 87533 "-" "Python-urllib/3.11"
77.79.248.229 - - [04/Feb/2025:15:44:17 +0100] "GET /Jurek/sempler/feeds/sempler_leroy.xml HTTP/1.1" 200 6553262 "-" "Python-urllib/3.11"
77.79.248.229 - - [04/Feb/2025:15:44:17 +0100] "GET /Jurek/kinghome/feeds/kinghome_leroy.xml HTTP/1.1" 200 5706396 "-" "Python-urllib/3.11"
77.79.248.229 - - [04/Feb/2025:15:44:17 +0100] "GET /Jurek/ekolight/feeds/ekolioght_leroy.xml HTTP/1.1" 200 9051761 "-" "Python-urllib/3.11"
77.79.248.229 - - [04/Feb/2025:15:44:18 +0100] "GET /Jurek/bimboland/feeds/bimboland_leroy.xml HTTP/1.1" 200 2484564 "-" "Python-urllib/3.11"
77.79.248.229 - - [04/Feb/2025:15:44:19 +0100] "GET /Jurek/eroplace/feeds/eroplace_leroy.xml HTTP/1.1" 200 30849350 "-" "Python-urllib/3.11"
77.79.248.229 - - [04/Feb/2025:15:44:20 +0100] "GET /Jurek/hurtmeblowy/feeds/hurtmeblowy_leroy.xml HTTP/1.1" 200 8039286 "-" "Python-urllib/3.11"
77.79.248.229 - - [04/Feb/2025:15:44:20 +0100] "GET /Jurek/fertone/feeds/fertone_leroy.xml HTTP/1.1" 200 668859 "-" "Python-urllib/3.11"
77.79.248.229 - - [04/Feb/2025:15:44:20 +0100] "GET /Jurek/ekuchcikowo/feeds/ekuchcikowo_leroy.xml HTTP/1.1" 200 12918504 "-" "Python-urllib/3.11"
77.79.248.229 - - [04/Feb/2025:15:44:29 +0100] "GET /Jurek/intsell/feeds/intsell_leroy.xml HTTP/1.1" 200 338826851 "-" "Python-urllib/3.11"
77.79.248.229 - - [04/Feb/2025:15:44:29 +0100] "GET /Jurek/velinda/feeds/velinda_leroy.xml HTTP/1.1" 200 4282387 "-" "Python-urllib/3.11"
77.79.248.229 - - [04/Feb/2025:15:44:29 +0100] "GET /Jurek/spali/feeds/spali_leroy.xml HTTP/1.1" 200 101947 "-" "Python-urllib/3.11"
77.79.248.229 - - [04/Feb/2025:15:44:30 +0100] "GET /Jurek/urwiskowo/feeds/urwiskowo_leroy.xml HTTP/1.1" 200 9114824 "-" "Python-urllib/3.11"
77.79.248.229 - - [04/Feb/2025:15:44:30 +0100] "GET /Jurek/erohurtownia/feeds/erohurtownia_leroy.xml HTTP/1.1" 200 23304032 "-" "Python-urllib/3.11"
77.79.248.229 - - [04/Feb/2025:15:44:31 +0100] "GET /Jurek/elecomp/feeds/elecomp_leroy.xml HTTP/1.1" 200 2869636 "-" "Python-urllib/3.11"
193.33.8.61 - - [04/Feb/2025:15:45:36 +0100] "GET /Jurek/aiofactory/output.txt HTTP/2.0" 200 2249 "https://konsola.dkkapusta1997.usermd.net/" "Mozilla/5.0 (Macintosh; Intel Mac OS X 10_15_7) AppleWebKit/537.36 (KHTML, like Gecko) Chrome/132.0.0.0 Safari/537.36"
46.101.116.244 - - [04/Feb/2025:15:45:38 +0100] "GET /Jurek/aw/feeds/aw_fnacfr.xml HTTP/1.0" 404 3551 "-" "-"
193.33.8.61 - - [04/Feb/2025:15:45:46 +0100] "GET /Jurek/aiofactory/feeds/aiofactory_bol.xml HTTP/2.0" 200 2078101 "https://konsola.dkkapusta1997.usermd.net/" "Mozilla/5.0 (Macintosh; Intel Mac OS X 10_15_7) AppleWebKit/537.36 (KHTML, like Gecko) Chrome/132.0.0.0 Safari/537.36"
46.101.116.244 - - [04/Feb/2025:15:46:18 +0100] "GET /Filip/feeds/xlsx_ceneo.xml HTTP/1.0" 200 6241376 "-" "-"
51.77.52.107 - - [04/Feb/2025:15:46:18 +0100] "POST /Filip/Rovicky/baselinker/baselinker-ceneo-shumee.php HTTP/2.0" 200 106776 "-" "BaseLinker/1.0"
89.161.206.59 - - [04/Feb/2025:15:48:54 +0100] "GET /Jurek/octopia/feeds/octopia_allegronew.xml HTTP/1.0" 200 10668136 "-" "-"
46.101.116.244 - - [04/Feb/2025:15:49:31 +0100] "GET /Jurek/hurtownia_przemyslowa/feeds/hp_mallczsh.xml HTTP/2.0" 200 49894550 "-" "-"
89.161.206.59 - - [04/Feb/2025:15:50:00 +0100] "GET /Jurek/slayo/feeds/slayo_skroutz.xml HTTP/1.0" 200 195539 "-" "-"
46.101.116.244 - - [04/Feb/2025:15:50:06 +0100] "GET /Jurek/action/feeds/action_mallczsh.xml HTTP/2.0" 200 55085325 "-" "-"
46.101.116.244 - - [04/Feb/2025:15:50:29 +0100] "GET /Jurek/aw/feeds/aw_fnacfr.xml HTTP/1.0" 404 3551 "-" "-"
89.161.206.59 - - [04/Feb/2025:15:51:08 +0100] "GET /Jurek/topeshop/feeds/topeshop_ebayDE.xml HTTP/1.0" 200 1211443 "-" "-"
46.101.116.244 - - [04/Feb/2025:15:51:12 +0100] "GET /Filip/feeds/xlsx_ceneo.xml HTTP/1.0" 200 6241376 "-" "-"
51.77.52.107 - - [04/Feb/2025:15:51:12 +0100] "POST /Filip/Rovicky/baselinker/baselinker-ceneo-shumee.php HTTP/2.0" 200 106776 "-" "BaseLinker/1.0"
46.101.116.244 - - [04/Feb/2025:15:53:18 +0100] "GET /Jurek/vidaCZ/feeds/vidaGS1_cz_Mall.xml HTTP/2.0" 200 659496996 "-" "-"
77.79.248.229 - - [04/Feb/2025:15:54:08 +0100] "GET /Jurek/vidaSI/feeds/vidaSI_bigbang.xml HTTP/1.1" 200 620639366 "-" "Python-urllib/3.11"
46.101.116.244 - - [04/Feb/2025:15:54:26 +0100] "GET /Jurek/teamson/feeds/teamson_mallczsh.xml HTTP/2.0" 200 1095193 "-" "-"
46.101.116.244 - - [04/Feb/2025:15:54:37 +0100] "GET /Jurek/ml_meble/feeds/ml_meble_mallczsh.xml HTTP/2.0" 404 3551 "-" "-"
46.101.116.244 - - [04/Feb/2025:15:54:49 +0100] "GET /Jurek/unimet/feeds/unimet_mallczsh.xml HTTP/2.0" 200 61049437 "-" "-"
46.101.116.244 - - [04/Feb/2025:15:55:22 +0100] "GET /Jurek/beliani/feeds/beliani_cz_mallcz.xml HTTP/2.0" 200 22351323 "-" "-"
46.101.116.244 - - [04/Feb/2025:15:55:33 +0100] "GET /Jurek/aw/feeds/aw_fnacfr.xml HTTP/1.0" 404 3551 "-" "-"
34.96.39.55 - - [04/Feb/2025:15:55:50 +0100] "GET /matikrol/texas/4009816033413_4.jpg.jpg HTTP/1.1" 404 3551 "-" "imgproxy/3.6.0"
46.101.116.244 - - [04/Feb/2025:15:56:11 +0100] "GET /Jurek/rovicky/feeds/rovicky_mallczsh.xml HTTP/2.0" 200 14220956 "-" "-"
46.101.116.244 - - [04/Feb/2025:15:56:18 +0100] "GET /Filip/feeds/xlsx_ceneo.xml HTTP/1.0" 200 6241376 "-" "-"
51.77.52.107 - - [04/Feb/2025:15:56:19 +0100] "POST /Filip/Rovicky/baselinker/baselinker-ceneo-shumee.php HTTP/2.0" 200 106776 "-" "BaseLinker/1.0"
46.101.116.244 - - [04/Feb/2025:15:56:24 +0100] "GET /Jurek/detian/feeds/detian_mallczsh.xml HTTP/2.0" 404 3551 "-" "-"
193.33.8.61 - - [04/Feb/2025:15:56:26 +0100] "GET /Jurek/sempler/output.txt HTTP/2.0" 200 13625 "https://konsola.dkkapusta1997.usermd.net/" "Mozilla/5.0 (Windows NT 10.0; Win64; x64) AppleWebKit/537.36 (KHTML, like Gecko) Chrome/132.0.0.0 Safari/537.36"
46.101.116.244 - - [04/Feb/2025:15:56:35 +0100] "GET /Jurek/ikonka/feeds/ikonka_mallczsh.xml HTTP/2.0" 200 22726638 "-" "-"
46.101.116.244 - - [04/Feb/2025:15:56:51 +0100] "GET /Jurek/candellux/feeds/candellux_mallczsh.xml HTTP/2.0" 200 466317 "-" "-"
89.161.206.59 - - [04/Feb/2025:15:56:54 +0100] "GET /Jurek/kinghoff/feeds/kinghoff_emaghu.xml HTTP/1.0" 200 14348133 "-" "-"
46.101.116.244 - - [04/Feb/2025:15:57:02 +0100] "GET /Jurek/andex/feeds/andex_mallczsh.xml HTTP/2.0" 200 1954518 "-" "-"
89.161.206.59 - - [04/Feb/2025:15:57:06 +0100] "GET /Jurek/pawonik/feeds/pawonik_emagro.xml HTTP/1.0" 200 2534814 "-" "-"
89.161.206.59 - - [04/Feb/2025:15:57:06 +0100] "GET /Jurek/mosti/feeds/mosti_emagro.xml HTTP/1.0" 200 9250029 "-" "-"
89.161.206.59 - - [04/Feb/2025:15:57:07 +0100] "GET /Jurek/hurtmeblowy/feeds/hurtmeblowy_emagro.xml HTTP/1.0" 200 8040620 "-" "-"
89.161.206.59 - - [04/Feb/2025:15:57:07 +0100] "GET /Jurek/ikonka/feeds/ikonka_emagro.xml HTTP/1.0" 200 22725486 "-" "-"
89.161.206.59 - - [04/Feb/2025:15:57:07 +0100] "GET /Jurek/eurofirany/feeds/eurofirany_emagro.xml HTTP/1.0" 200 18856903 "-" "-"
89.161.206.59 - - [04/Feb/2025:15:57:07 +0100] "GET /Jurek/ekolight/feeds/ekolioght_emagro.xml HTTP/1.0" 200 9054093 "-" "-"
89.161.206.59 - - [04/Feb/2025:15:57:08 +0100] "GET /Jurek/ekuchcikowo/feeds/ekuchcikowo_emagro.xml HTTP/1.0" 200 12920702 "-" "-"
89.161.206.59 - - [04/Feb/2025:15:57:08 +0100] "GET /Jurek/artdog/feeds/artdog_emagro.xml HTTP/1.0" 200 15936239 "-" "-"
89.161.206.59 - - [04/Feb/2025:15:57:08 +0100] "GET /Jurek/eldar/feeds/eldar_emagro.xml HTTP/1.0" 404 3551 "-" "-"
46.101.116.244 - - [04/Feb/2025:15:57:13 +0100] "GET /Jurek/barbecook/feeds/barbecook_mallczsh.xml HTTP/2.0" 200 87609 "-" "-"
46.101.116.244 - - [04/Feb/2025:15:57:24 +0100] "GET /Jurek/duka/feeds/duka_mallczsh.xml HTTP/2.0" 200 57 "-" "-"
46.101.116.244 - - [04/Feb/2025:15:57:35 +0100] "GET /Jurek/miloohome/feeds/miloohome_mallczsh.xml HTTP/2.0" 200 1421876 "-" "-"
46.101.116.244 - - [04/Feb/2025:15:57:46 +0100] "GET /Jurek/stema/feeds/stema_mallczsh.xml HTTP/2.0" 200 860909 "-" "-"
46.101.116.244 - - [04/Feb/2025:15:58:05 +0100] "GET /Jurek/aw/feeds/awnarzedzia_mallczsh.xml HTTP/2.0" 200 90547002 "-" "-"
77.79.248.229 - - [04/Feb/2025:15:58:05 +0100] "GET /Filip/zalando/zalando-logo.jpg HTTP/1.1" 200 5121 "-" "-"
77.79.248.229 - - [04/Feb/2025:15:58:05 +0100] "GET /Filip/zalando/zalando-logo.jpg HTTP/1.1" 200 5121 "-" "-"
77.79.248.229 - - [04/Feb/2025:15:58:17 +0100] "GET /Filip/zalando/zalando-logo.jpg HTTP/1.1" 200 5121 "-" "-"
77.79.248.229 - - [04/Feb/2025:15:58:17 +0100] "GET /Filip/zalando/zalando-logo.jpg HTTP/1.1" 200 5121 "-" "-"
77.79.248.229 - - [04/Feb/2025:15:58:24 +0100] "GET /Filip/zalando/zalando-logo.jpg HTTP/1.1" 200 5121 "-" "-"
77.79.248.229 - - [04/Feb/2025:15:58:24 +0100] "GET /Filip/zalando/zalando-logo.jpg HTTP/1.1" 200 5121 "-" "-"
77.79.248.229 - - [04/Feb/2025:15:58:31 +0100] "GET /Filip/zalando/zalando-logo.jpg HTTP/1.1" 200 5121 "-" "-"
77.79.248.229 - - [04/Feb/2025:15:58:31 +0100] "GET /Filip/zalando/zalando-logo.jpg HTTP/1.1" 200 5121 "-" "-"
46.101.116.244 - - [04/Feb/2025:15:59:46 +0100] "GET /Jurek/update_twm_on_mall/feeds/twm_all_cats.xml HTTP/1.1" 200 132598 "-" "-"
164.92.232.189 - - [04/Feb/2025:16:00:01 +0100] "GET /subskrypcje/AMD/feeds/amd_cz.xml HTTP/1.1" 200 518486 "-" "-"
164.92.232.189 - - [04/Feb/2025:16:00:13 +0100] "GET /subskrypcje/AMD/feeds/amd_sk.xml HTTP/1.1" 200 528562 "-" "-"
164.92.232.189 - - [04/Feb/2025:16:00:13 +0100] "GET /subskrypcje/OverHorse/overhorse_mallcz.xml HTTP/1.1" 200 112935 "-" "-"
164.92.232.189 - - [04/Feb/2025:16:00:23 +0100] "GET /subskrypcje/mondex/feeds/mondex_mall_cz.xml HTTP/1.1" 200 2203515 "-" "-"
46.101.116.244 - - [04/Feb/2025:16:00:27 +0100] "GET /Jurek/aw/feeds/aw_fnacfr.xml HTTP/1.0" 404 3551 "-" "-"
85.14.86.141 - - [04/Feb/2025:16:00:38 +0100] "GET /Jurek/vida_morele/feeds/VidaPL_all.xml HTTP/2.0" 200 684589054 "-" "MarketplaceAPI curl/7.64.0 PHP/8"
52.17.80.36 - - [04/Feb/2025:16:00:45 +0100] "GET /marketplaces/ubaldi/results/ubaldi.csv HTTP/1.1" 200 4010876 "-" "Mirakl HttpClient"
46.101.116.244 - - [04/Feb/2025:16:01:03 +0100] "GET /Jurek/vida_morele/feeds/vida_mallczsh.xml HTTP/2.0" 200 697328248 "-" "-"
46.101.116.244 - - [04/Feb/2025:16:01:10 +0100] "GET /Filip/feeds/xlsx_ceneo.xml HTTP/1.0" 200 6241376 "-" "-"
51.77.52.107 - - [04/Feb/2025:16:01:11 +0100] "POST /Filip/Rovicky/baselinker/baselinker-ceneo-shumee.php HTTP/2.0" 200 106776 "-" "BaseLinker/1.0"
52.18.22.0 - - [04/Feb/2025:16:02:22 +0100] "GET /marketplaces/rue/results/rue.csv HTTP/1.1" 200 147219 "-" "Mirakl HttpClient"
178.21.154.6 - - [04/Feb/2025:16:02:48 +0100] "GET /Jurek/eurofirany/images/416438/0.jpg HTTP/1.1" 200 105080 "-" "-"
178.21.154.6 - - [04/Feb/2025:16:02:48 +0100] "GET /Jurek/eurofirany/images/367308/0.jpg HTTP/1.1" 200 119845 "-" "-"
178.21.154.6 - - [04/Feb/2025:16:02:48 +0100] "GET /Jurek/eurofirany/images/362325/0.jpg HTTP/1.1" 200 85775 "-" "-"
178.21.154.6 - - [04/Feb/2025:16:02:48 +0100] "GET /Jurek/eurofirany/images/378976/0.jpg HTTP/1.1" 200 121738 "-" "-"
178.21.154.6 - - [04/Feb/2025:16:02:48 +0100] "GET /Jurek/eurofirany/images/371691/0.jpg HTTP/1.1" 200 93502 "-" "-"
178.21.154.6 - - [04/Feb/2025:16:02:48 +0100] "GET /Jurek/eurofirany/images/438708/0.jpg HTTP/1.1" 200 62650 "-" "-"
178.21.154.6 - - [04/Feb/2025:16:02:48 +0100] "GET /Jurek/eurofirany/images/335310/0.jpg HTTP/1.1" 200 127225 "-" "-"
178.21.154.6 - - [04/Feb/2025:16:02:48 +0100] "GET /Jurek/eurofirany/images/432796/0.jpg HTTP/1.1" 200 112485 "-" "-"
178.21.154.6 - - [04/Feb/2025:16:02:48 +0100] "GET /Jurek/eurofirany/images/422874/0.jpg HTTP/1.1" 200 136431 "-" "-"
85.14.86.141 - - [04/Feb/2025:16:03:07 +0100] "GET /Jurek/kinghoff/feeds/kinghoff_morele.xml HTTP/2.0" 200 14341854 "-" "MarketplaceAPI curl/7.64.0 PHP/8"
46.101.116.244 - - [04/Feb/2025:16:04:12 +0100] "GET /Jurek/beliani/feeds/beliani_erli.xml HTTP/1.0" 200 31930194 "-" "-"
46.101.116.244 - - [04/Feb/2025:16:04:15 +0100] "GET /Jurek/eurofirany/feeds/eurofirany_erli.xml HTTP/1.0" 200 18848773 "-" "-"
51.77.52.107 - - [04/Feb/2025:16:04:22 +0100] "POST /Jurek/chemex/baselinker/erli/baselinker-ceneo-shumee.php HTTP/2.0" 404 3551 "-" "BaseLinker/1.0"
46.101.116.244 - - [04/Feb/2025:16:04:23 +0100] "GET /Jurek/kokiska/feeds/kokiska_erli.xml HTTP/1.0" 200 10741227 "-" "-"
85.14.86.141 - - [04/Feb/2025:16:05:23 +0100] "GET /Jurek/eurofirany/feeds/eurofirany_morele.xml HTTP/2.0" 200 18846443 "-" "MarketplaceAPI curl/7.64.0 PHP/8"
46.101.116.244 - - [04/Feb/2025:16:05:32 +0100] "GET /Jurek/kinghoff/feeds/kinghoff_amazon_de.xml HTTP/1.0" 200 14341249 "-" "-"
85.14.86.141 - - [04/Feb/2025:16:05:33 +0100] "GET /Jurek/vivaldi/feeds/vivaldi_Morele-PL.xml HTTP/2.0" 200 344674 "-" "MarketplaceAPI curl/7.64.0 PHP/8"
46.101.116.244 - - [04/Feb/2025:16:05:33 +0100] "GET /Jurek/aw/feeds/aw_fnacfr.xml HTTP/1.0" 404 3551 "-" "-"
89.161.206.59 - - [04/Feb/2025:16:06:10 +0100] "GET /Jurek/narzbud/feeds/narzbud_skroutz.xml HTTP/1.0" 200 1611722 "-" "-"
89.161.206.59 - - [04/Feb/2025:16:06:10 +0100] "GET /Jurek/drops/feeds/dropsofficecolection_skroutz.xml HTTP/1.0" 200 787918 "-" "-"
89.161.206.59 - - [04/Feb/2025:16:06:10 +0100] "GET /Jurek/szpaklampy/feeds/szpaklampy_skroutz.xml HTTP/1.0" 200 416460 "-" "-"
46.101.116.244 - - [04/Feb/2025:16:06:16 +0100] "GET /Jurek/ikonka/feeds/ikonka_erli.xml HTTP/1.0" 200 22724628 "-" "-"
46.101.116.244 - - [04/Feb/2025:16:06:17 +0100] "GET /Filip/feeds/xlsx_ceneo.xml HTTP/1.0" 200 6241376 "-" "-"
51.77.52.107 - - [04/Feb/2025:16:06:18 +0100] "POST /Filip/Rovicky/baselinker/baselinker-ceneo-shumee.php HTTP/2.0" 200 106776 "-" "BaseLinker/1.0"
89.161.206.59 - - [04/Feb/2025:16:06:24 +0100] "GET /Jurek/spali/feeds/spali_skroutz.xml HTTP/1.0" 200 101943 "-" "-"
89.161.206.59 - - [04/Feb/2025:16:06:25 +0100] "GET /Jurek/combine/feeds/combine_skroutz.xml HTTP/1.0" 200 210557 "-" "-"
85.14.86.141 - - [04/Feb/2025:16:06:53 +0100] "GET /Jurek/aw/feeds/awnarzedzia_morele.xml HTTP/2.0" 200 90453981 "-" "MarketplaceAPI curl/7.64.0 PHP/8"
85.14.86.141 - - [04/Feb/2025:16:07:06 +0100] "GET /Jurek/vida_morele/feeds/VidaPL_morele.xml HTTP/2.0" 200 684590109 "-" "MarketplaceAPI curl/7.64.0 PHP/8"
85.14.86.141 - - [04/Feb/2025:16:07:49 +0100] "GET /Jurek/miloohome/feeds/miloohome_morele.xml HTTP/2.0" 200 1421250 "-" "MarketplaceAPI curl/7.64.0 PHP/8"
85.14.86.141 - - [04/Feb/2025:16:08:05 +0100] "GET /Jurek/beliani/feeds/beliani_morele.xml HTTP/2.0" 200 31928323 "-" "MarketplaceAPI curl/7.64.0 PHP/8"
46.101.116.244 - - [04/Feb/2025:16:10:23 +0100] "GET /Jurek/kinghoff/feeds/kinghoff_empik.xml HTTP/1.0" 200 14341953 "-" "-"
46.101.116.244 - - [04/Feb/2025:16:10:31 +0100] "GET /Jurek/aw/feeds/aw_fnacfr.xml HTTP/1.0" 404 3551 "-" "-"
46.101.116.244 - - [04/Feb/2025:16:10:38 +0100] "GET /Jurek/twm/feeds/twm-allegro.xml HTTP/1.0" 200 1356366 "-" "-"
46.101.116.244 - - [04/Feb/2025:16:11:07 +0100] "GET /Jurek/beliani/feeds/beliani_velomarket.xml HTTP/1.0" 200 31928531 "-" "-"
46.101.116.244 - - [04/Feb/2025:16:11:25 +0100] "GET /Filip/feeds/xlsx_ceneo.xml HTTP/1.0" 200 6241376 "-" "-"
51.77.52.107 - - [04/Feb/2025:16:11:25 +0100] "POST /Filip/Rovicky/baselinker/baselinker-ceneo-shumee.php HTTP/2.0" 200 106776 "-" "BaseLinker/1.0"
89.161.206.59 - - [04/Feb/2025:16:12:19 +0100] "GET /Jurek/oromed/feeds/oromed_amazonnl.xml HTTP/1.0" 200 961224 "-" "-"
185.6.76.18 - - [04/Feb/2025:16:14:23 +0100] "GET /marketplaces/skroutz/feeds/shumee.xml HTTP/1.1" 200 348730077 "-" "SkroutzBot v1.0"
46.101.116.244 - - [04/Feb/2025:16:15:34 +0100] "GET /Jurek/aw/feeds/aw_fnacfr.xml HTTP/1.0" 404 3551 "-" "-"
5.134.208.158 - - [04/Feb/2025:16:16:00 +0100] "GET /Jurek/eurofirany/images/11796/0.jpg HTTP/1.1" 200 133518 "-" "-"
46.101.116.244 - - [04/Feb/2025:16:16:17 +0100] "GET /Filip/feeds/xlsx_ceneo.xml HTTP/1.0" 200 6241376 "-" "-"
51.77.52.107 - - [04/Feb/2025:16:16:17 +0100] "POST /Filip/Rovicky/baselinker/baselinker-ceneo-shumee.php HTTP/2.0" 200 106776 "-" "BaseLinker/1.0"
46.101.116.244 - - [04/Feb/2025:16:16:40 +0100] "GET /Jurek/benbaby/feeds/benbaby_velo.xml HTTP/1.0" 200 3696554 "-" "-"
46.101.116.244 - - [04/Feb/2025:16:16:41 +0100] "GET /Jurek/aw/feeds/awnarzedzia_velomarket.xml HTTP/1.0" 200 8396993 "-" "-"
46.101.116.244 - - [04/Feb/2025:16:18:57 +0100] "GET /Jurek/activeshop/feeds/activeshop_mallhu.xml HTTP/2.0" 200 10399175 "-" "-"
46.101.116.244 - - [04/Feb/2025:16:20:27 +0100] "GET /Jurek/aw/feeds/aw_fnacfr.xml HTTP/1.0" 404 3551 "-" "-"
46.101.116.244 - - [04/Feb/2025:16:21:00 +0100] "GET /Jurek/action/feeds/action_mallhugs.xml HTTP/2.0" 200 55121878 "-" "-"
46.101.116.244 - - [04/Feb/2025:16:21:11 +0100] "GET /Filip/feeds/xlsx_ceneo.xml HTTP/1.0" 200 6241376 "-" "-"
51.77.52.107 - - [04/Feb/2025:16:21:11 +0100] "POST /Filip/Rovicky/baselinker/baselinker-ceneo-shumee.php HTTP/2.0" 200 106776 "-" "BaseLinker/1.0"
46.101.116.244 - - [04/Feb/2025:16:21:22 +0100] "GET /Jurek/b3/feeds/b3_mallhugs.xml HTTP/2.0" 200 7094208 "-" "-"
46.101.116.244 - - [04/Feb/2025:16:21:34 +0100] "GET /Jurek/benbaby/feeds/benbaby_mallhugs.xml HTTP/2.0" 200 3701549 "-" "-"
46.101.116.244 - - [04/Feb/2025:16:21:45 +0100] "GET /Jurek/emibig/feeds/emibig_mallhugs.xml HTTP/2.0" 200 2530932 "-" "-"
46.101.116.244 - - [04/Feb/2025:16:21:58 +0100] "GET /Jurek/hurtownia_przemyslowa/feeds/hp_mallhugs.xml HTTP/2.0" 200 49911494 "-" "-"
46.101.116.244 - - [04/Feb/2025:16:23:08 +0100] "GET /Jurek/kinghoff/feeds/kinghoff_mallhu.xml HTTP/2.0" 200 14347292 "-" "-"
